000
CDUS43 KMPX 112128
CLISTC


CLIMATE REPORT
NATIONAL WEATHER SERVICE CHANHASSEN MN
427 PM CDT SUN SEP 11 2016


...................................

...THE ST CLOUD MN CLIMATE SUMMARY FOR SEPTEMBER 11 2016...
VALID AS OF 0400 PM LOCAL TIME.

CLIMATE NORMAL PERIOD 1981 TO 2010
CLIMATE RECORD PERIOD 1893 TO 2016


WEATHER ITEM   OBSERVED TIME   RECORD YEAR NORMAL DEPARTURE LAST
                VALUE   (LST)  VALUE       VALUE  FROM      YEAR
                                                  NORMAL
..................................................................
TEMPERATURE (F)
 TODAY
  MAXIMUM         80    259 PM  96    2012  72      8       66
                                      1931
  MINIMUM         49   1214 AM  31    1955  49      0       44
  AVERAGE         65                        61      4       55

PRECIPITATION (IN)
  TODAY            0.00          3.35 1980   0.11  -0.11     0.00
  MONTH TO DATE    0.85                      1.41  -0.56     1.39
  SINCE SEP 1      0.85                      1.41  -0.56     1.39
  SINCE JAN 1     25.67                     20.99   4.68    25.00

SNOWFALL (IN)
  TODAY            0.0           0.0    MM   0.0    0.0      0.0
  MONTH TO DATE    0.0                       0.0    0.0      0.0
  SINCE SEP 1      0.0                       0.0    0.0      0.0
  SINCE JUL 1      0.0                       0.0    0.0      0.0
  SNOW DEPTH       0

DEGREE DAYS
 HEATING
  TODAY            0                         6     -6       10
  MONTH TO DATE    7                        49    -42       27
  SINCE SEP 1      7                        49    -42       27
  SINCE JUL 1     29                       107    -78       79

 COOLING
  TODAY            0                         1     -1        0
  MONTH TO DATE   26                        21      5       72
  SINCE SEP 1     26                        21      5       72
  SINCE JAN 1    504                       450     54      458
..................................................................


WIND (MPH)
  HIGHEST WIND SPEED    28   HIGHEST WIND DIRECTION     S (190)
  HIGHEST GUST SPEED    38   HIGHEST GUST DIRECTION     S (200)
  AVERAGE WIND SPEED    11.7


SKY COVER
  POSSIBLE SUNSHINE  MM
  AVERAGE SKY COVER 0.0


WEATHER CONDITIONS
 THE FOLLOWING WEATHER WAS RECORDED TODAY.
  NO SIGNIFICANT WEATHER WAS OBSERVED.


RELATIVE HUMIDITY (PERCENT)
 HIGHEST   100          1200 AM
 LOWEST     42           200 PM
 AVERAGE    71

..........................................................


THE ST CLOUD MN CLIMATE NORMALS FOR TOMORROW
                         NORMAL    RECORD    YEAR
 MAXIMUM TEMPERATURE (F)   72        91      1948
 MINIMUM TEMPERATURE (F)   49        30      1940
                                             1923


SUNRISE AND SUNSET
SEPTEMBER 11 2016.....SUNRISE   650 AM CDT   SUNSET   734 PM CDT
SEPTEMBER 12 2016.....SUNRISE   652 AM CDT   SUNSET   732 PM CDT


-  INDICATES NEGATIVE NUMBERS.
R  INDICATES RECORD WAS SET OR TIED.
MM INDICATES DATA IS MISSING.
T  INDICATES TRACE AMOUNT.




$$
