000
CDUS43 KMPX 070633
CLISTC


CLIMATE REPORT
NATIONAL WEATHER SERVICE CHANHASSEN MN
133 AM CDT SUN MAY 7 2017


...................................

...THE ST CLOUD MN CLIMATE SUMMARY FOR MAY 6 2017...

CLIMATE NORMAL PERIOD 1981 TO 2010
CLIMATE RECORD PERIOD 1893 TO 2017


WEATHER ITEM   OBSERVED TIME   RECORD YEAR NORMAL DEPARTURE LAST
                VALUE   (LST)  VALUE       VALUE  FROM      YEAR
                                                  NORMAL
..................................................................
TEMPERATURE (F)
 YESTERDAY
  MAXIMUM         69    400 PM  89    2016  66      3       89
  MINIMUM         37    453 AM  24    1944  41     -4       56
  AVERAGE         53                        54     -1       73

PRECIPITATION (IN)
  YESTERDAY        0.00          1.88 1936   0.10  -0.10     0.00
  MONTH TO DATE    0.66                      0.58   0.08     0.00
  SINCE MAR 1      4.60                      4.70  -0.10     3.24
  SINCE JAN 1      5.92                      5.94  -0.02     4.18

SNOWFALL (IN)
  YESTERDAY        0.0           T    1906   0.0    0.0      0.0
                                      1950
                                      1954
  MONTH TO DATE    1.0                       0.0    1.0      0.0
  SINCE MAR 1      3.0                      11.5   -8.5      4.6
  SINCE JUL 1     31.9                      45.7  -13.8     30.3
  SNOW DEPTH       0

DEGREE DAYS
 HEATING
  YESTERDAY       12                        12      0        0
  MONTH TO DATE   87                        77     10       59
  SINCE MAR 1   1710                      1798    -88     1481
  SINCE JUL 1   7066                      8244  -1178     6932

 COOLING
  YESTERDAY        0                         0      0        8
  MONTH TO DATE    0                         0      0        8
  SINCE MAR 1      0                         2     -2       13
  SINCE JAN 1      0                         2     -2       13
..................................................................


WIND (MPH)
  HIGHEST WIND SPEED    13   HIGHEST WIND DIRECTION     N (360)
  HIGHEST GUST SPEED    17   HIGHEST GUST DIRECTION     N (340)
  AVERAGE WIND SPEED     5.4


SKY COVER
  POSSIBLE SUNSHINE  MM
  AVERAGE SKY COVER 0.0


WEATHER CONDITIONS
 THE FOLLOWING WEATHER WAS RECORDED YESTERDAY.
  NO SIGNIFICANT WEATHER WAS OBSERVED.


RELATIVE HUMIDITY (PERCENT)
 HIGHEST    92           500 AM
 LOWEST     29           400 PM
 AVERAGE    61

..........................................................


THE ST CLOUD MN CLIMATE NORMALS FOR TODAY
                         NORMAL    RECORD    YEAR
 MAXIMUM TEMPERATURE (F)   66        92      1990
 MINIMUM TEMPERATURE (F)   41        23      1906


SUNRISE AND SUNSET
MAY  7 2017...........SUNRISE   555 AM CDT   SUNSET   831 PM CDT
MAY  8 2017...........SUNRISE   554 AM CDT   SUNSET   832 PM CDT


-  INDICATES NEGATIVE NUMBERS.
R  INDICATES RECORD WAS SET OR TIED.
MM INDICATES DATA IS MISSING.
T  INDICATES TRACE AMOUNT.




$$
