000
CDUS43 KMPX 140819
CLISTC


CLIMATE REPORT
NATIONAL WEATHER SERVICE CHANHASSEN MN
318 AM CDT TUE MAR 14 2017


...................................

...THE ST CLOUD MN CLIMATE SUMMARY FOR MARCH 13 2017...

CLIMATE NORMAL PERIOD 1981 TO 2010
CLIMATE RECORD PERIOD 1893 TO 2017


WEATHER ITEM   OBSERVED TIME   RECORD YEAR NORMAL DEPARTURE LAST
                VALUE   (LST)  VALUE       VALUE  FROM      YEAR
                                                  NORMAL
..................................................................
TEMPERATURE (F)
 YESTERDAY
  MAXIMUM         25    403 PM  64    1911  37    -12       51
  MINIMUM          2   1159 PM -15    1975  19    -17       42
  AVERAGE         14                        28    -14       47

PRECIPITATION (IN)
  YESTERDAY        T             0.65 1978   0.05  -0.05     0.06
  MONTH TO DATE    0.50                      0.53  -0.03     0.16
  SINCE MAR 1      0.50                      0.53  -0.03     0.16
  SINCE JAN 1      1.82                      1.77   0.05     1.10

SNOWFALL (IN)
  YESTERDAY        T            10.0  1917   0.3   -0.3      0.0
  MONTH TO DATE    2.0                       4.3   -2.3      1.2
  SINCE MAR 1      2.0                       4.3   -2.3      1.2
  SINCE JUL 1     30.9                      38.5   -7.6     26.9
  SNOW DEPTH       2

DEGREE DAYS
 HEATING
  YESTERDAY       51                        37     14       18
  MONTH TO DATE  525                       517      8      353
  SINCE MAR 1    525                       517      8      353
  SINCE JUL 1   5881                      6963  -1082     5804

 COOLING
  YESTERDAY        0                         0      0        0
  MONTH TO DATE    0                         0      0        0
  SINCE MAR 1      0                         0      0        0
  SINCE JAN 1      0                         0      0        0
..................................................................


WIND (MPH)
  HIGHEST WIND SPEED    15   HIGHEST WIND DIRECTION     E (70)
  HIGHEST GUST SPEED    20   HIGHEST GUST DIRECTION     E (70)
  AVERAGE WIND SPEED     6.6


SKY COVER
  POSSIBLE SUNSHINE  MM
  AVERAGE SKY COVER 0.4


WEATHER CONDITIONS
 THE FOLLOWING WEATHER WAS RECORDED YESTERDAY.
  LIGHT SNOW
  FOG
  HAZE


RELATIVE HUMIDITY (PERCENT)
 HIGHEST    96           700 AM
 LOWEST     41           600 PM
 AVERAGE    69

..........................................................


THE ST CLOUD MN CLIMATE NORMALS FOR TODAY
                         NORMAL    RECORD    YEAR
 MAXIMUM TEMPERATURE (F)   38        71      2012
 MINIMUM TEMPERATURE (F)   19       -18      1897


SUNRISE AND SUNSET
MARCH 14 2017.........SUNRISE   730 AM CDT   SUNSET   721 PM CDT
MARCH 15 2017.........SUNRISE   728 AM CDT   SUNSET   723 PM CDT


-  INDICATES NEGATIVE NUMBERS.
R  INDICATES RECORD WAS SET OR TIED.
MM INDICATES DATA IS MISSING.
T  INDICATES TRACE AMOUNT.




$$
