000
CDUS43 KMPX 302220
CLISTC


CLIMATE REPORT
NATIONAL WEATHER SERVICE CHANHASSEN MN
419 PM CST THU NOV 30 2017


...................................

...THE ST CLOUD MN CLIMATE SUMMARY FOR NOVEMBER 30 2017...
VALID TODAY AS OF 0400 PM LOCAL TIME.

CLIMATE NORMAL PERIOD 1981 TO 2010
CLIMATE RECORD PERIOD 1893 TO 2017


WEATHER ITEM   OBSERVED TIME   RECORD YEAR NORMAL DEPARTURE LAST
                VALUE   (LST)  VALUE       VALUE  FROM      YEAR
                                                  NORMAL
..................................................................
TEMPERATURE (F)
 TODAY
  MAXIMUM         45    251 PM  57    1922  30     15       38
  MINIMUM         33    801 AM -23    1905  14     19       33
  AVERAGE         39                        22     17       36

PRECIPITATION (IN)
  TODAY            0.00          0.37 2015   0.04  -0.04     0.02
  MONTH TO DATE    0.82                      1.38  -0.56     1.69
  SINCE SEP 1      8.83                      7.33   1.50     7.45
  SINCE JAN 1     29.76                     26.91   2.85    32.27

SNOWFALL (IN)
  TODAY            0.0           5.7  1985   0.4   -0.4       T
  MONTH TO DATE    5.7                       8.4   -2.7      7.3
  SINCE SEP 1      7.1                       9.2   -2.1      7.3
  SINCE JUL 1      7.1                       9.2   -2.1      7.3
  SNOW DEPTH       0

DEGREE DAYS
 HEATING
  TODAY           26                        43    -17       29
  MONTH TO DATE 1041                      1040      1      742
  SINCE SEP 1   1723                      1867   -144     1352
  SINCE JUL 1   1763                      1925   -162     1374

 COOLING
  TODAY            0                         0      0        0
  MONTH TO DATE    0                         0      0        0
  SINCE SEP 1     71                        36     35       28
  SINCE JAN 1    361                       465   -104      506
..................................................................


WIND (MPH)
  HIGHEST WIND SPEED    31   HIGHEST WIND DIRECTION     W (290)
  HIGHEST GUST SPEED    43   HIGHEST GUST DIRECTION    NW (300)
  AVERAGE WIND SPEED    16.8


SKY COVER
  POSSIBLE SUNSHINE  MM
  AVERAGE SKY COVER 0.2


WEATHER CONDITIONS
 THE FOLLOWING WEATHER WAS RECORDED TODAY.
  NO SIGNIFICANT WEATHER WAS OBSERVED.


RELATIVE HUMIDITY (PERCENT)
 HIGHEST    82           700 AM
 LOWEST     49           300 PM
 AVERAGE    66

..........................................................


THE ST CLOUD MN CLIMATE NORMALS FOR TOMORROW
                         NORMAL    RECORD    YEAR
 MAXIMUM TEMPERATURE (F)   30        61      1998
 MINIMUM TEMPERATURE (F)   13       -19      1919


SUNRISE AND SUNSET
NOVEMBER 30 2017......SUNRISE   735 AM CST   SUNSET   435 PM CST
DECEMBER  1 2017......SUNRISE   736 AM CST   SUNSET   434 PM CST


-  INDICATES NEGATIVE NUMBERS.
R  INDICATES RECORD WAS SET OR TIED.
MM INDICATES DATA IS MISSING.
T  INDICATES TRACE AMOUNT.




$$
