000
CDUS43 KMPX 140029
CLISTC


CLIMATE REPORT
NATIONAL WEATHER SERVICE CHANHASSEN MN
628 PM CST SAT DEC 13 2014


...................................

...THE ST CLOUD MN CLIMATE SUMMARY FOR DECEMBER 13 2014...
VALID TODAY AS OF 0600 PM LOCAL TIME.

CLIMATE NORMAL PERIOD 1981 TO 2010
CLIMATE RECORD PERIOD 1893 TO 2014


WEATHER ITEM   OBSERVED TIME   RECORD YEAR NORMAL DEPARTURE LAST
                VALUE   (LST)  VALUE       VALUE  FROM      YEAR
                                                  NORMAL
..................................................................
TEMPERATURE (F)
 TODAY
  MAXIMUM         43    559 PM  52    1913  25     18       15
  MINIMUM         36    659 AM -25    1985   8     28        5
                                      1917
  AVERAGE         40                        16     24       10

PRECIPITATION (IN)
  TODAY            0.00          0.35 1992   0.02  -0.02     0.03
  MONTH TO DATE    0.06                      0.37  -0.31     1.05
  SINCE DEC 1      0.06                      0.37  -0.31     1.05
  SINCE JAN 1     36.03                     27.28   8.75    28.12

SNOWFALL (IN)
  TODAY            0.0           4.1  1995   0.3   -0.3      0.3
  MONTH TO DATE    0.2                       4.1   -3.9      9.3
  SINCE DEC 1      0.2                       4.1   -3.9      9.3
  SINCE JUL 1     17.8                      13.3    4.5     12.9
  SNOW DEPTH       1

DEGREE DAYS
 HEATING
  TODAY           25                        49    -24       55
  MONTH TO DATE  541                       602    -61      753
  SINCE DEC 1    541                       602    -61      753
  SINCE JUL 1   2473                      2527    -54     2626

 COOLING
  TODAY            0                         0      0        0
  MONTH TO DATE    0                         0      0        0
  SINCE DEC 1      0                         0      0        0
  SINCE JAN 1    597                       465    132      578
..................................................................


WIND (MPH)
  HIGHEST WIND SPEED    12   HIGHEST WIND DIRECTION     S (170)
  HIGHEST GUST SPEED    14   HIGHEST GUST DIRECTION     S (170)
  AVERAGE WIND SPEED     6.4


SKY COVER
  POSSIBLE SUNSHINE  MM
  AVERAGE SKY COVER 1.0


WEATHER CONDITIONS
 THE FOLLOWING WEATHER WAS RECORDED TODAY.
  FOG
  FOG W/VISIBILITY <= 1/4 MILE


RELATIVE HUMIDITY (PERCENT)
 HIGHEST   100           700 AM
 LOWEST     86          1200 PM
 AVERAGE    93

..........................................................


THE ST CLOUD MN CLIMATE NORMALS FOR TOMORROW
                         NORMAL    RECORD    YEAR
 MAXIMUM TEMPERATURE (F)   25        53      1998
 MINIMUM TEMPERATURE (F)    7       -32      1901


SUNRISE AND SUNSET
DECEMBER 13 2014......SUNRISE   748 AM CST   SUNSET   433 PM CST
DECEMBER 14 2014......SUNRISE   749 AM CST   SUNSET   433 PM CST


-  INDICATES NEGATIVE NUMBERS.
R  INDICATES RECORD WAS SET OR TIED.
MM INDICATES DATA IS MISSING.
T  INDICATES TRACE AMOUNT.




$$
