000
CDUS43 KMPX 082125
CLISTC


CLIMATE REPORT
NATIONAL WEATHER SERVICE CHANHASSEN MN
425 PM CDT THU JUN 8 2017


...................................

...THE ST CLOUD MN CLIMATE SUMMARY FOR JUNE 8 2017...
VALID TODAY AS OF 0400 PM LOCAL TIME.

CLIMATE NORMAL PERIOD 1981 TO 2010
CLIMATE RECORD PERIOD 1893 TO 2017


WEATHER ITEM   OBSERVED TIME   RECORD YEAR NORMAL DEPARTURE LAST
                VALUE   (LST)  VALUE       VALUE  FROM      YEAR
                                                  NORMAL
..................................................................
TEMPERATURE (F)
 TODAY
  MAXIMUM         82    217 PM  98    1985  75      7       77
  MINIMUM         56    443 AM  34    1901  51      5       46
  AVERAGE         69                        63      6       62

PRECIPITATION (IN)
  TODAY            0.00          1.30 1927   0.13  -0.13     0.07
  MONTH TO DATE    0.10                      1.01  -0.91     0.52
  SINCE JUN 1      0.10                      1.01  -0.91     0.52
  SINCE JAN 1      9.80                      9.32   0.48     6.87

SNOWFALL (IN)
  TODAY            0.0           0.0    MM   0.0    0.0      0.0
  MONTH TO DATE    0.0                       0.0    0.0      0.0
  SINCE JUN 1      0.0                       0.0    0.0      0.0
  SINCE JUL 1     31.9                      45.7  -13.8     30.3
  SNOW DEPTH       0

DEGREE DAYS
 HEATING
  TODAY            0                         4     -4        3
  MONTH TO DATE    6                        36    -30       30
  SINCE JUN 1      6                        36    -30       30
  SINCE JUL 1   7292                      8490  -1198     7167

 COOLING
  TODAY            4                         2      2        0
  MONTH TO DATE   26                        15     11        2
  SINCE JUN 1     26                        15     11        2
  SINCE JAN 1     29                        40    -11       33
..................................................................


WIND (MPH)
  HIGHEST WIND SPEED    14   HIGHEST WIND DIRECTION     N (340)
  HIGHEST GUST SPEED    19   HIGHEST GUST DIRECTION     N (340)
  AVERAGE WIND SPEED     5.8


SKY COVER
  POSSIBLE SUNSHINE  MM
  AVERAGE SKY COVER 0.3


WEATHER CONDITIONS
 THE FOLLOWING WEATHER WAS RECORDED TODAY.
  FOG


RELATIVE HUMIDITY (PERCENT)
 HIGHEST   100           100 AM
 LOWEST     39           300 PM
 AVERAGE    70

..........................................................


THE ST CLOUD MN CLIMATE NORMALS FOR TOMORROW
                         NORMAL    RECORD    YEAR
 MAXIMUM TEMPERATURE (F)   76        94      2000
                                             1976
                                             1973
 MINIMUM TEMPERATURE (F)   52        35      1988
                                             1901


SUNRISE AND SUNSET
JUNE  8 2017..........SUNRISE   528 AM CDT   SUNSET   903 PM CDT
JUNE  9 2017..........SUNRISE   527 AM CDT   SUNSET   904 PM CDT


-  INDICATES NEGATIVE NUMBERS.
R  INDICATES RECORD WAS SET OR TIED.
MM INDICATES DATA IS MISSING.
T  INDICATES TRACE AMOUNT.




$$
