000
CDUS43 KMPX 260626
CLISTC


CLIMATE REPORT
NATIONAL WEATHER SERVICE CHANHASSEN MN
125 AM CDT FRI AUG 26 2016


...................................

...THE ST CLOUD MN CLIMATE SUMMARY FOR AUGUST 25 2016...

CLIMATE NORMAL PERIOD 1981 TO 2010
CLIMATE RECORD PERIOD 1893 TO 2016


WEATHER ITEM   OBSERVED TIME   RECORD YEAR NORMAL DEPARTURE LAST
                VALUE   (LST)  VALUE       VALUE  FROM      YEAR
                                                  NORMAL
..................................................................
TEMPERATURE (F)
 YESTERDAY
  MAXIMUM         71    212 PM  94    2013  78     -7       73
  MINIMUM         53    519 AM  40    1945  55     -2       47
  AVERAGE         62                        66     -4       60

PRECIPITATION (IN)
  YESTERDAY        0.00          3.42 1967   0.13  -0.13     0.00
  MONTH TO DATE    4.17                      2.98   1.19     3.10
  SINCE JUN 1     14.28                     10.46   3.82    14.94
  SINCE JAN 1     20.63                     18.77   1.86    23.61

SNOWFALL (IN)
  YESTERDAY        0.0           0.0    MM   0.0    0.0      0.0
  MONTH TO DATE    0.0                       0.0    0.0      0.0
  SINCE JUN 1      0.0                       0.0    0.0      0.0
  SINCE JUL 1      0.0                       0.0    0.0      0.0
  SNOW DEPTH       0

DEGREE DAYS
 HEATING
  YESTERDAY        3                         2      1        5
  MONTH TO DATE    8                        28    -20       31
  SINCE JUN 1     48                       123    -75       71
  SINCE JUL 1     15                        45    -30       43

 COOLING
  YESTERDAY        0                         3     -3        0
  MONTH TO DATE  138                       109     29       95
  SINCE JUN 1    428                       386     42      364
  SINCE JAN 1    459                       411     48      369
..................................................................


WIND (MPH)
  HIGHEST WIND SPEED    20   HIGHEST WIND DIRECTION     W (270)
  HIGHEST GUST SPEED    26   HIGHEST GUST DIRECTION     W (260)
  AVERAGE WIND SPEED     8.8


SKY COVER
  POSSIBLE SUNSHINE  MM
  AVERAGE SKY COVER 0.4


WEATHER CONDITIONS
 THE FOLLOWING WEATHER WAS RECORDED YESTERDAY.
  FOG


RELATIVE HUMIDITY (PERCENT)
 HIGHEST   100           100 AM
 LOWEST     57           100 PM
 AVERAGE    79

..........................................................


THE ST CLOUD MN CLIMATE NORMALS FOR TODAY
                         NORMAL    RECORD    YEAR
 MAXIMUM TEMPERATURE (F)   78        95      2013
 MINIMUM TEMPERATURE (F)   54        40      1986
                                             1915


SUNRISE AND SUNSET
AUGUST 26 2016........SUNRISE   631 AM CDT   SUNSET   804 PM CDT
AUGUST 27 2016........SUNRISE   632 AM CDT   SUNSET   802 PM CDT


-  INDICATES NEGATIVE NUMBERS.
R  INDICATES RECORD WAS SET OR TIED.
MM INDICATES DATA IS MISSING.
T  INDICATES TRACE AMOUNT.




$$
