000
CDUS43 KMPX 220725
CLISTC


CLIMATE REPORT
NATIONAL WEATHER SERVICE CHANHASSEN MN
224 AM CDT SAT APR 22 2017


...................................

...THE ST CLOUD MN CLIMATE SUMMARY FOR APRIL 21 2017...

CLIMATE NORMAL PERIOD 1981 TO 2010
CLIMATE RECORD PERIOD 1893 TO 2017


WEATHER ITEM   OBSERVED TIME   RECORD YEAR NORMAL DEPARTURE LAST
                VALUE   (LST)  VALUE       VALUE  FROM      YEAR
                                                  NORMAL
..................................................................
TEMPERATURE (F)
 YESTERDAY
  MAXIMUM         63    455 PM  96    1980  60      3       69
  MINIMUM         30    507 AM  21    1950  35     -5       48
                                      1936
  AVERAGE         47                        47      0       59

PRECIPITATION (IN)
  YESTERDAY        0.00          0.81 1925   0.09  -0.09     0.03
  MONTH TO DATE    2.08                      1.67   0.41     0.40
  SINCE MAR 1      2.75                      3.22  -0.47     1.90
  SINCE JAN 1      4.07                      4.46  -0.39     2.84

SNOWFALL (IN)
  YESTERDAY        0.0           5.0  2002   0.1   -0.1      0.0
  MONTH TO DATE    0.0                       2.5   -2.5      1.6
  SINCE MAR 1      2.0                      11.0   -9.0      4.6
  SINCE JUL 1     30.9                      45.2  -14.3     30.3
  SNOW DEPTH       0

DEGREE DAYS
 HEATING
  YESTERDAY       18                        18      0        6
  MONTH TO DATE  373                       478   -105      438
  SINCE MAR 1   1433                      1582   -149     1255
  SINCE JUL 1   6789                      8028  -1239     6706

 COOLING
  YESTERDAY        0                         0      0        0
  MONTH TO DATE    0                         0      0        5
  SINCE MAR 1      0                         0      0        5
  SINCE JAN 1      0                         0      0        5
..................................................................


WIND (MPH)
  HIGHEST WIND SPEED    13   HIGHEST WIND DIRECTION    NW (320)
  HIGHEST GUST SPEED    17   HIGHEST GUST DIRECTION    NW (320)
  AVERAGE WIND SPEED     3.0


SKY COVER
  POSSIBLE SUNSHINE  MM
  AVERAGE SKY COVER 0.0


WEATHER CONDITIONS
 THE FOLLOWING WEATHER WAS RECORDED YESTERDAY.
  FOG


RELATIVE HUMIDITY (PERCENT)
 HIGHEST   100           100 AM
 LOWEST     32           300 PM
 AVERAGE    66

..........................................................


THE ST CLOUD MN CLIMATE NORMALS FOR TODAY
                         NORMAL    RECORD    YEAR
 MAXIMUM TEMPERATURE (F)   60        86      1913
 MINIMUM TEMPERATURE (F)   36        23      1986
                                             1967
                                             1909


SUNRISE AND SUNSET
APRIL 22 2017.........SUNRISE   618 AM CDT   SUNSET   812 PM CDT
APRIL 23 2017.........SUNRISE   617 AM CDT   SUNSET   813 PM CDT


-  INDICATES NEGATIVE NUMBERS.
R  INDICATES RECORD WAS SET OR TIED.
MM INDICATES DATA IS MISSING.
T  INDICATES TRACE AMOUNT.




$$
