000
CDUS43 KMPX 300735
CLISTC


CLIMATE REPORT
NATIONAL WEATHER SERVICE CHANHASSEN MN
134 AM CST FRI JAN 30 2015


...................................

...THE ST CLOUD MN CLIMATE SUMMARY FOR JANUARY 29 2015...

CLIMATE NORMAL PERIOD 1981 TO 2010
CLIMATE RECORD PERIOD 1893 TO 2015


WEATHER ITEM   OBSERVED TIME   RECORD YEAR NORMAL DEPARTURE LAST
                VALUE   (LST)  VALUE       VALUE  FROM      YEAR
                                                  NORMAL
..................................................................
TEMPERATURE (F)
 YESTERDAY
  MAXIMUM         33    311 AM  50    1931  22     11       30
  MINIMUM         10   1155 PM -35    1951   2      8      -12
  AVERAGE         22                        12     10        9

PRECIPITATION (IN)
  YESTERDAY        T             0.83 1909   0.01  -0.01     0.00
  MONTH TO DATE    0.24                      0.61  -0.37     1.14
  SINCE DEC 1      0.99                      1.43  -0.44     2.91
  SINCE JAN 1      0.24                      0.61  -0.37     1.14

SNOWFALL (IN)
  YESTERDAY        T             6.0  1967   0.2   -0.2      0.0
                                      1916
  MONTH TO DATE    2.5                       8.1   -5.6     15.4
  SINCE DEC 1      5.0                      17.5  -12.5     35.8
  SINCE JUL 1     22.6                      26.7   -4.1     39.4
  SNOW DEPTH       T

DEGREE DAYS
 HEATING
  YESTERDAY       43                        53    -10       56
  MONTH TO DATE 1405                      1552   -147     1735
  SINCE DEC 1   2667                      3074   -407     3550
  SINCE JUL 1   4599                      4999   -400     5423

 COOLING
  YESTERDAY        0                         0      0        0
  MONTH TO DATE    0                         0      0        0
  SINCE DEC 1      0                         0      0        0
  SINCE JAN 1      0                         0      0        0
..................................................................


WIND (MPH)
  HIGHEST WIND SPEED    28   HIGHEST WIND DIRECTION    NW (330)
  HIGHEST GUST SPEED    36   HIGHEST GUST DIRECTION    NW (330)
  AVERAGE WIND SPEED    14.5


SKY COVER
  POSSIBLE SUNSHINE  MM
  AVERAGE SKY COVER 0.6


WEATHER CONDITIONS
 THE FOLLOWING WEATHER WAS RECORDED YESTERDAY.
  LIGHT SNOW
  FOG


RELATIVE HUMIDITY (PERCENT)
 HIGHEST   100           100 AM
 LOWEST     56           600 PM
 AVERAGE    78

..........................................................


THE ST CLOUD MN CLIMATE NORMALS FOR TODAY
                         NORMAL    RECORD    YEAR
 MAXIMUM TEMPERATURE (F)   23        44      1931
 MINIMUM TEMPERATURE (F)    2       -40      1951


SUNRISE AND SUNSET
JANUARY 30 2015.......SUNRISE   740 AM CST   SUNSET   520 PM CST
JANUARY 31 2015.......SUNRISE   739 AM CST   SUNSET   521 PM CST


-  INDICATES NEGATIVE NUMBERS.
R  INDICATES RECORD WAS SET OR TIED.
MM INDICATES DATA IS MISSING.
T  INDICATES TRACE AMOUNT.




$$
