079
CDUS43 KMPX 120628
CLISTC


CLIMATE REPORT
NATIONAL WEATHER SERVICE CHANHASSEN MN
1227 AM CST FRI FEB 12 2016


...................................

...THE ST CLOUD MN CLIMATE SUMMARY FOR FEBRUARY 11 2016...

CLIMATE NORMAL PERIOD 1981 TO 2010
CLIMATE RECORD PERIOD 1893 TO 2016


WEATHER ITEM   OBSERVED TIME   RECORD YEAR NORMAL DEPARTURE LAST
                VALUE   (LST)  VALUE       VALUE  FROM      YEAR
                                                  NORMAL
..................................................................
TEMPERATURE (F)
 YESTERDAY
  MAXIMUM         15    433 PM  48    1987  26    -11       28
                                      1918
  MINIMUM         -5    745 AM -35    1899   6    -11       -2
  AVERAGE          5                        16    -11       13

PRECIPITATION (IN)
  YESTERDAY        0.03          0.22 1979   0.02   0.01      T
  MONTH TO DATE    0.26                      0.19   0.07     0.26
  SINCE DEC 1      1.59                      1.66  -0.07     1.25
  SINCE JAN 1      0.57                      0.84  -0.27     0.50

SNOWFALL (IN)
  YESTERDAY        2.2           3.0  1903   0.2    2.0       T
  MONTH TO DATE    6.5                       2.5    4.0      2.7
  SINCE DEC 1     19.3                      20.5   -1.2      7.7
  SINCE JUL 1     25.0                      29.7   -4.7     25.3
  SNOW DEPTH       3

DEGREE DAYS
 HEATING
  YESTERDAY       60                        49     11       52
  MONTH TO DATE  534                       559    -25      546
  SINCE DEC 1   3297                      3736   -439     3303
  SINCE JUL 1   4756                      5661   -905     5235

 COOLING
  YESTERDAY        0                         0      0        0
  MONTH TO DATE    0                         0      0        0
  SINCE DEC 1      0                         0      0        0
  SINCE JAN 1      0                         0      0        0
..................................................................


WIND (MPH)
  HIGHEST WIND SPEED    10   HIGHEST WIND DIRECTION     W (290)
  HIGHEST GUST SPEED    13   HIGHEST GUST DIRECTION    SW (220)
  AVERAGE WIND SPEED     3.9


SKY COVER
  POSSIBLE SUNSHINE  MM
  AVERAGE SKY COVER 0.7


WEATHER CONDITIONS
 THE FOLLOWING WEATHER WAS RECORDED YESTERDAY.
  LIGHT SNOW
  FOG
  HAZE


RELATIVE HUMIDITY (PERCENT)
 HIGHEST    92           700 PM
 LOWEST     58          1200 PM
 AVERAGE    75

..........................................................


THE ST CLOUD MN CLIMATE NORMALS FOR TODAY
                         NORMAL    RECORD    YEAR
 MAXIMUM TEMPERATURE (F)   26        52      1990
 MINIMUM TEMPERATURE (F)    6       -27      1988


SUNRISE AND SUNSET
FEBRUARY 12 2016......SUNRISE   723 AM CST   SUNSET   538 PM CST
FEBRUARY 13 2016......SUNRISE   722 AM CST   SUNSET   540 PM CST


-  INDICATES NEGATIVE NUMBERS.
R  INDICATES RECORD WAS SET OR TIED.
MM INDICATES DATA IS MISSING.
T  INDICATES TRACE AMOUNT.




$$
