000
CDUS43 KMPX 062223
CLISTC


CLIMATE REPORT
NATIONAL WEATHER SERVICE CHANHASSEN MN
423 PM CST TUE DEC 6 2016


...................................

...THE ST CLOUD MN CLIMATE SUMMARY FOR DECEMBER 6 2016...
VALID AS OF 0400 PM LOCAL TIME.

CLIMATE NORMAL PERIOD 1981 TO 2010
CLIMATE RECORD PERIOD 1893 TO 2016


WEATHER ITEM   OBSERVED TIME   RECORD YEAR NORMAL DEPARTURE LAST
                VALUE   (LST)  VALUE       VALUE  FROM      YEAR
                                                  NORMAL
..................................................................
TEMPERATURE (F)
 TODAY
  MAXIMUM         34   1208 AM  63    1939  28      6       35
  MINIMUM         19   1001 AM -27    1972  11      8       28
  AVERAGE         27                        19      8       32

PRECIPITATION (IN)
  TODAY            T             0.49 1935   0.03  -0.03     0.00
  MONTH TO DATE    0.11                      0.18  -0.07     0.23
  SINCE DEC 1      0.11                      0.18  -0.07     0.23
  SINCE JAN 1     32.38                     27.09   5.29    32.32

SNOWFALL (IN)
  TODAY            T             4.3  1969   0.3   -0.3      0.0
  MONTH TO DATE    0.8                       1.9   -1.1      2.0
  SINCE DEC 1      0.8                       1.9   -1.1      2.0
  SINCE JUL 1      8.1                      11.1   -3.0      7.7
  SNOW DEPTH       T

DEGREE DAYS
 HEATING
  TODAY           38                        46     -8       33
  MONTH TO DATE  209                       269    -60      213
  SINCE DEC 1    209                       269    -60      213
  SINCE JUL 1   1583                      2194   -611     1672

 COOLING
  TODAY            0                         0      0        0
  MONTH TO DATE    0                         0      0        0
  SINCE DEC 1      0                         0      0        0
  SINCE JAN 1    506                       465     41      492
..................................................................


WIND (MPH)
  HIGHEST WIND SPEED    30   HIGHEST WIND DIRECTION     W (250)
  HIGHEST GUST SPEED    38   HIGHEST GUST DIRECTION     W (260)
  AVERAGE WIND SPEED    19.7


SKY COVER
  POSSIBLE SUNSHINE  MM
  AVERAGE SKY COVER 1.0


WEATHER CONDITIONS
 THE FOLLOWING WEATHER WAS RECORDED TODAY.
  LIGHT SNOW


RELATIVE HUMIDITY (PERCENT)
 HIGHEST    85           200 AM
 LOWEST     67           900 AM
 AVERAGE    76

..........................................................


THE ST CLOUD MN CLIMATE NORMALS FOR TOMORROW
                         NORMAL    RECORD    YEAR
 MAXIMUM TEMPERATURE (F)   27        53      1939
 MINIMUM TEMPERATURE (F)   10       -22      1936


SUNRISE AND SUNSET
DECEMBER  6 2016......SUNRISE   742 AM CST   SUNSET   433 PM CST
DECEMBER  7 2016......SUNRISE   743 AM CST   SUNSET   433 PM CST


-  INDICATES NEGATIVE NUMBERS.
R  INDICATES RECORD WAS SET OR TIED.
MM INDICATES DATA IS MISSING.
T  INDICATES TRACE AMOUNT.




$$
