000
CDUS43 KMPX 230653
CLISTC


CLIMATE REPORT
NATIONAL WEATHER SERVICE CHANHASSEN MN
1253 AM CST THU FEB 23 2017


...................................

...THE ST CLOUD MN CLIMATE SUMMARY FOR FEBRUARY 22 2017...

CLIMATE NORMAL PERIOD 1981 TO 2010
CLIMATE RECORD PERIOD 1893 TO 2017


WEATHER ITEM   OBSERVED TIME   RECORD YEAR NORMAL DEPARTURE LAST
                VALUE   (LST)  VALUE       VALUE  FROM      YEAR
                                                  NORMAL
..................................................................
TEMPERATURE (F)
 YESTERDAY
  MAXIMUM         55R   344 PM  55    1961  29     26       33
  MINIMUM         32    304 AM -19    1972  10     22       20
  AVERAGE         44                        20     24       27

PRECIPITATION (IN)
  YESTERDAY        T             0.67 1979   0.03  -0.03     0.00
  MONTH TO DATE    0.64                      0.42   0.22     0.62
  SINCE DEC 1      2.73                      1.89   0.84     1.95
  SINCE JAN 1      1.18                      1.07   0.11     0.93

SNOWFALL (IN)
  YESTERDAY        T             4.2  1913   0.3   -0.3      0.0
  MONTH TO DATE    0.3                       5.3   -5.0      7.0
  SINCE DEC 1     19.1                      23.3   -4.2     19.8
  SINCE JUL 1     26.4                      32.5   -6.1     25.5
  SNOW DEPTH       0

DEGREE DAYS
 HEATING
  YESTERDAY       21                        45    -24       38
  MONTH TO DATE  819                      1079   -260     1002
  SINCE DEC 1   3761                      4256   -495     3765
  SINCE JUL 1   5135                      6181  -1046     5224

 COOLING
  YESTERDAY        0                         0      0        0
  MONTH TO DATE    0                         0      0        0
  SINCE DEC 1      0                         0      0        0
  SINCE JAN 1      0                         0      0        0
..................................................................


WIND (MPH)
  HIGHEST WIND SPEED    20   HIGHEST WIND DIRECTION     N (350)
  HIGHEST GUST SPEED    26   HIGHEST GUST DIRECTION     N (340)
  AVERAGE WIND SPEED     6.7


SKY COVER
  POSSIBLE SUNSHINE  MM
  AVERAGE SKY COVER 0.6


WEATHER CONDITIONS
 THE FOLLOWING WEATHER WAS RECORDED YESTERDAY.
  LIGHT RAIN
  FOG
  FOG W/VISIBILITY <= 1/4 MILE


RELATIVE HUMIDITY (PERCENT)
 HIGHEST   100          1200 AM
 LOWEST     64           300 PM
 AVERAGE    82

..........................................................


THE ST CLOUD MN CLIMATE NORMALS FOR TODAY
                         NORMAL    RECORD    YEAR
 MAXIMUM TEMPERATURE (F)   30        54      1998
                                             1958
 MINIMUM TEMPERATURE (F)   11       -25      1910


SUNRISE AND SUNSET
FEBRUARY 23 2017......SUNRISE   705 AM CST   SUNSET   555 PM CST
FEBRUARY 24 2017......SUNRISE   703 AM CST   SUNSET   557 PM CST


-  INDICATES NEGATIVE NUMBERS.
R  INDICATES RECORD WAS SET OR TIED.
MM INDICATES DATA IS MISSING.
T  INDICATES TRACE AMOUNT.




$$
