745
CXUS53 KMPX 010752
CLMSTC


CLIMATE REPORT
NATIONAL WEATHER SERVICE CHANHASSEN MN
251 AM CDT THU JUN 1 2017

...................................

...THE ST CLOUD MN CLIMATE SUMMARY FOR THE MONTH OF MAY 2017...

CLIMATE NORMAL PERIOD 1981 TO 2010
CLIMATE RECORD PERIOD 1893 TO 2017

WEATHER         OBSERVED          NORMAL  DEPART  LAST YEAR`S
                 VALUE   DATE(S)  VALUE   FROM    VALUE  DATE(S)
                                          NORMAL
................................................................
TEMPERATURE (F)
RECORD
 HIGH             105   05/31/1934
 LOW               18   05/03/1907
HIGHEST            81   05/14        79       2       89  05/06
LOWEST             32   05/01        35      -3       28  05/15
AVG. MAXIMUM     66.1              68.8    -2.7     69.9
AVG. MINIMUM     43.7              44.2    -0.5     44.4
MEAN             54.9              56.5    -1.6     57.1
DAYS MAX >= 90      0               0.4    -0.4        0
DAYS MAX <= 32      0               0.0     0.0        0
DAYS MIN <= 32      1               2.4    -1.4        3
DAYS MIN <= 0       0               0.0     0.0        0

PRECIPITATION (INCHES)
RECORD
 MAXIMUM         9.68   1912
 MINIMUM         0.20   1900
TOTALS           4.44              2.95    1.49     2.17
DAILY AVG.       0.14              0.10    0.04     0.07
DAYS >= .01        12              10.9     1.1       10
DAYS >= .10         8               6.5     1.5        8
DAYS >= .50         3               2.1     0.9        1
DAYS >= 1.00        1               0.5     0.5        0
GREATEST
 24 HR. TOTAL    1.37   05/20 TO 05/20

SNOWFALL (INCHES)
RECORDS
 TOTAL            3.3   5
TOTALS            1.0                 T     1.0      0.0
SINCE 7/1        31.9              45.7   -13.8     30.3
SNOWDEPTH AVG.      0                MM      MM        0
DAYS >= 1.0         1               0.0     1.0        0
GREATEST
 SNOW DEPTH         1R  05/01                          0  MM
 24 HR TOTAL      1.0   05/01 TO 05/01

DEGREE_DAYS
HEATING TOTAL     307               287      20      264
 SINCE 7/1       7286              8454   -1168     7137
COOLING TOTAL       3                23     -20       26
 SINCE 1/1          3                25     -22       31
.................................................................

WIND (MPH)
AVERAGE WIND SPEED              8.1
HIGHEST WIND SPEED/DIRECTION    36/300    DATE  05/28
HIGHEST GUST SPEED/DIRECTION    47/290    DATE  05/28

SKY COVER
POSSIBLE SUNSHINE (PERCENT)   MM
AVERAGE SKY COVER           0.50
NUMBER OF DAYS FAIR           14
NUMBER OF DAYS PC              9
NUMBER OF DAYS CLOUDY          8

AVERAGE RH (PERCENT)     70

WEATHER CONDITIONS. NUMBER OF DAYS WITH
THUNDERSTORM              0     MIXED PRECIP               0
HEAVY RAIN                5     RAIN                       8
LIGHT RAIN               11     FREEZING RAIN              0
LT FREEZING RAIN          0     HAIL                       0
HEAVY SNOW                0     SNOW                       1
LIGHT SNOW                1     SLEET                      0
FOG                      12     FOG W/VIS <= 1/4 MILE      0
HAZE                      0

-  INDICATES NEGATIVE NUMBERS.
R  INDICATES RECORD WAS SET OR TIED.
MM INDICATES DATA IS MISSING.
T  INDICATES TRACE AMOUNT.

$$
