961
CXUS53 KMPX 011040
CLMSTC


CLIMATE REPORT
NATIONAL WEATHER SERVICE CHANHASSEN MN
440 AM CST FRI DEC 1 2017

...................................

...THE ST CLOUD MN CLIMATE SUMMARY FOR THE MONTH OF NOVEMBER 2017...

CLIMATE NORMAL PERIOD 1981 TO 2010
CLIMATE RECORD PERIOD 1893 TO 2017

WEATHER         OBSERVED          NORMAL  DEPART  LAST YEAR`S
                 VALUE   DATE(S)  VALUE   FROM    VALUE  DATE(S)
                                          NORMAL
................................................................
TEMPERATURE (F)
RECORD
 HIGH              75   11/08/1999
 LOW              -23   11/30/1905
HIGHEST            58   11/27        52       6       72  11/05
LOWEST              5   11/10        12      -7       14  11/19
AVG. MAXIMUM     38.7              39.0    -0.3     49.5
AVG. MINIMUM     21.2              21.7    -0.5     30.6
MEAN             30.0              30.4    -0.4     40.0
DAYS MAX >= 90      0               0.0     0.0        0
DAYS MAX <= 32      7               9.0    -2.0        3
DAYS MIN <= 32     28              25.5     2.5       19
DAYS MIN <= 0       0               1.6    -1.6        0

PRECIPITATION (INCHES)
RECORD
 MAXIMUM         4.16   1922
 MINIMUM         0.00   1916
                        1939
TOTALS           0.82              1.38   -0.56     1.69
DAILY AVG.       0.03              0.05   -0.02     0.06
DAYS >= .01         8               7.8     0.2        8
DAYS >= .10         2               3.6    -1.6        5
DAYS >= .50         0               0.8    -0.8        1
DAYS >= 1.00        0               0.1    -0.1        0
GREATEST
 24 HR. TOTAL    0.34   11/03 TO 11/03

SNOWFALL (INCHES)
RECORDS
 TOTAL           25.0   5
                        0
TOTALS            5.7               8.4    -2.7      7.3
SINCE 7/1         7.1               9.2    -2.1      7.3
SNOWDEPTH AVG.      0                MM      MM        1
DAYS >= 1.0         2               2.2    -0.2        3
GREATEST
 SNOW DEPTH         4   11/04                          4  11/23
 24 HR TOTAL      4.0   11/03 TO 11/03

DEGREE_DAYS
HEATING TOTAL    1044              1040       4      742
 SINCE 7/1       1766              1925    -159     1374
COOLING TOTAL       0                 0       0        0
 SINCE 1/1        361               465    -104      506
.................................................................

WIND (MPH)
AVERAGE WIND SPEED              9.1
HIGHEST WIND SPEED/DIRECTION    37/310    DATE  11/21
HIGHEST GUST SPEED/DIRECTION    44/310    DATE  11/21

SKY COVER
POSSIBLE SUNSHINE (PERCENT)   MM
AVERAGE SKY COVER           0.40
NUMBER OF DAYS FAIR           16
NUMBER OF DAYS PC              7
NUMBER OF DAYS CLOUDY          7

AVERAGE RH (PERCENT)     76

WEATHER CONDITIONS. NUMBER OF DAYS WITH
THUNDERSTORM              0     MIXED PRECIP               0
HEAVY RAIN                0     RAIN                       1
LIGHT RAIN                3     FREEZING RAIN              0
LT FREEZING RAIN          0     HAIL                       0
HEAVY SNOW                0     SNOW                       1
LIGHT SNOW                8     SLEET                      0
FOG                      13     FOG W/VIS <= 1/4 MILE      4
HAZE                      1

-  INDICATES NEGATIVE NUMBERS.
R  INDICATES RECORD WAS SET OR TIED.
MM INDICATES DATA IS MISSING.
T  INDICATES TRACE AMOUNT.

$$
