000
CXUS53 KMPX 111548
CLMSTC


CLIMATE REPORT...CORRECTED SEP 11 2014...FOR LOW TEMP AUG 12...
NATIONAL WEATHER SERVICE CHANHASSEN MN
1047 AM CDT THU SEP 11 2014

...................................

...THE ST CLOUD MN CLIMATE SUMMARY FOR THE MONTH OF AUGUST 2014...

CLIMATE NORMAL PERIOD 1981 TO 2010
CLIMATE RECORD PERIOD 1893 TO 2014

WEATHER         OBSERVED          NORMAL  DEPART  LAST YEAR`S
                 VALUE   DATE(S)  VALUE   FROM    VALUE  DATE(S)
                                          NORMAL
................................................................
TEMPERATURE (F)
RECORD
 HIGH             105   08/15/1936
 LOW               33   08/21/2004
                        08/31/1974
HIGHEST            89   08/24        88       1       95  08/26
                        08/01
LOWEST             51   08/26        51       0       45  08/14
                                                          08/04
AVG. MAXIMUM     81.4              79.6     1.8     83.2
AVG. MINIMUM     61.0              56.0     5.0     56.1
MEAN             71.2              67.8     3.4     69.7
DAYS MAX >= 90      0               2.1    -2.1        7
DAYS MAX <= 32      0               0.0     0.0        0
DAYS MIN <= 32      0               0.0     0.0        0
DAYS MIN <= 0       0               0.0     0.0        0

PRECIPITATION (INCHES)
RECORD
 MAXIMUM         9.28   1900
 MINIMUM         0.42   1933
TOTALS           5.59              3.79    1.80     0.85
DAILY AVG.       0.18              0.12    0.06     0.03
DAYS >= .01        11               9.3     1.7        5
DAYS >= .10         5               5.8    -0.8        4
DAYS >= .50         4               2.5     1.5        0
DAYS >= 1.00        3               1.1     1.9        0
GREATEST
 24 HR. TOTAL    2.05   08/28 TO 08/29

SNOWFALL (INCHES)
RECORDS
 TOTAL            0.0   MM
TOTALS            0.0               0.0     0.0      0.0
SINCE 7/1         0.0               0.0     0.0      0.0
SNOWDEPTH AVG.      0                MM      MM        0
DAYS >= 1.0         0               0.0     0.0        0
GREATEST
 SNOW DEPTH         0   MM                             0  MM
 24 HR TOTAL      0.0   08/31 TO 08/31

DEGREE_DAYS
HEATING TOTAL       2                41     -39       23
 SINCE 7/1          9                58     -49       49
COOLING TOTAL     202               127      75      177
 SINCE 1/1        554               429     125      504
.................................................................

WIND (MPH)
AVERAGE WIND SPEED              5.3
HIGHEST WIND SPEED/DIRECTION    28/300    DATE  08/31
HIGHEST GUST SPEED/DIRECTION    35/310    DATE  08/31

SKY COVER
POSSIBLE SUNSHINE (PERCENT)   MM
AVERAGE SKY COVER           0.40
NUMBER OF DAYS FAIR           14
NUMBER OF DAYS PC             11
NUMBER OF DAYS CLOUDY          6

AVERAGE RH (PERCENT)     72

WEATHER CONDITIONS. NUMBER OF DAYS WITH
THUNDERSTORM              0     MIXED PRECIP               0
HEAVY RAIN                4     RAIN                       7
LIGHT RAIN               14     FREEZING RAIN              0
LT FREEZING RAIN          0     HAIL                       0
HEAVY SNOW                0     SNOW                       0
LIGHT SNOW                0     SLEET                      0
FOG                      19     FOG W/VIS <= 1/4 MILE      7
HAZE                      5

-  INDICATES NEGATIVE NUMBERS.
R  INDICATES RECORD WAS SET OR TIED.
MM INDICATES DATA IS MISSING.
T  INDICATES TRACE AMOUNT.

$$
