000
CXUS53 KMPX 010710
CLMSTC


CLIMATE REPORT
NATIONAL WEATHER SERVICE CHANHASSEN MN
208 AM CDT FRI AUG 1 2014

...................................

...THE ST CLOUD MN CLIMATE SUMMARY FOR THE MONTH OF JULY 2014...

CLIMATE NORMAL PERIOD 1981 TO 2010
CLIMATE RECORD PERIOD 1893 TO 2014

WEATHER         OBSERVED          NORMAL  DEPART  LAST YEAR`S
                 VALUE   DATE(S)  VALUE   FROM    VALUE  DATE(S)
                                          NORMAL
................................................................
TEMPERATURE (F)
RECORD
 HIGH             107   07/13/1936
                        07/23/1934
                        07/22/1934
 LOW               40   07/07/1972
HIGHEST            94   07/21        93       1       94  07/18
LOWEST             49   07/17        52      -3       43  07/28
AVG. MAXIMUM     81.7              82.3    -0.6     82.2
AVG. MINIMUM     58.7              58.4     0.3     59.5
MEAN             70.2              70.3    -0.1     70.8
DAYS MAX >= 90      2               3.8    -1.8        4
DAYS MAX <= 32      0               0.0     0.0        0
DAYS MIN <= 32      0               0.0     0.0        0
DAYS MIN <= 0       0               0.0     0.0        0

PRECIPITATION (INCHES)
RECORD
 MAXIMUM        12.81   1897
 MINIMUM         0.21   1975
TOTALS           1.25              3.31   -2.06     1.43
DAILY AVG.       0.04              0.11   -0.07     0.05
DAYS >= .01         8              10.5    -2.5        9
DAYS >= .10         4               6.1    -2.1        5
DAYS >= .50         0               2.4    -2.4        1
DAYS >= 1.00        0               0.8    -0.8        0
GREATEST
 24 HR. TOTAL    0.42   07/11 TO 07/11

SNOWFALL (INCHES)
RECORDS
 TOTAL            0.0   5
                        0
TOTALS            0.0               0.0     0.0      0.0
SINCE 7/1         0.0               0.0     0.0      0.0
SNOWDEPTH AVG.      0                MM      MM        0
DAYS >= 1.0         0               0.0     0.0        0
GREATEST
 SNOW DEPTH         0   MM                             0  MM
 24 HR TOTAL      0.0   07/31 TO 07/31

DEGREE_DAYS
HEATING TOTAL       7                17     -10       26
 SINCE 7/1          7                17     -10       26
COOLING TOTAL     175               182      -7      217
 SINCE 1/1        352               302      50      327
.................................................................

WIND (MPH)
AVERAGE WIND SPEED              7.6
HIGHEST WIND SPEED/DIRECTION    28/320    DATE  07/14
HIGHEST GUST SPEED/DIRECTION    38/330    DATE  07/14

SKY COVER
POSSIBLE SUNSHINE (PERCENT)   MM
AVERAGE SKY COVER           0.40
NUMBER OF DAYS FAIR           15
NUMBER OF DAYS PC             13
NUMBER OF DAYS CLOUDY          3

AVERAGE RH (PERCENT)     65

WEATHER CONDITIONS. NUMBER OF DAYS WITH
THUNDERSTORM              0     MIXED PRECIP               0
HEAVY RAIN                2     RAIN                       4
LIGHT RAIN                7     FREEZING RAIN              0
LT FREEZING RAIN          0     HAIL                       0
HEAVY SNOW                0     SNOW                       0
LIGHT SNOW                0     SLEET                      0
FOG                      11     FOG W/VIS <= 1/4 MILE      4
HAZE                      2

-  INDICATES NEGATIVE NUMBERS.
R  INDICATES RECORD WAS SET OR TIED.
MM INDICATES DATA IS MISSING.
T  INDICATES TRACE AMOUNT.

$$
