000
CXUS53 KMPX 011039
CLMSTC


CLIMATE REPORT
NATIONAL WEATHER SERVICE CHANHASSEN MN
438 AM CST WED FEB 1 2017

...................................

...THE ST CLOUD MN CLIMATE SUMMARY FOR THE MONTH OF JANUARY 2017...

CLIMATE NORMAL PERIOD 1981 TO 2010
CLIMATE RECORD PERIOD 1893 TO 2017

WEATHER         OBSERVED          NORMAL  DEPART  LAST YEAR`S
                 VALUE   DATE(S)  VALUE   FROM    VALUE  DATE(S)
                                          NORMAL
................................................................
TEMPERATURE (F)
RECORD
 HIGH              56   01/24/1981
 LOW              -43   01/09/1977
HIGHEST            41   01/30        33       8       40  01/31
                                                          01/27
LOWEST            -19   01/13       -15      -4      -18  01/17
                        01/06                             01/11
AVG. MAXIMUM     24.5              21.4     3.1     22.0
AVG. MINIMUM      9.7               1.8     7.9      5.7
MEAN             17.1              11.6     5.5     13.9
DAYS MAX >= 90      0               0.0     0.0        0
DAYS MAX <= 32     23              24.5    -1.5       27
DAYS MIN <= 32     28              30.9    -2.9       31
DAYS MIN <= 0      12              13.9    -1.9        9

PRECIPITATION (INCHES)
RECORD
 MAXIMUM         2.75   1897
 MINIMUM            T   1898
TOTALS           0.54              0.65   -0.11     0.31
DAILY AVG.       0.02              0.02    0.00     0.01
DAYS >= .01         9               7.4     1.6        8
DAYS >= .10         2               2.1    -0.1        0
DAYS >= .50         0               0.2    -0.2        0
DAYS >= 1.00        0               0.0     0.0        0
GREATEST
 24 HR. TOTAL    0.20   01/09 TO 01/10

SNOWFALL (INCHES)
RECORDS
 TOTAL           29.5   5
                        0
TOTALS           10.0               8.6     1.4      4.6
SINCE 7/1        26.1              27.2    -1.1     18.5
SNOWDEPTH AVG.      3                 7      -4        3
DAYS >= 1.0         4               3.0     1.0        2
GREATEST
 SNOW DEPTH         8   01/15                          5  01/27
                        01/14                             01/26
                        01/13                             01/25
 24 HR TOTAL      3.7   MM

DEGREE_DAYS
HEATING TOTAL    1478              1655    -177     1580
 SINCE 7/1       4316              5102    -786     4222
COOLING TOTAL       0                 0       0        0
 SINCE 1/1          0                 0       0        0
.................................................................

WIND (MPH)
AVERAGE WIND SPEED              8.2
HIGHEST WIND SPEED/DIRECTION    32/310    DATE  01/10
HIGHEST GUST SPEED/DIRECTION    40/310    DATE  01/10

SKY COVER
POSSIBLE SUNSHINE (PERCENT)   MM
AVERAGE SKY COVER           0.60
NUMBER OF DAYS FAIR            9
NUMBER OF DAYS PC              9
NUMBER OF DAYS CLOUDY         13

AVERAGE RH (PERCENT)     83

WEATHER CONDITIONS. NUMBER OF DAYS WITH
THUNDERSTORM              0     MIXED PRECIP               0
HEAVY RAIN                0     RAIN                       0
LIGHT RAIN                2     FREEZING RAIN              0
LT FREEZING RAIN          1     HAIL                       0
HEAVY SNOW                1     SNOW                       2
LIGHT SNOW               12     SLEET                      0
FOG                      23     FOG W/VIS <= 1/4 MILE      7
HAZE                      8

-  INDICATES NEGATIVE NUMBERS.
R  INDICATES RECORD WAS SET OR TIED.
MM INDICATES DATA IS MISSING.
T  INDICATES TRACE AMOUNT.

$$
