000
CXUS53 KMPX 011151
CLMSTC


CLIMATE REPORT
NATIONAL WEATHER SERVICE CHANHASSEN MN
550 AM CST SUN DEC 1 2013

...................................

...THE ST CLOUD MN CLIMATE SUMMARY FOR THE MONTH OF NOVEMBER 2013...

CLIMATE NORMAL PERIOD 1981 TO 2010
CLIMATE RECORD PERIOD 1893 TO 2013

WEATHER         OBSERVED          NORMAL  DEPART  LAST YEAR`S
                 VALUE   DATE(S)  VALUE   FROM    VALUE  DATE(S)
                                          NORMAL
................................................................
TEMPERATURE (F)
RECORD
 HIGH              75   11/08/1999
 LOW              -23   11/30/1905
HIGHEST            55   11/03        52       3       58  11/19
LOWEST              1   11/27        12     -11        0  11/24
                        11/24
                        11/23
AVG. MAXIMUM     38.9              39.0    -0.1     42.4
AVG. MINIMUM     18.7              21.7    -3.0     23.5
MEAN             28.8              30.4    -1.6     32.9
DAYS MAX >= 90      0               0.0     0.0        0
DAYS MAX <= 32      7               9.0    -2.0        5
DAYS MIN <= 32     27              25.5     1.5       24
DAYS MIN <= 0       0               1.6    -1.6        1

PRECIPITATION (INCHES)
RECORD
 MAXIMUM         4.16   1922
 MINIMUM         0.00   1916
                        1939
TOTALS           0.53              1.38   -0.85     1.05
DAILY AVG.       0.02              0.05   -0.03     0.04
DAYS >= .01         4               7.8    -3.8        6
DAYS >= .10         3               3.6    -0.6        3
DAYS >= .50         0               0.8    -0.8        1
DAYS >= 1.00        0               0.1    -0.1        0
GREATEST
 24 HR. TOTAL    0.21   11/05 TO 11/05

SNOWFALL (INCHES)
RECORDS
 TOTAL           25.0   5
                        0
TOTALS            2.8               8.4    -5.6      2.9
SINCE 7/1         3.6               9.2    -5.6      3.2
SNOWDEPTH AVG.      0                MM      MM        0
DAYS >= 1.0         1               2.2    -1.2        1
GREATEST
 SNOW DEPTH         2   11/06                          2  11/25
                                                          11/24
                                                          11/23
 24 HR TOTAL      2.8   MM

DEGREE_DAYS
HEATING TOTAL    1081              1040      41      955
 SINCE 7/1       1873              1925     -52     1822
COOLING TOTAL       0                 0       0        0
 SINCE 1/1        578               465     113      739
.................................................................

WIND (MPH)
AVERAGE WIND SPEED              9.4
HIGHEST WIND SPEED/DIRECTION    36/150    DATE  11/03
HIGHEST GUST SPEED/DIRECTION    46/160    DATE  11/03

SKY COVER
POSSIBLE SUNSHINE (PERCENT)   MM
AVERAGE SKY COVER           0.40
NUMBER OF DAYS FAIR           13
NUMBER OF DAYS PC             13
NUMBER OF DAYS CLOUDY          4

AVERAGE RH (PERCENT)     71

WEATHER CONDITIONS. NUMBER OF DAYS WITH
THUNDERSTORM              0     MIXED PRECIP               0
HEAVY RAIN                0     RAIN                       1
LIGHT RAIN                4     FREEZING RAIN              0
LT FREEZING RAIN          0     HAIL                       0
HEAVY SNOW                0     SNOW                       0
LIGHT SNOW                6     SLEET                      0
FOG                      14     FOG W/VIS <= 1/4 MILE      3
HAZE                      1

-  INDICATES NEGATIVE NUMBERS.
R  INDICATES RECORD WAS SET OR TIED.
MM INDICATES DATA IS MISSING.
T  INDICATES TRACE AMOUNT.

$$
