000
CXUS53 KMPX 011002
CLMSTC


CLIMATE REPORT
NATIONAL WEATHER SERVICE CHANHASSEN MN
501 AM CDT WED JUL 1 2015

...................................

...THE ST CLOUD MN CLIMATE SUMMARY FOR THE MONTH OF JUNE 2015...

CLIMATE NORMAL PERIOD 1981 TO 2010
CLIMATE RECORD PERIOD 1893 TO 2015

WEATHER         OBSERVED          NORMAL  DEPART  LAST YEAR`S
                 VALUE   DATE(S)  VALUE   FROM    VALUE  DATE(S)
                                          NORMAL
................................................................
TEMPERATURE (F)
RECORD
 HIGH             102   06/24/1988
                        06/28/1931
 LOW               32   06/01/1993
HIGHEST            90   06/09        88       2       85  06/29
                                                          06/28
LOWEST             45   06/16        46      -1       46  06/13
                                                          06/08
AVG. MAXIMUM     77.6              77.5     0.1     78.5
AVG. MINIMUM     54.8              53.6     1.2     58.1
MEAN             66.2              65.6     0.6     68.3
DAYS MAX >= 90      1               1.8    -0.8        0
DAYS MAX <= 32      0               0.0     0.0        0
DAYS MIN <= 32      0               0.0     0.0        0
DAYS MIN <= 0       0               0.0     0.0        0

PRECIPITATION (INCHES)
RECORD
 MAXIMUM        10.56   1920
 MINIMUM         0.05   1988
TOTALS           4.66              4.17    0.49     6.18
DAILY AVG.       0.16              0.14    0.02     0.21
DAYS >= .01        12              12.1    -0.1       16
DAYS >= .10         6               7.7    -1.7       10
DAYS >= .50         3               2.5     0.5        3
DAYS >= 1.00        3               0.9     2.1        1
GREATEST
 24 HR. TOTAL    1.55   06/19 TO 06/20

SNOWFALL (INCHES)
RECORDS
 TOTAL              T   2011
TOTALS            0.0               0.0     0.0      0.0
SINCE 7/1        31.1              45.7   -14.6     75.5
SNOWDEPTH AVG.      0                MM      MM        0
DAYS >= 1.0         0               0.0     0.0        0
GREATEST
 SNOW DEPTH         0   MM                             0  MM
 24 HR TOTAL      0.0   06/30 TO 06/30

DEGREE_DAYS
HEATING TOTAL      28                78     -50       26
 SINCE 7/1       8143              8532    -389     9524
COOLING TOTAL      72                95     -23      133
 SINCE 1/1         77               120     -43      177
.................................................................

WIND (MPH)
AVERAGE WIND SPEED              6.2
HIGHEST WIND SPEED/DIRECTION    25/320    DATE  06/22
HIGHEST GUST SPEED/DIRECTION    36/280    DATE  06/22

SKY COVER
POSSIBLE SUNSHINE (PERCENT)   MM
AVERAGE SKY COVER           0.30
NUMBER OF DAYS FAIR           19
NUMBER OF DAYS PC              8
NUMBER OF DAYS CLOUDY          3

AVERAGE RH (PERCENT)     71

WEATHER CONDITIONS. NUMBER OF DAYS WITH
THUNDERSTORM              0     MIXED PRECIP               0
HEAVY RAIN                3     RAIN                       4
LIGHT RAIN                9     FREEZING RAIN              0
LT FREEZING RAIN          0     HAIL                       0
HEAVY SNOW                0     SNOW                       0
LIGHT SNOW                0     SLEET                      0
FOG                      16     FOG W/VIS <= 1/4 MILE      3
HAZE                      7

-  INDICATES NEGATIVE NUMBERS.
R  INDICATES RECORD WAS SET OR TIED.
MM INDICATES DATA IS MISSING.
T  INDICATES TRACE AMOUNT.

$$
