000
CXUS53 KMPX 010959
CLMSTC


CLIMATE REPORT
NATIONAL WEATHER SERVICE CHANHASSEN MN
359 AM CST MON DEC 1 2014

...................................

...THE ST CLOUD MN CLIMATE SUMMARY FOR THE MONTH OF NOVEMBER 2014...

CLIMATE NORMAL PERIOD 1981 TO 2010
CLIMATE RECORD PERIOD 1893 TO 2014

WEATHER         OBSERVED          NORMAL  DEPART  LAST YEAR`S
                 VALUE   DATE(S)  VALUE   FROM    VALUE  DATE(S)
                                          NORMAL
................................................................
TEMPERATURE (F)
RECORD
 HIGH              75   11/08/1999
 LOW              -23   11/30/1905
HIGHEST            57   11/02        52       5       55  11/03
LOWEST             -7   11/21        12     -19        1  11/27
                                                          11/24
                                                          11/23
AVG. MAXIMUM     31.1              39.0    -7.9     38.9
AVG. MINIMUM     14.7              21.7    -7.0     18.7
MEAN             22.9              30.4    -7.5     28.8
DAYS MAX >= 90      0               0.0     0.0        0
DAYS MAX <= 32     18               9.0     9.0        7
DAYS MIN <= 32     26              25.5     0.5       27
DAYS MIN <= 0       5               1.6     3.4        0

PRECIPITATION (INCHES)
RECORD
 MAXIMUM         4.16   1922
 MINIMUM         0.00   1916
                        1939
TOTALS           1.89              1.38    0.51     0.53
DAILY AVG.       0.06              0.05    0.01     0.02
DAYS >= .01        10               7.8     2.2        4
DAYS >= .10         3               3.6    -0.6        3
DAYS >= .50         1               0.8     0.2        0
DAYS >= 1.00        1               0.1     0.9        0
GREATEST
 24 HR. TOTAL    1.24   11/10 TO 11/10

SNOWFALL (INCHES)
RECORDS
 TOTAL           25.0   5
                        0
TOTALS           17.6               8.4     9.2      2.8
SINCE 7/1        17.6               9.2     8.4      3.6
SNOWDEPTH AVG.      4                MM      MM        0
DAYS >= 1.0         2               2.2    -0.2        1
GREATEST
 SNOW DEPTH        11   11/12                          2  11/06
                        11/11
 24 HR TOTAL     13.2   MM

DEGREE_DAYS
HEATING TOTAL    1256              1040     216     1081
 SINCE 7/1       1932              1925       7     1873
COOLING TOTAL       0                 0       0        0
 SINCE 1/1        597               465     132      578
.................................................................

WIND (MPH)
AVERAGE WIND SPEED              10.2
HIGHEST WIND SPEED/DIRECTION    33/320    DATE  11/07
HIGHEST GUST SPEED/DIRECTION    44/310    DATE  11/07

SKY COVER
POSSIBLE SUNSHINE (PERCENT)   MM
AVERAGE SKY COVER           0.60
NUMBER OF DAYS FAIR            8
NUMBER OF DAYS PC              9
NUMBER OF DAYS CLOUDY         13

AVERAGE RH (PERCENT)     70

WEATHER CONDITIONS. NUMBER OF DAYS WITH
THUNDERSTORM              0     MIXED PRECIP               0
HEAVY RAIN                0     RAIN                       0
LIGHT RAIN                4     FREEZING RAIN              0
LT FREEZING RAIN          0     HAIL                       0
HEAVY SNOW                1     SNOW                       2
LIGHT SNOW               14     SLEET                      0
FOG                      11     FOG W/VIS <= 1/4 MILE      3
HAZE                     13

-  INDICATES NEGATIVE NUMBERS.
R  INDICATES RECORD WAS SET OR TIED.
MM INDICATES DATA IS MISSING.
T  INDICATES TRACE AMOUNT.

$$
