000
CXUS53 KMPX 011146
CLMSTC


CLIMATE REPORT
NATIONAL WEATHER SERVICE CHANHASSEN MN
646 AM CDT SUN SEP 1 2013

...................................

...THE ST CLOUD MN CLIMATE SUMMARY FOR THE MONTH OF AUGUST 2013...

CLIMATE NORMAL PERIOD 1981 TO 2010
CLIMATE RECORD PERIOD 1893 TO 2013

WEATHER         OBSERVED          NORMAL  DEPART  LAST YEAR`S
                 VALUE   DATE(S)  VALUE   FROM    VALUE  DATE(S)
                                          NORMAL
................................................................
TEMPERATURE (F)
RECORD
 HIGH             105   08/15/1936
 LOW               33   08/21/2004
                        08/31/1974
HIGHEST            95   08/26        88       7       93  08/01
LOWEST             45   08/14        51      -6       42  08/20
                        08/04
AVG. MAXIMUM     83.2              79.6     3.6     81.2
AVG. MINIMUM     56.1              56.0     0.1     54.4
MEAN             69.7              67.8     1.9     67.8
DAYS MAX >= 90      7               2.1     4.9        2
DAYS MAX <= 32      0               0.0     0.0        0
DAYS MIN <= 32      0               0.0     0.0        0
DAYS MIN <= 0       0               0.0     0.0        0

PRECIPITATION (INCHES)
RECORD
 MAXIMUM         9.28   1900
 MINIMUM         0.42   1933
TOTALS           0.85              3.79   -2.94     1.22
DAILY AVG.       0.03              0.12   -0.09     0.04
DAYS >= .01         5               9.3    -4.3        9
DAYS >= .10         4               5.8    -1.8        3
DAYS >= .50         0               2.5    -2.5        1
DAYS >= 1.00        0               1.1    -1.1        0
GREATEST
 24 HR. TOTAL    0.31   08/05 TO 08/05
                        08/04 TO 08/05
                        08/05 TO 08/05

SNOWFALL (INCHES)
RECORDS
 TOTAL            0.0   MM
TOTALS            0.0               0.0     0.0      0.0
SINCE 7/1         0.0               0.0     0.0      0.0
SNOWDEPTH AVG.      0                MM      MM        0
DAYS >= 1.0         0               0.0     0.0        0
GREATEST
 SNOW DEPTH         0   MM                             0  MM
 24 HR TOTAL      0.0   08/31 TO 08/31

DEGREE_DAYS
HEATING TOTAL      23                41     -18       31
 SINCE 7/1         49                58      -9       31
COOLING TOTAL     177               127      50      126
 SINCE 1/1        504               429      75      691
.................................................................

WIND (MPH)
AVERAGE WIND SPEED              5.8
HIGHEST WIND SPEED/DIRECTION    36/280    DATE  08/31
HIGHEST GUST SPEED/DIRECTION    47/280    DATE  08/31

SKY COVER
POSSIBLE SUNSHINE (PERCENT)   MM
AVERAGE SKY COVER           0.20
NUMBER OF DAYS FAIR           25
NUMBER OF DAYS PC              6
NUMBER OF DAYS CLOUDY          0

AVERAGE RH (PERCENT)     69

WEATHER CONDITIONS. NUMBER OF DAYS WITH
THUNDERSTORM              0     MIXED PRECIP               0
HEAVY RAIN                2     RAIN                       3
LIGHT RAIN                6     FREEZING RAIN              0
LT FREEZING RAIN          0     HAIL                       0
HEAVY SNOW                0     SNOW                       0
LIGHT SNOW                0     SLEET                      0
FOG                      17     FOG W/VIS <= 1/4 MILE      2
HAZE                      3

-  INDICATES NEGATIVE NUMBERS.
R  INDICATES RECORD WAS SET OR TIED.
MM INDICATES DATA IS MISSING.
T  INDICATES TRACE AMOUNT.

$$
