000
CXUS53 KMPX 011448
CLMSTC


CLIMATE REPORT
NATIONAL WEATHER SERVICE CHANHASSEN MN
847 AM CST SUN MAR 1 2015

...................................

...THE ST CLOUD MN CLIMATE SUMMARY FOR THE MONTH OF FEBRUARY 2015...

CLIMATE NORMAL PERIOD 1981 TO 2010
CLIMATE RECORD PERIOD 1893 TO 2015

WEATHER         OBSERVED          NORMAL  DEPART  LAST YEAR`S
                 VALUE   DATE(S)  VALUE   FROM    VALUE  DATE(S)
                                          NORMAL
................................................................
TEMPERATURE (F)
RECORD
 HIGH              58   02/27/1932
 LOW              -40   02/02/1996
HIGHEST            37   02/07        40      -3       43  02/18
LOWEST            -16   02/23       -15      -1      -25  02/11
                        02/19
AVG. MAXIMUM     18.0              26.8    -8.8     16.4
AVG. MINIMUM     -0.6               7.2    -7.8     -5.5
MEAN              8.7              17.0    -8.3      5.5
DAYS MAX >= 90      0               0.0     0.0        0
DAYS MAX <= 32     26              17.7     8.3       25
DAYS MIN <= 32     28              27.1     0.9       28
DAYS MIN <= 0      18               9.0     9.0       20

PRECIPITATION (INCHES)
RECORD
 MAXIMUM         2.94   1922
 MINIMUM         0.00   1894
                        1901
                        1902
TOTALS           0.35              0.59   -0.24     1.17
DAILY AVG.       0.01              0.02   -0.01     0.04
DAYS >= .01         5               6.4    -1.4        7
DAYS >= .10         1               2.1    -1.1        2
DAYS >= .50         0               0.1    -0.1        1
DAYS >= 1.00        0               0.0     0.0        0
GREATEST
 24 HR. TOTAL    0.20   02/09 TO 02/10
                        02/10 TO 02/10
                        02/10 TO 02/11

SNOWFALL (INCHES)
RECORDS
 TOTAL           21.6   5
                        0
TOTALS            4.2               7.0    -2.8     13.5
SINCE 7/1        26.8              34.2    -7.4     54.3
SNOWDEPTH AVG.      1                 7      -6       18
DAYS >= 1.0         2               2.5    -0.5        2
GREATEST
 SNOW DEPTH         2   02/24                         25  02/21
                        02/23
                        02/22
 24 HR TOTAL      1.7   MM

DEGREE_DAYS
HEATING TOTAL    1569              1344     225     1659
 SINCE 7/1       6258              6446    -188     7209
COOLING TOTAL       0                 0       0        0
 SINCE 1/1          0                 0       0        0
.................................................................

WIND (MPH)
AVERAGE WIND SPEED              10.0
HIGHEST WIND SPEED/DIRECTION    32/310    DATE  02/24
HIGHEST GUST SPEED/DIRECTION    42/310    DATE  02/24

SKY COVER
POSSIBLE SUNSHINE (PERCENT)   MM
AVERAGE SKY COVER           0.40
NUMBER OF DAYS FAIR           15
NUMBER OF DAYS PC             11
NUMBER OF DAYS CLOUDY          2

AVERAGE RH (PERCENT)     68

WEATHER CONDITIONS. NUMBER OF DAYS WITH
THUNDERSTORM              0     MIXED PRECIP               0
HEAVY RAIN                0     RAIN                       0
LIGHT RAIN                0     FREEZING RAIN              1
LT FREEZING RAIN          1     HAIL                       0
HEAVY SNOW                0     SNOW                       2
LIGHT SNOW               10     SLEET                      0
FOG                      10     FOG W/VIS <= 1/4 MILE      1
HAZE                     11

-  INDICATES NEGATIVE NUMBERS.
R  INDICATES RECORD WAS SET OR TIED.
MM INDICATES DATA IS MISSING.
T  INDICATES TRACE AMOUNT.

$$
