000
CXUS53 KMPX 010815
CLMSTC


CLIMATE REPORT
NATIONAL WEATHER SERVICE CHANHASSEN MN
313 AM CDT WED OCT 1 2014

...................................

...THE ST CLOUD MN CLIMATE SUMMARY FOR THE MONTH OF SEPTEMBER 2014...

CLIMATE NORMAL PERIOD 1981 TO 2010
CLIMATE RECORD PERIOD 1893 TO 2014

WEATHER         OBSERVED          NORMAL  DEPART  LAST YEAR`S
                 VALUE   DATE(S)  VALUE   FROM    VALUE  DATE(S)
                                          NORMAL
................................................................
TEMPERATURE (F)
RECORD
 HIGH             106   09/10/1931
 LOW               18   09/22/1974
                        09/28/1942
HIGHEST            85   09/28        79       6       92  09/07
                        09/27
LOWEST             33   09/13        38      -5       36  09/16
AVG. MAXIMUM     72.0              70.3     1.7     75.2
AVG. MINIMUM     50.4              46.8     3.6     50.6
MEAN             61.2              58.6     2.6     62.9
DAYS MAX >= 90      0               0.3    -0.3        2
DAYS MAX <= 32      0               0.0     0.0        0
DAYS MIN <= 32      0               1.5    -1.5        0
DAYS MIN <= 0       0               0.0     0.0        0

PRECIPITATION (INCHES)
RECORD
 MAXIMUM        10.72   1926
 MINIMUM         0.07   1952
TOTALS           4.06              3.46    0.60     1.87
DAILY AVG.       0.14              0.12    0.02     0.06
DAYS >= .01         8               9.9    -1.9       11
DAYS >= .10         6               6.0     0.0        3
DAYS >= .50         1               2.2    -1.2        1
DAYS >= 1.00        1               0.8     0.2        1
GREATEST
 24 HR. TOTAL    2.94   09/03 TO 09/03
                        09/02 TO 09/03
                        09/03 TO 09/03

SNOWFALL (INCHES)
RECORDS
 TOTAL            1.8   5
                        0
TOTALS            0.0                 T     0.0      0.0
SINCE 7/1         0.0                 T     0.0      0.0
SNOWDEPTH AVG.      0                MM      MM        0
DAYS >= 1.0         0               0.0     0.0        0
GREATEST
 SNOW DEPTH         0   MM                             0  MM
 24 HR TOTAL      0.0   MM

DEGREE_DAYS
HEATING TOTAL     152               228     -76      129
 SINCE 7/1        161               286    -125      178
COOLING TOTAL      43                34       9       74
 SINCE 1/1        597               463     134      578
.................................................................

WIND (MPH)
AVERAGE WIND SPEED              8.0
HIGHEST WIND SPEED/DIRECTION    38/140    DATE  09/03
HIGHEST GUST SPEED/DIRECTION    53/280    DATE  09/20

SKY COVER
POSSIBLE SUNSHINE (PERCENT)   MM
AVERAGE SKY COVER           0.40
NUMBER OF DAYS FAIR           16
NUMBER OF DAYS PC             10
NUMBER OF DAYS CLOUDY          4

AVERAGE RH (PERCENT)     69

WEATHER CONDITIONS. NUMBER OF DAYS WITH
THUNDERSTORM              0     MIXED PRECIP               0
HEAVY RAIN                2     RAIN                       4
LIGHT RAIN               10     FREEZING RAIN              0
LT FREEZING RAIN          0     HAIL                       0
HEAVY SNOW                0     SNOW                       0
LIGHT SNOW                0     SLEET                      0
FOG                      17     FOG W/VIS <= 1/4 MILE      3
HAZE                      4

-  INDICATES NEGATIVE NUMBERS.
R  INDICATES RECORD WAS SET OR TIED.
MM INDICATES DATA IS MISSING.
T  INDICATES TRACE AMOUNT.

$$
