000
CXUS53 KMPX 011002
CLMSTC


CLIMATE REPORT
NATIONAL WEATHER SERVICE CHANHASSEN MN
402 AM CST SUN FEB 1 2015

...................................

...THE ST CLOUD MN CLIMATE SUMMARY FOR THE MONTH OF JANUARY 2015...

CLIMATE NORMAL PERIOD 1981 TO 2010
CLIMATE RECORD PERIOD 1893 TO 2015

WEATHER         OBSERVED          NORMAL  DEPART  LAST YEAR`S
                 VALUE   DATE(S)  VALUE   FROM    VALUE  DATE(S)
                                          NORMAL
................................................................
TEMPERATURE (F)
RECORD
 HIGH              56   01/24/1981
 LOW              -43   01/09/1977
HIGHEST            44   01/23        33      11       39  01/12
LOWEST            -22   01/13       -15      -7      -24  01/06
AVG. MAXIMUM     24.1              21.4     2.7     16.2
AVG. MINIMUM      8.8               1.8     7.0     -6.9
MEAN             16.5              11.6     4.9      4.7
DAYS MAX >= 90      0               0.0     0.0        0
DAYS MAX <= 32     23              24.5    -1.5       26
DAYS MIN <= 32     31              30.9     0.1       31
DAYS MIN <= 0      10              13.9    -3.9       22

PRECIPITATION (INCHES)
RECORD
 MAXIMUM         2.75   1897
 MINIMUM            T   1898
TOTALS           0.24              0.65   -0.41     1.34
DAILY AVG.       0.01              0.02   -0.01     0.04
DAYS >= .01         8               7.4     0.6       11
DAYS >= .10         0               2.1    -2.1        5
DAYS >= .50         0               0.2    -0.2        0
DAYS >= 1.00        0               0.0     0.0        0
GREATEST
 24 HR. TOTAL    0.08   01/08 TO 01/08

SNOWFALL (INCHES)
RECORDS
 TOTAL           29.5   5
                        0
TOTALS            2.5               8.6    -6.1     16.8
SINCE 7/1        22.6              27.2    -4.6     40.8
SNOWDEPTH AVG.      1                 7      -6       12
DAYS >= 1.0         0               3.0    -3.0        6
GREATEST
 SNOW DEPTH         2   01/18                         18  01/26
                        01/17
                        01/16
 24 HR TOTAL      0.6   MM

DEGREE_DAYS
HEATING TOTAL    1495              1655    -160     1862
 SINCE 7/1       4689              5102    -413     5550
COOLING TOTAL       0                 0       0        0
 SINCE 1/1          0                 0       0        0
.................................................................

WIND (MPH)
AVERAGE WIND SPEED              9.1
HIGHEST WIND SPEED/DIRECTION    33/310    DATE  01/08
HIGHEST GUST SPEED/DIRECTION    42/310    DATE  01/08

SKY COVER
POSSIBLE SUNSHINE (PERCENT)   MM
AVERAGE SKY COVER           0.50
NUMBER OF DAYS FAIR           11
NUMBER OF DAYS PC             11
NUMBER OF DAYS CLOUDY          9

AVERAGE RH (PERCENT)     76

WEATHER CONDITIONS. NUMBER OF DAYS WITH
THUNDERSTORM              0     MIXED PRECIP               0
HEAVY RAIN                0     RAIN                       0
LIGHT RAIN                0     FREEZING RAIN              1
LT FREEZING RAIN          1     HAIL                       0
HEAVY SNOW                0     SNOW                       1
LIGHT SNOW               11     SLEET                      0
FOG                      14     FOG W/VIS <= 1/4 MILE      0
HAZE                      6

-  INDICATES NEGATIVE NUMBERS.
R  INDICATES RECORD WAS SET OR TIED.
MM INDICATES DATA IS MISSING.
T  INDICATES TRACE AMOUNT.

$$
