000
CXUS53 KMPX 010731
CLMSTC


CLIMATE REPORT
NATIONAL WEATHER SERVICE CHANHASSEN MN
230 AM CDT MON JUN 1 2015

...................................

...THE ST CLOUD MN CLIMATE SUMMARY FOR THE MONTH OF MAY 2015...

CLIMATE NORMAL PERIOD 1981 TO 2010
CLIMATE RECORD PERIOD 1893 TO 2015

WEATHER         OBSERVED          NORMAL  DEPART  LAST YEAR`S
                 VALUE   DATE(S)  VALUE   FROM    VALUE  DATE(S)
                                          NORMAL
................................................................
TEMPERATURE (F)
RECORD
 HIGH             105   05/31/1934
 LOW               18   05/03/1907
HIGHEST            84   05/27        79       5       87  05/30
LOWEST             30   05/19        35      -5       33  05/04
AVG. MAXIMUM     66.3              68.8    -2.5     68.1
AVG. MINIMUM     43.9              44.2    -0.3     47.2
MEAN             55.1              56.5    -1.4     57.6
DAYS MAX >= 90      0               0.4    -0.4        0
DAYS MAX <= 32      0               0.0     0.0        0
DAYS MIN <= 32      2               2.4    -0.4        0
DAYS MIN <= 0       0               0.0     0.0        0

PRECIPITATION (INCHES)
RECORD
 MAXIMUM         9.68   1912
 MINIMUM         0.20   1900
TOTALS           6.03              2.95    3.08     6.74
DAILY AVG.       0.19              0.10    0.09     0.22
DAYS >= .01        14              10.9     3.1       12
DAYS >= .10         9               6.5     2.5       10
DAYS >= .50         5               2.1     2.9        5
DAYS >= 1.00        2               0.5     1.5        2
GREATEST
 24 HR. TOTAL    2.89   05/16 TO 05/17

SNOWFALL (INCHES)
RECORDS
 TOTAL            3.3   5
TOTALS            0.0                 T     0.0      0.0
SINCE 7/1        31.1              45.7   -14.6     75.5
SNOWDEPTH AVG.      0                MM      MM        0
DAYS >= 1.0         0               0.0     0.0        0
GREATEST
 SNOW DEPTH         0   MM                             0  MM
 24 HR TOTAL      0.0   05/31 TO 05/31

DEGREE_DAYS
HEATING TOTAL     305               287      18      266
 SINCE 7/1       8115              8454    -339     9498
COOLING TOTAL       5                23     -18       44
 SINCE 1/1          5                25     -20       44
.................................................................

WIND (MPH)
AVERAGE WIND SPEED              8.3
HIGHEST WIND SPEED/DIRECTION    31/240    DATE  05/17
HIGHEST GUST SPEED/DIRECTION    45/240    DATE  05/17

SKY COVER
POSSIBLE SUNSHINE (PERCENT)   MM
AVERAGE SKY COVER           0.50
NUMBER OF DAYS FAIR           12
NUMBER OF DAYS PC              9
NUMBER OF DAYS CLOUDY         10

AVERAGE RH (PERCENT)     71

WEATHER CONDITIONS. NUMBER OF DAYS WITH
THUNDERSTORM              0     MIXED PRECIP               0
HEAVY RAIN                4     RAIN                       5
LIGHT RAIN               16     FREEZING RAIN              0
LT FREEZING RAIN          0     HAIL                       0
HEAVY SNOW                0     SNOW                       0
LIGHT SNOW                0     SLEET                      0
FOG                      18     FOG W/VIS <= 1/4 MILE      1
HAZE                      3

-  INDICATES NEGATIVE NUMBERS.
R  INDICATES RECORD WAS SET OR TIED.
MM INDICATES DATA IS MISSING.
T  INDICATES TRACE AMOUNT.

$$
