117
CXUS53 KMPX 011251
CLMSTC


CLIMATE REPORT
NATIONAL WEATHER SERVICE CHANHASSEN MN
746 AM CDT TUE NOV 1 2016

...................................

...THE ST CLOUD MN CLIMATE SUMMARY FOR THE MONTH OF OCTOBER 2016...

CLIMATE NORMAL PERIOD 1981 TO 2010
CLIMATE RECORD PERIOD 1893 TO 2016

WEATHER         OBSERVED          NORMAL  DEPART  LAST YEAR`S
                 VALUE   DATE(S)  VALUE   FROM    VALUE  DATE(S)
                                          NORMAL
................................................................
TEMPERATURE (F)
RECORD
 HIGH              90   10/02/1992
                        10/02/1953
 LOW                2   10/25/1896
HIGHEST            75   10/03        69       6       83  10/11
LOWEST             27   10/24        27       0       25  10/17
AVG. MAXIMUM     58.3              56.6     1.7     59.5
AVG. MINIMUM     39.5              34.9     4.6     37.7
MEAN             48.9              45.7     3.2     48.6
DAYS MAX >= 90      0               0.0     0.0        0
DAYS MAX <= 32      0               0.3    -0.3        0
DAYS MIN <= 32      7              12.4    -5.4        5
DAYS MIN <= 0       0               0.0     0.0        0

PRECIPITATION (INCHES)
RECORD
 MAXIMUM         7.95   1899
 MINIMUM         0.00   1895
TOTALS           2.68              2.49    0.19     3.14
DAILY AVG.       0.09              0.08    0.01     0.10
DAYS >= .01        13               9.3     3.7       11
DAYS >= .10         6               5.2     0.8        6
DAYS >= .50         1               1.4    -0.4        3
DAYS >= 1.00        0               0.6    -0.6        0
GREATEST
 24 HR. TOTAL    0.96   10/04 TO 10/05

SNOWFALL (INCHES)
RECORDS
 TOTAL            6.4   5
                        0
TOTALS            0.0               0.8    -0.8      0.2
SINCE 7/1         0.0               0.8    -0.8      0.2
SNOWDEPTH AVG.      0                MM      MM        0
DAYS >= 1.0         0               0.2    -0.2        0
GREATEST
 SNOW DEPTH         0   MM                             0  MM
 24 HR TOTAL      0.0   10/31 TO 10/31

DEGREE_DAYS
HEATING TOTAL     492               599    -107      501
 SINCE 7/1        632               885    -253      659
COOLING TOTAL       0                 2      -2        0
 SINCE 1/1        506               465      41      492
.................................................................

WIND (MPH)
AVERAGE WIND SPEED              8.2
HIGHEST WIND SPEED/DIRECTION    31/180    DATE  10/14
HIGHEST GUST SPEED/DIRECTION    40/320    DATE  10/14

SKY COVER
POSSIBLE SUNSHINE (PERCENT)   MM
AVERAGE SKY COVER           0.40
NUMBER OF DAYS FAIR           11
NUMBER OF DAYS PC             14
NUMBER OF DAYS CLOUDY          6

AVERAGE RH (PERCENT)     77

WEATHER CONDITIONS. NUMBER OF DAYS WITH
THUNDERSTORM              0     MIXED PRECIP               0
HEAVY RAIN                4     RAIN                       7
LIGHT RAIN               14     FREEZING RAIN              0
LT FREEZING RAIN          0     HAIL                       0
HEAVY SNOW                0     SNOW                       0
LIGHT SNOW                0     SLEET                      0
FOG                      18     FOG W/VIS <= 1/4 MILE      1
HAZE                      2

-  INDICATES NEGATIVE NUMBERS.
R  INDICATES RECORD WAS SET OR TIED.
MM INDICATES DATA IS MISSING.
T  INDICATES TRACE AMOUNT.

$$
