371
CXUS53 KMPX 011415
CLMSTC


CLIMATE REPORT
NATIONAL WEATHER SERVICE CHANHASSEN MN
914 AM CDT FRI JUL 1 2016

...................................

...THE ST CLOUD MN CLIMATE SUMMARY FOR THE MONTH OF JUNE 2016...

CLIMATE NORMAL PERIOD 1981 TO 2010
CLIMATE RECORD PERIOD 1893 TO 2016

WEATHER         OBSERVED          NORMAL  DEPART  LAST YEAR`S
                 VALUE   DATE(S)  VALUE   FROM    VALUE  DATE(S)
                                          NORMAL
................................................................
TEMPERATURE (F)
RECORD
 HIGH             102   06/24/1988
                        06/28/1931
 LOW               32   06/01/1993
HIGHEST            93   06/25        88       5       90  06/09
LOWEST             44   06/07        46      -2       45  06/16
AVG. MAXIMUM     78.3              77.5     0.8     77.6
AVG. MINIMUM     56.3              53.6     2.7     54.8
MEAN             67.3              65.6     1.7     66.2
DAYS MAX >= 90      2               1.8     0.2        1
DAYS MAX <= 32      0               0.0     0.0        0
DAYS MIN <= 32      0               0.0     0.0        0
DAYS MIN <= 0       0               0.0     0.0        0

PRECIPITATION (INCHES)
RECORD
 MAXIMUM        10.56   1920
 MINIMUM         0.05   1988
TOTALS           3.37              4.17   -0.80     4.66
DAILY AVG.       0.11              0.14   -0.03     0.16
DAYS >= .01        14              12.1     1.9       12
DAYS >= .10         7               7.7    -0.7        6
DAYS >= .50         1               2.5    -1.5        3
DAYS >= 1.00        1               0.9     0.1        3
GREATEST
 24 HR. TOTAL    1.11   06/14 TO 06/14

SNOWFALL (INCHES)
RECORDS
 TOTAL              T   2011
TOTALS            0.0               0.0     0.0      0.0
SINCE 7/1        30.3              45.7   -15.4     31.1
SNOWDEPTH AVG.      0                MM      MM        0
DAYS >= 1.0         0               0.0     0.0        0
GREATEST
 SNOW DEPTH         0   MM                             0  MM
 24 HR TOTAL      0.0   06/30 TO 06/30

DEGREE_DAYS
HEATING TOTAL      33                78     -45       28
 SINCE 7/1       7170              8532   -1362     8143
COOLING TOTAL     108                95      13       72
 SINCE 1/1        139               120      19       77
.................................................................

WIND (MPH)
AVERAGE WIND SPEED              8.6
HIGHEST WIND SPEED/DIRECTION    43/290    DATE  06/25
HIGHEST GUST SPEED/DIRECTION    51/300    DATE  06/25

SKY COVER
POSSIBLE SUNSHINE (PERCENT)   MM
AVERAGE SKY COVER           0.30
NUMBER OF DAYS FAIR           19
NUMBER OF DAYS PC              8
NUMBER OF DAYS CLOUDY          3

AVERAGE RH (PERCENT)     71

WEATHER CONDITIONS. NUMBER OF DAYS WITH
THUNDERSTORM              0     MIXED PRECIP               0
HEAVY RAIN                6     RAIN                       5
LIGHT RAIN               15     FREEZING RAIN              0
LT FREEZING RAIN          0     HAIL                       0
HEAVY SNOW                0     SNOW                       0
LIGHT SNOW                0     SLEET                      0
FOG                      15     FOG W/VIS <= 1/4 MILE      0
HAZE                      3

-  INDICATES NEGATIVE NUMBERS.
R  INDICATES RECORD WAS SET OR TIED.
MM INDICATES DATA IS MISSING.
T  INDICATES TRACE AMOUNT.

$$
