748
CXUS53 KMPX 021138
CLMSTC


CLIMATE REPORT
NATIONAL WEATHER SERVICE CHANHASSEN MN
635 AM CDT THU JUN 2 2016

...................................

...THE ST CLOUD MN CLIMATE SUMMARY FOR THE MONTH OF MAY 2016...

CLIMATE NORMAL PERIOD 1981 TO 2010
CLIMATE RECORD PERIOD 1893 TO 2016

WEATHER         OBSERVED          NORMAL  DEPART  LAST YEAR`S
                 VALUE   DATE(S)  VALUE   FROM    VALUE  DATE(S)
                                          NORMAL
................................................................
TEMPERATURE (F)
RECORD
 HIGH             105   05/31/1934
 LOW               18   05/03/1907
HIGHEST            89   05/06        79      10       84  05/27
LOWEST             28   05/15        35      -7       30  05/19
AVG. MAXIMUM     69.9              68.8     1.1     66.3
AVG. MINIMUM     44.4              44.2     0.2     43.9
MEAN             57.1              56.5     0.6     55.1
DAYS MAX >= 90      0               0.4    -0.4        0
DAYS MAX <= 32      0               0.0     0.0        0
DAYS MIN <= 32      3               2.4     0.6        2
DAYS MIN <= 0       0               0.0     0.0        0

PRECIPITATION (INCHES)
RECORD
 MAXIMUM         9.68   1912
 MINIMUM         0.20   1900
TOTALS           2.17              2.95   -0.78     6.03
DAILY AVG.       0.07              0.10   -0.03     0.19
DAYS >= .01        10              10.9    -0.9       14
DAYS >= .10         8               6.5     1.5        9
DAYS >= .50         1               2.1    -1.1        5
DAYS >= 1.00        0               0.5    -0.5        2
GREATEST
 24 HR. TOTAL    0.58   05/24 TO 05/25

SNOWFALL (INCHES)
RECORDS
 TOTAL            3.3   5
TOTALS            0.0                 T     0.0      0.0
SINCE 7/1        30.3              45.7   -15.4     31.1
SNOWDEPTH AVG.      0                MM      MM        0
DAYS >= 1.0         0               0.0     0.0        0
GREATEST
 SNOW DEPTH         0   MM                             0  MM
 24 HR TOTAL      0.0   05/31 TO 05/31

DEGREE_DAYS
HEATING TOTAL     264               287     -23      305
 SINCE 7/1       7137              8454   -1317     8115
COOLING TOTAL      26                23       3        5
 SINCE 1/1         31                25       6        5
.................................................................

WIND (MPH)
AVERAGE WIND SPEED              7.8
HIGHEST WIND SPEED/DIRECTION    30/310    DATE  05/13
HIGHEST GUST SPEED/DIRECTION    41/140    DATE  05/09

SKY COVER
POSSIBLE SUNSHINE (PERCENT)   MM
AVERAGE SKY COVER           0.30
NUMBER OF DAYS FAIR           17
NUMBER OF DAYS PC             10
NUMBER OF DAYS CLOUDY          4

AVERAGE RH (PERCENT)     63

WEATHER CONDITIONS. NUMBER OF DAYS WITH
THUNDERSTORM              0     MIXED PRECIP               0
HEAVY RAIN                2     RAIN                       7
LIGHT RAIN               10     FREEZING RAIN              0
LT FREEZING RAIN          0     HAIL                       0
HEAVY SNOW                0     SNOW                       0
LIGHT SNOW                0     SLEET                      0
FOG                      14     FOG W/VIS <= 1/4 MILE      3
HAZE                      6

-  INDICATES NEGATIVE NUMBERS.
R  INDICATES RECORD WAS SET OR TIED.
MM INDICATES DATA IS MISSING.
T  INDICATES TRACE AMOUNT.

$$
