000
CXUS53 KMPX 010724
CLMSTC


CLIMATE REPORT
NATIONAL WEATHER SERVICE CHANHASSEN MN
221 AM CDT TUE OCT 1 2013

...................................

...THE ST CLOUD MN CLIMATE SUMMARY FOR THE MONTH OF SEPTEMBER 2013...

CLIMATE NORMAL PERIOD 1981 TO 2010
CLIMATE RECORD PERIOD 1893 TO 2013

WEATHER         OBSERVED          NORMAL  DEPART  LAST YEAR`S
                 VALUE   DATE(S)  VALUE   FROM    VALUE  DATE(S)
                                          NORMAL
................................................................
TEMPERATURE (F)
RECORD
 HIGH             106   09/10/1931
 LOW               18   09/22/1974
                        09/28/1942
HIGHEST            92   09/07        79      13       96  09/11
LOWEST             36   09/16        38      -2       27  09/27
AVG. MAXIMUM     75.2              70.3     4.9     75.5
AVG. MINIMUM     50.6              46.8     3.8     43.6
MEAN             62.9              58.6     4.3     59.6
DAYS MAX >= 90      2               0.3     1.7        2
DAYS MAX <= 32      0               0.0     0.0        0
DAYS MIN <= 32      0               1.5    -1.5        5
DAYS MIN <= 0       0               0.0     0.0        0

PRECIPITATION (INCHES)
RECORD
 MAXIMUM        10.72   1926
 MINIMUM         0.07   1952
TOTALS           1.87              3.46   -1.59     0.24
DAILY AVG.       0.06              0.12   -0.06     0.01
DAYS >= .01        11               9.9     1.1        4
DAYS >= .10         3               6.0    -3.0        0
DAYS >= .50         1               2.2    -1.2        0
DAYS >= 1.00        1               0.8     0.2        0
GREATEST
 24 HR. TOTAL    1.26   09/14 TO 09/15

SNOWFALL (INCHES)
RECORDS
 TOTAL            1.8   5
                        0
TOTALS            0.0                 T     0.0      0.0
SINCE 7/1         0.0                 T     0.0      0.0
SNOWDEPTH AVG.      0                MM      MM        0
DAYS >= 1.0         0               0.0     0.0        0
GREATEST
 SNOW DEPTH         0   MM                             0  MM
 24 HR TOTAL      0.0   09/30 TO 09/30

DEGREE_DAYS
HEATING TOTAL     129               228     -99      204
 SINCE 7/1        178               286    -108      235
COOLING TOTAL      74                34      40       48
 SINCE 1/1        578               463     115      739
.................................................................

WIND (MPH)
AVERAGE WIND SPEED              7.8
HIGHEST WIND SPEED/DIRECTION    29/150    DATE  09/26
HIGHEST GUST SPEED/DIRECTION    38/330    DATE  09/09

SKY COVER
POSSIBLE SUNSHINE (PERCENT)   MM
AVERAGE SKY COVER           0.30
NUMBER OF DAYS FAIR           18
NUMBER OF DAYS PC              9
NUMBER OF DAYS CLOUDY          3

AVERAGE RH (PERCENT)     71

WEATHER CONDITIONS. NUMBER OF DAYS WITH
THUNDERSTORM              0     MIXED PRECIP               0
HEAVY RAIN                1     RAIN                       3
LIGHT RAIN               11     FREEZING RAIN              0
LT FREEZING RAIN          0     HAIL                       0
HEAVY SNOW                0     SNOW                       0
LIGHT SNOW                0     SLEET                      0
FOG                      16     FOG W/VIS <= 1/4 MILE      3
HAZE                      3

-  INDICATES NEGATIVE NUMBERS.
R  INDICATES RECORD WAS SET OR TIED.
MM INDICATES DATA IS MISSING.
T  INDICATES TRACE AMOUNT.

$$
