000
CXUS53 KMPX 010723
CLMSTC


CLIMATE REPORT
NATIONAL WEATHER SERVICE CHANHASSEN MN
123 AM CST TUE DEC 1 2015

...................................

...THE ST CLOUD MN CLIMATE SUMMARY FOR THE MONTH OF NOVEMBER 2015...

CLIMATE NORMAL PERIOD 1981 TO 2010
CLIMATE RECORD PERIOD 1893 TO 2015

WEATHER         OBSERVED          NORMAL  DEPART  LAST YEAR`S
                 VALUE   DATE(S)  VALUE   FROM    VALUE  DATE(S)
                                          NORMAL
................................................................
TEMPERATURE (F)
RECORD
 HIGH              75   11/08/1999
 LOW              -23   11/30/1905
HIGHEST            68   11/03        52      16       57  11/02
                        11/02
LOWEST              7   11/28        12      -5       -7  11/21
AVG. MAXIMUM     46.9              39.0     7.9     31.1
AVG. MINIMUM     29.3              21.7     7.6     14.7
MEAN             38.1              30.4     7.7     22.9
DAYS MAX >= 90      0               0.0     0.0        0
DAYS MAX <= 32      4               9.0    -5.0       18
DAYS MIN <= 32     15              25.5   -10.5       26
DAYS MIN <= 0       0               1.6    -1.6        5

PRECIPITATION (INCHES)
RECORD
 MAXIMUM         4.16   1922
 MINIMUM         0.00   1916
                        1939
TOTALS           3.10              1.38    1.72     1.89
DAILY AVG.       0.10              0.05    0.05     0.06
DAYS >= .01         8               7.8     0.2       10
DAYS >= .10         5               3.6     1.4        3
DAYS >= .50         3               0.8     2.2        1
DAYS >= 1.00        1               0.1     0.9        1
GREATEST
 24 HR. TOTAL    1.67   11/17 TO 11/18

SNOWFALL (INCHES)
RECORDS
 TOTAL           25.0   5
                        0
TOTALS            5.5               8.4    -2.9     17.6
SINCE 7/1         5.7               9.2    -3.5     17.6
SNOWDEPTH AVG.      0                MM      MM        4
DAYS >= 1.0         1               2.2    -1.2        2
GREATEST
 SNOW DEPTH         0   MM                            11  11/12
                                                          11/11
 24 HR TOTAL      5.0   11/30 TO 11/30

DEGREE_DAYS
HEATING TOTAL     800              1040    -240     1256
 SINCE 7/1       1459              1925    -466     1932
COOLING TOTAL       0                 0       0        0
 SINCE 1/1        492               465      27      597
.................................................................

WIND (MPH)
AVERAGE WIND SPEED              9.7
HIGHEST WIND SPEED/DIRECTION    37/290    DATE  11/19
HIGHEST GUST SPEED/DIRECTION    50/280    DATE  11/19

SKY COVER
POSSIBLE SUNSHINE (PERCENT)   MM
AVERAGE SKY COVER           0.50
NUMBER OF DAYS FAIR           14
NUMBER OF DAYS PC              7
NUMBER OF DAYS CLOUDY          9

AVERAGE RH (PERCENT)     75

WEATHER CONDITIONS. NUMBER OF DAYS WITH
THUNDERSTORM              0     MIXED PRECIP               0
HEAVY RAIN                1     RAIN                       3
LIGHT RAIN                7     FREEZING RAIN              0
LT FREEZING RAIN          0     HAIL                       0
HEAVY SNOW                2     SNOW                       2
LIGHT SNOW                4     SLEET                      0
FOG                      17     FOG W/VIS <= 1/4 MILE      2
HAZE                      3

-  INDICATES NEGATIVE NUMBERS.
R  INDICATES RECORD WAS SET OR TIED.
MM INDICATES DATA IS MISSING.
T  INDICATES TRACE AMOUNT.

$$
