000
CXUS53 KMPX 010710
CLMSTC


CLIMATE REPORT
NATIONAL WEATHER SERVICE CHANHASSEN MN
209 AM CDT MON MAY 1 2017

...................................

...THE ST CLOUD MN CLIMATE SUMMARY FOR THE MONTH OF APRIL 2017...

CLIMATE NORMAL PERIOD 1981 TO 2010
CLIMATE RECORD PERIOD 1893 TO 2017

WEATHER         OBSERVED          NORMAL  DEPART  LAST YEAR`S
                 VALUE   DATE(S)  VALUE   FROM    VALUE  DATE(S)
                                          NORMAL
................................................................
TEMPERATURE (F)
RECORD
 HIGH              96   04/21/1980
 LOW               -3   04/04/1975
HIGHEST            73   04/08        67       6       80  04/14
LOWEST             24   04/07        25      -1       13  04/09
AVG. MAXIMUM     56.5              56.3     0.2     54.6
AVG. MINIMUM     35.4              32.7     2.7     34.9
MEAN             46.0              44.5     1.5     44.8
DAYS MAX >= 90      0               0.0     0.0        0
DAYS MAX <= 32      0               0.6    -0.6        0
DAYS MIN <= 32     13              14.2    -1.2       13
DAYS MIN <= 0       0               0.0     0.0        0

PRECIPITATION (INCHES)
RECORD
 MAXIMUM         8.42   2001
 MINIMUM         0.05   1987
TOTALS           3.27              2.57    0.70     1.74
DAILY AVG.       0.11              0.09    0.02     0.06
DAYS >= .01        11               9.1     1.9       14
DAYS >= .10         8               5.2     2.8        3
DAYS >= .50         1               1.7    -0.7        1
DAYS >= 1.00        0               0.4    -0.4        0
GREATEST
 24 HR. TOTAL    0.89   04/18 TO 04/18
                        04/17 TO 04/18
                        04/18 TO 04/18

SNOWFALL (INCHES)
RECORDS
 TOTAL           24.4   2013
TOTALS              T               3.0    -3.0      1.6
SINCE 7/1        30.9              45.7   -14.8     30.3
SNOWDEPTH AVG.      0                MM      MM        0
DAYS >= 1.0         0               1.0    -1.0        1
GREATEST
 SNOW DEPTH         0   MM                             0  MM
 24 HR TOTAL        T   04/30 TO 04/30

DEGREE_DAYS
HEATING TOTAL     563               617     -54      605
 SINCE 7/1       6979              8167   -1188     6873
COOLING TOTAL       0                 2      -2        5
 SINCE 1/1          0                 2      -2        5
.................................................................

WIND (MPH)
AVERAGE WIND SPEED              8.6
HIGHEST WIND SPEED/DIRECTION    35/180    DATE  04/24
HIGHEST GUST SPEED/DIRECTION    43/190    DATE  04/24

SKY COVER
POSSIBLE SUNSHINE (PERCENT)   MM
AVERAGE SKY COVER           0.50
NUMBER OF DAYS FAIR           13
NUMBER OF DAYS PC              8
NUMBER OF DAYS CLOUDY          9

AVERAGE RH (PERCENT)     70

WEATHER CONDITIONS. NUMBER OF DAYS WITH
THUNDERSTORM              0     MIXED PRECIP               0
HEAVY RAIN                4     RAIN                       7
LIGHT RAIN               13     FREEZING RAIN              0
LT FREEZING RAIN          0     HAIL                       0
HEAVY SNOW                0     SNOW                       0
LIGHT SNOW                3     SLEET                      0
FOG                      13     FOG W/VIS <= 1/4 MILE      2
HAZE                      2

-  INDICATES NEGATIVE NUMBERS.
R  INDICATES RECORD WAS SET OR TIED.
MM INDICATES DATA IS MISSING.
T  INDICATES TRACE AMOUNT.

$$
