000
CXUS53 KMPX 010848
CLMSTC


CLIMATE REPORT
NATIONAL WEATHER SERVICE CHANHASSEN MN
346 AM CDT SAT NOV 1 2014

...................................

...THE ST CLOUD MN CLIMATE SUMMARY FOR THE MONTH OF OCTOBER 2014...

CLIMATE NORMAL PERIOD 1981 TO 2010
CLIMATE RECORD PERIOD 1893 TO 2014

WEATHER         OBSERVED          NORMAL  DEPART  LAST YEAR`S
                 VALUE   DATE(S)  VALUE   FROM    VALUE  DATE(S)
                                          NORMAL
................................................................
TEMPERATURE (F)
RECORD
 HIGH              90   10/02/1992
                        10/02/1953
 LOW                2   10/25/1896
HIGHEST            73   10/19        69       4       77  10/08
                        10/16
LOWEST             21   10/31        27      -6       23  10/22
AVG. MAXIMUM     59.4              56.6     2.8     53.3
AVG. MINIMUM     37.0              34.9     2.1     36.5
MEAN             48.2              45.7     2.5     44.9
DAYS MAX >= 90      0               0.0     0.0        0
DAYS MAX <= 32      0               0.3    -0.3        0
DAYS MIN <= 32      7              12.4    -5.4       12
DAYS MIN <= 0       0               0.0     0.0        0

PRECIPITATION (INCHES)
RECORD
 MAXIMUM         7.95   1899
 MINIMUM         0.00   1895
TOTALS           0.65              2.49   -1.84     4.34
DAILY AVG.       0.02              0.08   -0.06     0.14
DAYS >= .01         8               9.3    -1.3       15
DAYS >= .10         2               5.2    -3.2        8
DAYS >= .50         0               1.4    -1.4        3
DAYS >= 1.00        0               0.6    -0.6        1
GREATEST
 24 HR. TOTAL    0.32   10/02 TO 10/03

SNOWFALL (INCHES)
RECORDS
 TOTAL            6.4   5
                        0
TOTALS            0.0               0.8    -0.8      0.8
SINCE 7/1         0.0               0.8    -0.8      0.8
SNOWDEPTH AVG.      0                MM      MM        0
DAYS >= 1.0         0               0.2    -0.2        0
GREATEST
 SNOW DEPTH         0   MM                             0  MM
 24 HR TOTAL      0.0   10/31 TO 10/31

DEGREE_DAYS
HEATING TOTAL     515               599     -84      614
 SINCE 7/1        676               885    -209      792
COOLING TOTAL       0                 2      -2        0
 SINCE 1/1        597               465     132      578
.................................................................

WIND (MPH)
AVERAGE WIND SPEED              9.2
HIGHEST WIND SPEED/DIRECTION    36/300    DATE  10/03
HIGHEST GUST SPEED/DIRECTION    47/290    DATE  10/03

SKY COVER
POSSIBLE SUNSHINE (PERCENT)   MM
AVERAGE SKY COVER           0.30
NUMBER OF DAYS FAIR           17
NUMBER OF DAYS PC              7
NUMBER OF DAYS CLOUDY          7

AVERAGE RH (PERCENT)     64

WEATHER CONDITIONS. NUMBER OF DAYS WITH
THUNDERSTORM              0     MIXED PRECIP               0
HEAVY RAIN                0     RAIN                       3
LIGHT RAIN                9     FREEZING RAIN              0
LT FREEZING RAIN          0     HAIL                       0
HEAVY SNOW                0     SNOW                       0
LIGHT SNOW                0     SLEET                      0
FOG                       9     FOG W/VIS <= 1/4 MILE      4
HAZE                      4

-  INDICATES NEGATIVE NUMBERS.
R  INDICATES RECORD WAS SET OR TIED.
MM INDICATES DATA IS MISSING.
T  INDICATES TRACE AMOUNT.

$$
