000
CXUS53 KMPX 011419
CLMSTC


CLIMATE REPORT
NATIONAL WEATHER SERVICE CHANHASSEN MN
919 AM CDT THU OCT 1 2015

...................................

...THE ST CLOUD MN CLIMATE SUMMARY FOR THE MONTH OF SEPTEMBER 2015...

CLIMATE NORMAL PERIOD 1981 TO 2010
CLIMATE RECORD PERIOD 1893 TO 2015

WEATHER         OBSERVED          NORMAL  DEPART  LAST YEAR`S
                 VALUE   DATE(S)  VALUE   FROM    VALUE  DATE(S)
                                          NORMAL
................................................................
TEMPERATURE (F)
RECORD
 HIGH             106   09/10/1931
 LOW               18   09/22/1974
                        09/28/1942
HIGHEST            89   09/04        79      10       85  09/28
                                                          09/27
LOWEST             32   09/30        38      -6       33  09/13
AVG. MAXIMUM     75.7              70.3     5.4     72.0
AVG. MINIMUM     53.8              46.8     7.0     50.4
MEAN             64.8              58.6     6.2     61.2
DAYS MAX >= 90      0               0.3    -0.3        0
DAYS MAX <= 32      0               0.0     0.0        0
DAYS MIN <= 32      1               1.5    -0.5        0
DAYS MIN <= 0       0               0.0     0.0        0

PRECIPITATION (INCHES)
RECORD
 MAXIMUM        10.72   1926
 MINIMUM         0.07   1952
TOTALS           2.24              3.46   -1.22     4.06
DAILY AVG.       0.07              0.12   -0.05     0.14
DAYS >= .01        12               9.9     2.1        8
DAYS >= .10         6               6.0     0.0        6
DAYS >= .50         1               2.2    -1.2        1
DAYS >= 1.00        0               0.8    -0.8        1
GREATEST
 24 HR. TOTAL    0.64   09/06 TO 09/06
                        09/05 TO 09/06
                        09/06 TO 09/06

SNOWFALL (INCHES)
RECORDS
 TOTAL            1.8   5
                        0
TOTALS            0.0                 T     0.0      0.0
SINCE 7/1         0.0                 T     0.0      0.0
SNOWDEPTH AVG.      0                MM      MM        0
DAYS >= 1.0         0               0.0     0.0        0
GREATEST
 SNOW DEPTH         0   MM                             0  MM
 24 HR TOTAL      0.0   09/30 TO 09/30

DEGREE_DAYS
HEATING TOTAL     106               228    -122      152
 SINCE 7/1        158               286    -128      161
COOLING TOTAL     106                34      72       43
 SINCE 1/1        492               463      29      597
.................................................................

WIND (MPH)
AVERAGE WIND SPEED              7.9
HIGHEST WIND SPEED/DIRECTION    29/200    DATE  09/06
HIGHEST GUST SPEED/DIRECTION    40/180    DATE  09/06

SKY COVER
POSSIBLE SUNSHINE (PERCENT)   MM
AVERAGE SKY COVER           0.30
NUMBER OF DAYS FAIR           19
NUMBER OF DAYS PC             10
NUMBER OF DAYS CLOUDY          1

AVERAGE RH (PERCENT)     74

WEATHER CONDITIONS. NUMBER OF DAYS WITH
THUNDERSTORM              0     MIXED PRECIP               0
HEAVY RAIN                4     RAIN                       3
LIGHT RAIN               12     FREEZING RAIN              0
LT FREEZING RAIN          0     HAIL                       0
HEAVY SNOW                0     SNOW                       0
LIGHT SNOW                0     SLEET                      0
FOG                      14     FOG W/VIS <= 1/4 MILE      4
HAZE                      4

-  INDICATES NEGATIVE NUMBERS.
R  INDICATES RECORD WAS SET OR TIED.
MM INDICATES DATA IS MISSING.
T  INDICATES TRACE AMOUNT.

$$
