000
CXUS53 KMPX 011251
CLMSTC


CLIMATE REPORT
NATIONAL WEATHER SERVICE CHANHASSEN MN
747 AM CDT TUE SEP 1 2015

...................................

...THE ST CLOUD MN CLIMATE SUMMARY FOR THE MONTH OF AUGUST 2015...

CLIMATE NORMAL PERIOD 1981 TO 2010
CLIMATE RECORD PERIOD 1893 TO 2015

WEATHER         OBSERVED          NORMAL  DEPART  LAST YEAR`S
                 VALUE   DATE(S)  VALUE   FROM    VALUE  DATE(S)
                                          NORMAL
................................................................
TEMPERATURE (F)
RECORD
 HIGH             105   08/15/1936
 LOW               33   08/21/2004
                        08/31/1974
HIGHEST            91   08/14        88       3       89  08/24
                                                          08/01
LOWEST             42   08/26        51      -9       51  08/26
AVG. MAXIMUM     78.0              79.6    -1.6     81.4
AVG. MINIMUM     56.2              56.0     0.2     61.0
MEAN             67.1              67.8    -0.7     71.2
DAYS MAX >= 90      1               2.1    -1.1        0
DAYS MAX <= 32      0               0.0     0.0        0
DAYS MIN <= 32      0               0.0     0.0        0
DAYS MIN <= 0       0               0.0     0.0        0

PRECIPITATION (INCHES)
RECORD
 MAXIMUM         9.28   1900
 MINIMUM         0.42   1933
TOTALS           3.10              3.79   -0.69     5.59
DAILY AVG.       0.10              0.12   -0.02     0.18
DAYS >= .01        10               9.3     0.7       11
DAYS >= .10         5               5.8    -0.8        5
DAYS >= .50         3               2.5     0.5        4
DAYS >= 1.00        0               1.1    -1.1        3
GREATEST
 24 HR. TOTAL    0.90   08/06 TO 08/07

SNOWFALL (INCHES)
RECORDS
 TOTAL            0.0   MM
TOTALS            0.0               0.0     0.0      0.0
SINCE 7/1         0.0               0.0     0.0      0.0
SNOWDEPTH AVG.      0                MM      MM        0
DAYS >= 1.0         0               0.0     0.0        0
GREATEST
 SNOW DEPTH         0   MM                             0  MM
 24 HR TOTAL      0.0   08/31 TO 08/31

DEGREE_DAYS
HEATING TOTAL      40                41      -1        2
 SINCE 7/1         52                58      -6        9
COOLING TOTAL     112               127     -15      202
 SINCE 1/1        386               429     -43      554
.................................................................

WIND (MPH)
AVERAGE WIND SPEED              7.8
HIGHEST WIND SPEED/DIRECTION    31/300    DATE  08/24
HIGHEST GUST SPEED/DIRECTION    39/MM     DATE   MM

SKY COVER
POSSIBLE SUNSHINE (PERCENT)   MM
AVERAGE SKY COVER           0.30
NUMBER OF DAYS FAIR           21
NUMBER OF DAYS PC              6
NUMBER OF DAYS CLOUDY          4

AVERAGE RH (PERCENT)     75

WEATHER CONDITIONS. NUMBER OF DAYS WITH
THUNDERSTORM              0     MIXED PRECIP               0
HEAVY RAIN                4     RAIN                       5
LIGHT RAIN               11     FREEZING RAIN              0
LT FREEZING RAIN          0     HAIL                       0
HEAVY SNOW                0     SNOW                       0
LIGHT SNOW                0     SLEET                      0
FOG                      18     FOG W/VIS <= 1/4 MILE      4
HAZE                      0

-  INDICATES NEGATIVE NUMBERS.
R  INDICATES RECORD WAS SET OR TIED.
MM INDICATES DATA IS MISSING.
T  INDICATES TRACE AMOUNT.

$$
