000
CXUS53 KMPX 011023
CLMSTC


CLIMATE REPORT
NATIONAL WEATHER SERVICE CHANHASSEN MN
523 AM CDT WED NOV 1 2017

...................................

...THE ST CLOUD MN CLIMATE SUMMARY FOR THE MONTH OF OCTOBER 2017...

CLIMATE NORMAL PERIOD 1981 TO 2010
CLIMATE RECORD PERIOD 1893 TO 2017

WEATHER         OBSERVED          NORMAL  DEPART  LAST YEAR`S
                 VALUE   DATE(S)  VALUE   FROM    VALUE  DATE(S)
                                          NORMAL
................................................................
TEMPERATURE (F)
RECORD
 HIGH              90   10/02/1992
                        10/02/1953
 LOW                2   10/25/1896
HIGHEST            77   10/20        69       8       75  10/03
LOWEST             23   10/31        27      -4       27  10/24
AVG. MAXIMUM     57.2              56.6     0.6     58.3
AVG. MINIMUM     37.3              34.9     2.4     39.5
MEAN             47.2              45.7     1.5     48.9
DAYS MAX >= 90      0               0.0     0.0        0
DAYS MAX <= 32      0               0.3    -0.3        0
DAYS MIN <= 32     11              12.4    -1.4        7
DAYS MIN <= 0       0               0.0     0.0        0

PRECIPITATION (INCHES)
RECORD
 MAXIMUM         7.95   1899
 MINIMUM         0.00   1895
TOTALS           5.08              2.49    2.59     2.68
DAILY AVG.       0.16              0.08    0.08     0.09
DAYS >= .01        11               9.3     1.7       13
DAYS >= .10         7               5.2     1.8        6
DAYS >= .50         4               1.4     2.6        1
DAYS >= 1.00        2               0.6     1.4        0
GREATEST
 24 HR. TOTAL    1.55   10/02 TO 10/02

SNOWFALL (INCHES)
RECORDS
 TOTAL            6.4   5
                        0
TOTALS            1.4               0.8     0.6      0.0
SINCE 7/1         1.4               0.8     0.6      0.0
SNOWDEPTH AVG.      0                MM      MM        0
DAYS >= 1.0         1               0.2     0.8        0
GREATEST
 SNOW DEPTH         1   10/27                          0  MM
 24 HR TOTAL      1.4   10/27 TO 10/27

DEGREE_DAYS
HEATING TOTAL     543               599     -56      492
 SINCE 7/1        722               885    -163      632
COOLING TOTAL       0                 2      -2        0
 SINCE 1/1        361               465    -104      506
.................................................................

WIND (MPH)
AVERAGE WIND SPEED              9.2
HIGHEST WIND SPEED/DIRECTION    31/300    DATE  10/30
HIGHEST GUST SPEED/DIRECTION    43/290    DATE  10/29

SKY COVER
POSSIBLE SUNSHINE (PERCENT)   MM
AVERAGE SKY COVER           0.40
NUMBER OF DAYS FAIR           12
NUMBER OF DAYS PC             12
NUMBER OF DAYS CLOUDY          7

AVERAGE RH (PERCENT)     73

WEATHER CONDITIONS. NUMBER OF DAYS WITH
THUNDERSTORM              0     MIXED PRECIP               0
HEAVY RAIN                4     RAIN                       7
LIGHT RAIN                9     FREEZING RAIN              0
LT FREEZING RAIN          0     HAIL                       0
HEAVY SNOW                0     SNOW                       1
LIGHT SNOW                3     SLEET                      0
FOG                      12     FOG W/VIS <= 1/4 MILE      1
HAZE                      0

-  INDICATES NEGATIVE NUMBERS.
R  INDICATES RECORD WAS SET OR TIED.
MM INDICATES DATA IS MISSING.
T  INDICATES TRACE AMOUNT.

$$
