000
CXUS53 KMPX 022314
CLMSTC


CLIMATE REPORT
NATIONAL WEATHER SERVICE CHANHASSEN MN
614 PM CDT MON JUN 2 2014

...................................

...THE ST CLOUD MN CLIMATE SUMMARY FOR THE MONTH OF MAY 2014...

CLIMATE NORMAL PERIOD 1981 TO 2010
CLIMATE RECORD PERIOD 1893 TO 2014

WEATHER         OBSERVED          NORMAL  DEPART  LAST YEAR`S
                 VALUE   DATE(S)  VALUE   FROM    VALUE  DATE(S)
                                          NORMAL
................................................................
TEMPERATURE (F)
RECORD
 HIGH             105   05/31/1934
 LOW               18   05/03/1907
HIGHEST            87   05/30        79       8       95  05/14
LOWEST             33   05/04        35      -2       28  05/12
                                                          05/03
AVG. MAXIMUM     68.1              68.8    -0.7     65.1
AVG. MINIMUM     47.2              44.2     3.0     43.7
MEAN             57.6              56.5     1.1     54.4
DAYS MAX >= 90      0               0.4    -0.4        1
DAYS MAX <= 32      0               0.0     0.0        0
DAYS MIN <= 32      0               2.4    -2.4        6
DAYS MIN <= 0       0               0.0     0.0        0

PRECIPITATION (INCHES)
RECORD
 MAXIMUM         9.68   1912
 MINIMUM         0.20   1900
TOTALS           6.74              2.95    3.79     4.98
DAILY AVG.       0.22              0.10    0.12     0.16
DAYS >= .01        12              10.9     1.1       15
DAYS >= .10        10               6.5     3.5       10
DAYS >= .50         5               2.1     2.9        4
DAYS >= 1.00        2               0.5     1.5        1
GREATEST
 24 HR. TOTAL    2.42   05/07 TO 05/08

SNOWFALL (INCHES)
RECORDS
 TOTAL            3.3   5
TOTALS            0.0                 T     0.0      0.0
SINCE 7/1        75.5              45.7    29.8     78.5
SNOWDEPTH AVG.      0                MM      MM        0
DAYS >= 1.0         0               0.0     0.0        0
GREATEST
 SNOW DEPTH         0   MM                             0  MM
 24 HR TOTAL      0.0   05/31 TO 05/31

DEGREE_DAYS
HEATING TOTAL     266               287     -21      331
 SINCE 7/1       9498              8454    1044     8785
COOLING TOTAL      44                23      21       11
 SINCE 1/1         44                25      19       11
.................................................................

WIND (MPH)
AVERAGE WIND SPEED              7.7
HIGHEST WIND SPEED/DIRECTION    26/300    DATE  05/03
HIGHEST GUST SPEED/DIRECTION    33/200    DATE  05/18

SKY COVER
POSSIBLE SUNSHINE (PERCENT)   MM
AVERAGE SKY COVER           0.50
NUMBER OF DAYS FAIR           12
NUMBER OF DAYS PC             10
NUMBER OF DAYS CLOUDY          9

AVERAGE RH (PERCENT)     61

WEATHER CONDITIONS. NUMBER OF DAYS WITH
THUNDERSTORM              0     MIXED PRECIP               0
HEAVY RAIN                4     RAIN                       6
LIGHT RAIN               12     FREEZING RAIN              0
LT FREEZING RAIN          0     HAIL                       0
HEAVY SNOW                0     SNOW                       0
LIGHT SNOW                0     SLEET                      0
FOG                      11     FOG W/VIS <= 1/4 MILE      3
HAZE                      7

-  INDICATES NEGATIVE NUMBERS.
R  INDICATES RECORD WAS SET OR TIED.
MM INDICATES DATA IS MISSING.
T  INDICATES TRACE AMOUNT.

$$
