000
CXUS53 KMPX 010646
CLMSTC


CLIMATE REPORT
NATIONAL WEATHER SERVICE CHANHASSEN MN
1246 AM CST SAT MAR 1 2014

...................................

...THE ST CLOUD MN CLIMATE SUMMARY FOR THE MONTH OF FEBRUARY 2014...

CLIMATE NORMAL PERIOD 1981 TO 2010
CLIMATE RECORD PERIOD 1893 TO 2014

WEATHER         OBSERVED          NORMAL  DEPART  LAST YEAR`S
                 VALUE   DATE(S)  VALUE   FROM    VALUE  DATE(S)
                                          NORMAL
................................................................
TEMPERATURE (F)
RECORD
 HIGH              58   02/27/1932
 LOW              -40   02/02/1996
HIGHEST            43   02/18        40       3       40  02/27
LOWEST            -25   02/11       -15     -10      -18  02/01
AVG. MAXIMUM     16.4              26.8   -10.4     24.5
AVG. MINIMUM     -5.5               7.2   -12.7      5.1
MEAN              5.5              17.0   -11.5     14.8
DAYS MAX >= 90      0               0.0     0.0        0
DAYS MAX <= 32     25              17.7     7.3       22
DAYS MIN <= 32     28              27.1     0.9       28
DAYS MIN <= 0      20               9.0    11.0       12

PRECIPITATION (INCHES)
RECORD
 MAXIMUM         2.94   1922
 MINIMUM         0.00   1894
                        1901
                        1902
TOTALS           1.17              0.59    0.58     1.33
DAILY AVG.       0.04              0.02    0.02     0.05
DAYS >= .01         7               6.4     0.6        8
DAYS >= .10         2               2.1    -0.1        3
DAYS >= .50         1               0.1     0.9        1
DAYS >= 1.00        0               0.0     0.0        0
GREATEST
 24 HR. TOTAL    0.61   02/20 TO 02/21

SNOWFALL (INCHES)
RECORDS
 TOTAL           21.6   5
                        0
TOTALS           13.5               7.0     6.5     16.8
SINCE 7/1        54.3              34.2    20.1     37.5
SNOWDEPTH AVG.     18                 7      11       10
DAYS >= 1.0         2               2.5    -0.5        5
GREATEST
 SNOW DEPTH        25R  02/21                         14  02/23
                                                          02/22
                                                          02/14
 24 HR TOTAL      7.6   MM

DEGREE_DAYS
HEATING TOTAL    1659              1344     315     1400
 SINCE 7/1       7209              6446     763     6270
COOLING TOTAL       0                 0       0        0
 SINCE 1/1          0                 0       0        0
.................................................................

WIND (MPH)
AVERAGE WIND SPEED              9.3
HIGHEST WIND SPEED/DIRECTION    39/310    DATE  02/26
HIGHEST GUST SPEED/DIRECTION    48/300    DATE  02/26

SKY COVER
POSSIBLE SUNSHINE (PERCENT)   MM
AVERAGE SKY COVER           0.30
NUMBER OF DAYS FAIR           18
NUMBER OF DAYS PC              8
NUMBER OF DAYS CLOUDY          2

AVERAGE RH (PERCENT)     68

WEATHER CONDITIONS. NUMBER OF DAYS WITH
THUNDERSTORM              0     MIXED PRECIP               0
HEAVY RAIN                0     RAIN                       0
LIGHT RAIN                0     FREEZING RAIN              0
LT FREEZING RAIN          0     HAIL                       0
HEAVY SNOW                1     SNOW                       3
LIGHT SNOW               11     SLEET                      0
FOG                       6     FOG W/VIS <= 1/4 MILE      3
HAZE                     15

-  INDICATES NEGATIVE NUMBERS.
R  INDICATES RECORD WAS SET OR TIED.
MM INDICATES DATA IS MISSING.
T  INDICATES TRACE AMOUNT.

$$
