000
CXUS53 KMPX 011138
CLMSTC


CLIMATE REPORT
NATIONAL WEATHER SERVICE CHANHASSEN MN
638 AM CDT THU AUG 1 2013

...................................

...THE ST CLOUD MN CLIMATE SUMMARY FOR THE MONTH OF JULY 2013...

CLIMATE NORMAL PERIOD 1981 TO 2010
CLIMATE RECORD PERIOD 1893 TO 2013

WEATHER         OBSERVED          NORMAL  DEPART  LAST YEAR`S
                 VALUE   DATE(S)  VALUE   FROM    VALUE  DATE(S)
                                          NORMAL
................................................................
TEMPERATURE (F)
RECORD
 HIGH             107   07/13/1936
                        07/23/1934
                        07/22/1934
 LOW               40   07/07/1972
HIGHEST            94   07/18        93       1       99  07/16
LOWEST             43   07/28        52      -9       56  07/10
AVG. MAXIMUM     82.2              82.3    -0.1     88.0
AVG. MINIMUM     59.5              58.4     1.1     65.0
MEAN             70.8              70.3     0.5     76.5
DAYS MAX >= 90      4               3.8     0.2        9
DAYS MAX <= 32      0               0.0     0.0        0
DAYS MIN <= 32      0               0.0     0.0        0
DAYS MIN <= 0       0               0.0     0.0        0

PRECIPITATION (INCHES)
RECORD
 MAXIMUM        12.81   1897
 MINIMUM         0.21   1975
TOTALS           1.43              3.31   -1.88     3.59
DAILY AVG.       0.05              0.11   -0.06     0.12
DAYS >= .01         9              10.5    -1.5        9
DAYS >= .10         5               6.1    -1.1        7
DAYS >= .50         1               2.4    -1.4        2
DAYS >= 1.00        0               0.8    -0.8        1
GREATEST
 24 HR. TOTAL    0.64   07/09 TO 07/09
                        07/08 TO 07/09
                        07/09 TO 07/09

SNOWFALL (INCHES)
RECORDS
 TOTAL            0.0   5
                        0
TOTALS            0.0               0.0     0.0      0.0
SINCE 7/1         0.0               0.0     0.0      0.0
SNOWDEPTH AVG.      0                MM      MM        0
DAYS >= 1.0         0               0.0     0.0        0
GREATEST
 SNOW DEPTH         0   MM                             0  MM
 24 HR TOTAL      0.0   07/31 TO 07/31

DEGREE_DAYS
HEATING TOTAL      26                17       9        0
 SINCE 7/1         26                17       9        0
COOLING TOTAL     217               182      35      364
 SINCE 1/1        327               302      25      565
.................................................................

WIND (MPH)
AVERAGE WIND SPEED              7.0
HIGHEST WIND SPEED/DIRECTION    30/320    DATE  07/19
HIGHEST GUST SPEED/DIRECTION    43/320    DATE  07/19

SKY COVER
POSSIBLE SUNSHINE (PERCENT)   MM
AVERAGE SKY COVER           0.30
NUMBER OF DAYS FAIR           22
NUMBER OF DAYS PC              6
NUMBER OF DAYS CLOUDY          3

AVERAGE RH (PERCENT)     69

WEATHER CONDITIONS. NUMBER OF DAYS WITH
THUNDERSTORM              0     MIXED PRECIP               0
HEAVY RAIN                5     RAIN                       3
LIGHT RAIN               10     FREEZING RAIN              0
LT FREEZING RAIN          0     HAIL                       0
HEAVY SNOW                0     SNOW                       0
LIGHT SNOW                0     SLEET                      0
FOG                      18     FOG W/VIS <= 1/4 MILE      2
HAZE                      6

-  INDICATES NEGATIVE NUMBERS.
R  INDICATES RECORD WAS SET OR TIED.
MM INDICATES DATA IS MISSING.
T  INDICATES TRACE AMOUNT.

$$
