422
CXUS53 KMPX 011549
CLMSTC


CLIMATE REPORT
NATIONAL WEATHER SERVICE CHANHASSEN MN
949 AM CST THU DEC 1 2016

...................................

...THE ST CLOUD MN CLIMATE SUMMARY FOR THE MONTH OF NOVEMBER 2016...

CLIMATE NORMAL PERIOD 1981 TO 2010
CLIMATE RECORD PERIOD 1893 TO 2016

WEATHER         OBSERVED          NORMAL  DEPART  LAST YEAR`S
                 VALUE   DATE(S)  VALUE   FROM    VALUE  DATE(S)
                                          NORMAL
................................................................
TEMPERATURE (F)
RECORD
 HIGH              75   11/08/1999
 LOW              -23   11/30/1905
HIGHEST            72   11/05        52      20       68  11/03
                                                          11/02
LOWEST             14   11/19        12       2        7  11/28
AVG. MAXIMUM     49.5              39.0    10.5     46.9
AVG. MINIMUM     30.6              21.7     8.9     29.3
MEAN             40.0              30.4     9.6     38.1
DAYS MAX >= 90      0               0.0     0.0        0
DAYS MAX <= 32      3               9.0    -6.0        4
DAYS MIN <= 32     19              25.5    -6.5       15
DAYS MIN <= 0       0               1.6    -1.6        0

PRECIPITATION (INCHES)
RECORD
 MAXIMUM         4.16   1922
 MINIMUM         0.00   1916
                        1939
TOTALS           1.69              1.38    0.31     3.10
DAILY AVG.       0.06              0.05    0.01     0.10
DAYS >= .01         8               7.8     0.2        8
DAYS >= .10         5               3.6     1.4        5
DAYS >= .50         1               0.8     0.2        3
DAYS >= 1.00        0               0.1    -0.1        1
GREATEST
 24 HR. TOTAL    0.66   11/17 TO 11/18

SNOWFALL (INCHES)
RECORDS
 TOTAL           25.0   5
                        0
TOTALS            7.3               8.4    -1.1      5.5
SINCE 7/1         7.3               9.2    -1.9      5.7
SNOWDEPTH AVG.      1                MM      MM        0
DAYS >= 1.0         3               2.2     0.8        1
GREATEST
 SNOW DEPTH         4   11/23                          0  MM
 24 HR TOTAL      4.1   MM

DEGREE_DAYS
HEATING TOTAL     742              1040    -298      800
 SINCE 7/1       1374              1925    -551     1459
COOLING TOTAL       0                 0       0        0
 SINCE 1/1        506               465      41      492
.................................................................

WIND (MPH)
AVERAGE WIND SPEED              7.3
HIGHEST WIND SPEED/DIRECTION    35/350    DATE  11/18
HIGHEST GUST SPEED/DIRECTION    45/340    DATE  11/18

SKY COVER
POSSIBLE SUNSHINE (PERCENT)   MM
AVERAGE SKY COVER           0.40
NUMBER OF DAYS FAIR           15
NUMBER OF DAYS PC              6
NUMBER OF DAYS CLOUDY          9

AVERAGE RH (PERCENT)     79

WEATHER CONDITIONS. NUMBER OF DAYS WITH
THUNDERSTORM              0     MIXED PRECIP               0
HEAVY RAIN                1     RAIN                       2
LIGHT RAIN                6     FREEZING RAIN              0
LT FREEZING RAIN          0     HAIL                       0
HEAVY SNOW                0     SNOW                       3
LIGHT SNOW                6     SLEET                      0
FOG                      16     FOG W/VIS <= 1/4 MILE      6
HAZE                      0

-  INDICATES NEGATIVE NUMBERS.
R  INDICATES RECORD WAS SET OR TIED.
MM INDICATES DATA IS MISSING.
T  INDICATES TRACE AMOUNT.

$$
