000
CXUS53 KMPX 010707
CLMSTC


CLIMATE REPORT
NATIONAL WEATHER SERVICE CHANHASSEN MN
202 AM CDT TUE JUL 1 2014

...................................

...THE ST CLOUD MN CLIMATE SUMMARY FOR THE MONTH OF JUNE 2014...

CLIMATE NORMAL PERIOD 1981 TO 2010
CLIMATE RECORD PERIOD 1893 TO 2014

WEATHER         OBSERVED          NORMAL  DEPART  LAST YEAR`S
                 VALUE   DATE(S)  VALUE   FROM    VALUE  DATE(S)
                                          NORMAL
................................................................
TEMPERATURE (F)
RECORD
 HIGH             102   06/24/1988
                        06/28/1931
 LOW               32   06/01/1993
HIGHEST            85   06/29        88      -3       90  06/20
                        06/28
LOWEST             46   06/13        46       0       40  06/03
                        06/08
AVG. MAXIMUM     78.5              77.5     1.0     75.5
AVG. MINIMUM     58.1              53.6     4.5     54.8
MEAN             68.3              65.6     2.7     65.1
DAYS MAX >= 90      0               1.8    -1.8        1
DAYS MAX <= 32      0               0.0     0.0        0
DAYS MIN <= 32      0               0.0     0.0        0
DAYS MIN <= 0       0               0.0     0.0        0

PRECIPITATION (INCHES)
RECORD
 MAXIMUM        10.56   1920
 MINIMUM         0.05   1988
TOTALS           6.18              4.17    2.01     5.76
DAILY AVG.       0.21              0.14    0.07     0.19
DAYS >= .01        16              12.1     3.9       11
DAYS >= .10        10               7.7     2.3        9
DAYS >= .50         3               2.5     0.5        4
DAYS >= 1.00        1               0.9     0.1        2
GREATEST
 24 HR. TOTAL    2.29   06/14 TO 06/15

SNOWFALL (INCHES)
RECORDS
 TOTAL              T   2011
TOTALS            0.0               0.0     0.0      0.0
SINCE 7/1        75.5              45.7    29.8     78.5
SNOWDEPTH AVG.      0                MM      MM        0
DAYS >= 1.0         0               0.0     0.0        0
GREATEST
 SNOW DEPTH         0   MM                             0  MM
 24 HR TOTAL      0.0   06/30 TO 06/30

DEGREE_DAYS
HEATING TOTAL      26                78     -52       87
 SINCE 7/1       9524              8532     992     8872
COOLING TOTAL     133                95      38       99
 SINCE 1/1        177               120      57      110
.................................................................

WIND (MPH)
AVERAGE WIND SPEED              7.3
HIGHEST WIND SPEED/DIRECTION    35/150    DATE  06/16
HIGHEST GUST SPEED/DIRECTION    56/130    DATE  06/16

SKY COVER
POSSIBLE SUNSHINE (PERCENT)   MM
AVERAGE SKY COVER           0.40
NUMBER OF DAYS FAIR           14
NUMBER OF DAYS PC             13
NUMBER OF DAYS CLOUDY          3

AVERAGE RH (PERCENT)     68

WEATHER CONDITIONS. NUMBER OF DAYS WITH
THUNDERSTORM              8     MIXED PRECIP               0
HEAVY RAIN                4     RAIN                       9
LIGHT RAIN               16     FREEZING RAIN              0
LT FREEZING RAIN          0     HAIL                       0
HEAVY SNOW                0     SNOW                       0
LIGHT SNOW                0     SLEET                      0
FOG                      21     FOG W/VIS <= 1/4 MILE      3
HAZE                      5

-  INDICATES NEGATIVE NUMBERS.
R  INDICATES RECORD WAS SET OR TIED.
MM INDICATES DATA IS MISSING.
T  INDICATES TRACE AMOUNT.

$$
