935
CXUS53 KMPX 011429
CLMSTC


CLIMATE REPORT
NATIONAL WEATHER SERVICE CHANHASSEN MN
928 AM CDT THU SEP 1 2016

...................................

...THE ST CLOUD MN CLIMATE SUMMARY FOR THE MONTH OF AUGUST 2016...

CLIMATE NORMAL PERIOD 1981 TO 2010
CLIMATE RECORD PERIOD 1893 TO 2016

WEATHER         OBSERVED          NORMAL  DEPART  LAST YEAR`S
                 VALUE   DATE(S)  VALUE   FROM    VALUE  DATE(S)
                                          NORMAL
................................................................
TEMPERATURE (F)
RECORD
 HIGH             105   08/15/1936
 LOW               33   08/21/2004
                        08/31/1974
HIGHEST            91   08/10        88       3       91  08/14
LOWEST             48   08/26        51      -3       42  08/26
AVG. MAXIMUM     80.1              79.6     0.5     78.0
AVG. MINIMUM     58.5              56.0     2.5     56.2
MEAN             69.3              67.8     1.5     67.1
DAYS MAX >= 90      2               2.1    -0.1        1
DAYS MAX <= 32      0               0.0     0.0        0
DAYS MIN <= 32      0               0.0     0.0        0
DAYS MIN <= 0       0               0.0     0.0        0

PRECIPITATION (INCHES)
RECORD
 MAXIMUM         9.28   1900
 MINIMUM         0.42   1933
TOTALS           8.36              3.79    4.57     3.10
DAILY AVG.       0.27              0.12    0.15     0.10
DAYS >= .01        12               9.3     2.7       10
DAYS >= .10         6               5.8     0.2        5
DAYS >= .50         4               2.5     1.5        3
DAYS >= 1.00        2               1.1     0.9        0
GREATEST
 24 HR. TOTAL    4.08   08/29 TO 08/29

SNOWFALL (INCHES)
RECORDS
 TOTAL            0.0   MM
TOTALS            0.0               0.0     0.0      0.0
SINCE 7/1         0.0               0.0     0.0      0.0
SNOWDEPTH AVG.      0                MM      MM        0
DAYS >= 1.0         0               0.0     0.0        0
GREATEST
 SNOW DEPTH         0   MM                             0  MM
 24 HR TOTAL      0.0   08/31 TO 08/31

DEGREE_DAYS
HEATING TOTAL      15                41     -26       40
 SINCE 7/1         22                58     -36       52
COOLING TOTAL     157               127      30      112
 SINCE 1/1        478               429      49      386
.................................................................

WIND (MPH)
AVERAGE WIND SPEED              6.2
HIGHEST WIND SPEED/DIRECTION    28/360    DATE  08/12
HIGHEST GUST SPEED/DIRECTION    40/360    DATE  08/12

SKY COVER
POSSIBLE SUNSHINE (PERCENT)   MM
AVERAGE SKY COVER           0.30
NUMBER OF DAYS FAIR           20
NUMBER OF DAYS PC              8
NUMBER OF DAYS CLOUDY          3

AVERAGE RH (PERCENT)     78

WEATHER CONDITIONS. NUMBER OF DAYS WITH
THUNDERSTORM              0     MIXED PRECIP               0
HEAVY RAIN                4     RAIN                       6
LIGHT RAIN               12     FREEZING RAIN              0
LT FREEZING RAIN          0     HAIL                       0
HEAVY SNOW                0     SNOW                       0
LIGHT SNOW                0     SLEET                      0
FOG                      23     FOG W/VIS <= 1/4 MILE      4
HAZE                      0

-  INDICATES NEGATIVE NUMBERS.
R  INDICATES RECORD WAS SET OR TIED.
MM INDICATES DATA IS MISSING.
T  INDICATES TRACE AMOUNT.

$$
