000
CXUS53 KMPX 010732
CLMSTC


CLIMATE REPORT
NATIONAL WEATHER SERVICE CHANHASSEN MN
130 AM CST SUN NOV 1 2015

...................................

...THE ST CLOUD MN CLIMATE SUMMARY FOR THE MONTH OF OCTOBER 2015...

CLIMATE NORMAL PERIOD 1981 TO 2010
CLIMATE RECORD PERIOD 1893 TO 2015

WEATHER         OBSERVED          NORMAL  DEPART  LAST YEAR`S
                 VALUE   DATE(S)  VALUE   FROM    VALUE  DATE(S)
                                          NORMAL
................................................................
TEMPERATURE (F)
RECORD
 HIGH              90   10/02/1992
                        10/02/1953
 LOW                2   10/25/1896
HIGHEST            83   10/11        69      14       73  10/19
                                                          10/16
LOWEST             25   10/17        27      -2       21  10/31
AVG. MAXIMUM     59.5              56.6     2.9     59.4
AVG. MINIMUM     37.7              34.9     2.8     37.0
MEAN             48.6              45.7     2.9     48.2
DAYS MAX >= 90      0               0.0     0.0        0
DAYS MAX <= 32      0               0.3    -0.3        0
DAYS MIN <= 32      5              12.4    -7.4        7
DAYS MIN <= 0       0               0.0     0.0        0

PRECIPITATION (INCHES)
RECORD
 MAXIMUM         7.95   1899
 MINIMUM         0.00   1895
TOTALS           3.14              2.49    0.65     0.65
DAILY AVG.       0.10              0.08    0.02     0.02
DAYS >= .01        11               9.3     1.7        8
DAYS >= .10         6               5.2     0.8        2
DAYS >= .50         3               1.4     1.6        0
DAYS >= 1.00        0               0.6    -0.6        0
GREATEST
 24 HR. TOTAL    1.29   10/27 TO 10/28

SNOWFALL (INCHES)
RECORDS
 TOTAL            6.4
TOTALS            0.2               0.8    -0.6      0.0
SINCE 7/1         0.2               0.8    -0.6      0.0
SNOWDEPTH AVG.      0                MM      MM        0
DAYS >= 1.0         0               0.2    -0.2        0
GREATEST
 SNOW DEPTH         0   MM                             0  MM
 24 HR TOTAL      0.2   MM

DEGREE_DAYS
HEATING TOTAL     501               599     -98      515
 SINCE 7/1        659               885    -226      676
COOLING TOTAL       0                 2      -2        0
 SINCE 1/1        492               465      27      597
.................................................................

WIND (MPH)
AVERAGE WIND SPEED              8.6
HIGHEST WIND SPEED/DIRECTION    36/310    DATE  10/12
HIGHEST GUST SPEED/DIRECTION    49/300    DATE  10/12

SKY COVER
POSSIBLE SUNSHINE (PERCENT)   MM
AVERAGE SKY COVER           0.40
NUMBER OF DAYS FAIR           15
NUMBER OF DAYS PC              7
NUMBER OF DAYS CLOUDY          8

AVERAGE RH (PERCENT)     71

WEATHER CONDITIONS. NUMBER OF DAYS WITH
THUNDERSTORM              0     MIXED PRECIP               0
HEAVY RAIN                2     RAIN                       5
LIGHT RAIN               12     FREEZING RAIN              0
LT FREEZING RAIN          0     HAIL                       0
HEAVY SNOW                0     SNOW                       0
LIGHT SNOW                2     SLEET                      0
FOG                      13     FOG W/VIS <= 1/4 MILE      1
HAZE                      1

-  INDICATES NEGATIVE NUMBERS.
R  INDICATES RECORD WAS SET OR TIED.
MM INDICATES DATA IS MISSING.
T  INDICATES TRACE AMOUNT.

$$
