000
CXUS53 KMPX 011909
CLMSTC


CLIMATE REPORT
NATIONAL WEATHER SERVICE CHANHASSEN MN
209 PM CDT SUN OCT 1 2017

...................................

...THE ST CLOUD MN CLIMATE SUMMARY FOR THE MONTH OF SEPTEMBER 2017...

CLIMATE NORMAL PERIOD 1981 TO 2010
CLIMATE RECORD PERIOD 1893 TO 2017

WEATHER         OBSERVED          NORMAL  DEPART  LAST YEAR`S
                 VALUE   DATE(S)  VALUE   FROM    VALUE  DATE(S)
                                          NORMAL
................................................................
TEMPERATURE (F)
RECORD
 HIGH             106   09/10/1931
 LOW               18   09/22/1974
                        09/28/1942
HIGHEST            89   09/22        79      10       80  09/18
                                                          09/11
                                                          09/06
LOWEST             40   09/30        38       2       39  09/14
                        09/29
AVG. MAXIMUM     74.0              70.3     3.7     71.0
AVG. MINIMUM     50.8              46.8     4.0     52.3
MEAN             62.4              58.6     3.8     61.7
DAYS MAX >= 90      0               0.3    -0.3        0
DAYS MAX <= 32      0               0.0     0.0        0
DAYS MIN <= 32      0               1.5    -1.5        0
DAYS MIN <= 0       0               0.0     0.0        0

PRECIPITATION (INCHES)
RECORD
 MAXIMUM        10.72   1926
 MINIMUM         0.07   1952
TOTALS           2.93              3.46   -0.53     3.08
DAILY AVG.       0.10              0.12   -0.02     0.10
DAYS >= .01        13               9.9     3.1       14
DAYS >= .10         6               6.0     0.0        8
DAYS >= .50         2               2.2    -0.2        0
DAYS >= 1.00        1               0.8     0.2        0
GREATEST
 24 HR. TOTAL    1.38   09/23 TO 09/23

SNOWFALL (INCHES)
RECORDS
 TOTAL            1.8   5
                        0
TOTALS            0.0                 T     0.0      0.0
SINCE 7/1         0.0                 T     0.0      0.0
SNOWDEPTH AVG.      0                MM      MM        0
DAYS >= 1.0         0               0.0     0.0        0
GREATEST
 SNOW DEPTH         0   MM                             0  MM
 24 HR TOTAL      0.0   09/30 TO 09/30

DEGREE_DAYS
HEATING TOTAL     139               228     -89      118
 SINCE 7/1        179               286    -107      140
COOLING TOTAL      71                34      37       28
 SINCE 1/1        361               463    -102      506
.................................................................

WIND (MPH)
AVERAGE WIND SPEED              7.9
HIGHEST WIND SPEED/DIRECTION    36/270    DATE  09/20
HIGHEST GUST SPEED/DIRECTION    51/270    DATE  09/20

SKY COVER
POSSIBLE SUNSHINE (PERCENT)   MM
AVERAGE SKY COVER           0.30
NUMBER OF DAYS FAIR           19
NUMBER OF DAYS PC              6
NUMBER OF DAYS CLOUDY          5

AVERAGE RH (PERCENT)     77

WEATHER CONDITIONS. NUMBER OF DAYS WITH
THUNDERSTORM              0     MIXED PRECIP               0
HEAVY RAIN                3     RAIN                       5
LIGHT RAIN               15     FREEZING RAIN              0
LT FREEZING RAIN          0     HAIL                       0
HEAVY SNOW                0     SNOW                       0
LIGHT SNOW                0     SLEET                      0
FOG                      16     FOG W/VIS <= 1/4 MILE      1
HAZE                      2

-  INDICATES NEGATIVE NUMBERS.
R  INDICATES RECORD WAS SET OR TIED.
MM INDICATES DATA IS MISSING.
T  INDICATES TRACE AMOUNT.

$$
