000
CXUS53 KMPX 010658
CLMSTC


CLIMATE REPORT
NATIONAL WEATHER SERVICE CHANHASSEN MN
1249 AM CST WED MAR 1 2017

...................................

...THE ST CLOUD MN CLIMATE SUMMARY FOR THE MONTH OF FEBRUARY 2017...

CLIMATE NORMAL PERIOD 1981 TO 2010
CLIMATE RECORD PERIOD 1893 TO 2017

WEATHER         OBSERVED          NORMAL  DEPART  LAST YEAR`S
                 VALUE   DATE(S)  VALUE   FROM    VALUE  DATE(S)
                                          NORMAL
................................................................
TEMPERATURE (F)
RECORD
 HIGH              59   02/17/2017
                        02/27/2016
                        21/05/2261
 LOW              -40   02/02/1996
HIGHEST            59R  02/17        40      19       59  02/27
LOWEST             -5   02/08       -15      10      -14  02/13
AVG. MAXIMUM     36.8              26.8    10.0     30.3
AVG. MINIMUM     18.4               7.2    11.2     14.3
MEAN             27.6              17.0    10.6     22.3
DAYS MAX >= 90      0               0.0     0.0        0
DAYS MAX <= 32     10              17.7    -7.7       16
DAYS MIN <= 32     27              27.1    -0.1       28
DAYS MIN <= 0       2               9.0    -7.0        4

PRECIPITATION (INCHES)
RECORD
 MAXIMUM         2.94   1922
 MINIMUM         0.00   1894
                        1901
                        1902
TOTALS           0.78              0.59    0.19     0.63
DAILY AVG.       0.03              0.02    0.01     0.02
DAYS >= .01         4               6.4    -2.4        9
DAYS >= .10         2               2.1    -0.1        1
DAYS >= .50         1               0.1     0.9        0
DAYS >= 1.00        0               0.0     0.0        0
GREATEST
 24 HR. TOTAL    0.54   02/20 TO 02/20

SNOWFALL (INCHES)
RECORDS
 TOTAL           21.6   5
TOTALS            2.8               7.0    -4.2      7.2
SINCE 7/1        28.9              34.2    -5.3     25.7
SNOWDEPTH AVG.      0                 7      -7        2
DAYS >= 1.0         1               2.5    -1.5        3
GREATEST
 SNOW DEPTH         1   02/10                          5  02/13
                        02/09                             02/12
                        02/08
 24 HR TOTAL      2.5   02/28 TO 02/28

DEGREE_DAYS
HEATING TOTAL    1040              1344    -304     1229
 SINCE 7/1       5356              6446   -1090     5451
COOLING TOTAL       0                 0       0        0
 SINCE 1/1          0                 0       0        0
.................................................................

WIND (MPH)
AVERAGE WIND SPEED              9.9
HIGHEST WIND SPEED/DIRECTION    35/310    DATE  02/14
HIGHEST GUST SPEED/DIRECTION    45/320    DATE  02/14

SKY COVER
POSSIBLE SUNSHINE (PERCENT)   MM
AVERAGE SKY COVER           0.30
NUMBER OF DAYS FAIR           18
NUMBER OF DAYS PC              8
NUMBER OF DAYS CLOUDY          2

AVERAGE RH (PERCENT)     73

WEATHER CONDITIONS. NUMBER OF DAYS WITH
THUNDERSTORM              0     MIXED PRECIP               0
HEAVY RAIN                1     RAIN                       1
LIGHT RAIN                3     FREEZING RAIN              0
LT FREEZING RAIN          0     HAIL                       0
HEAVY SNOW                0     SNOW                       2
LIGHT SNOW                4     SLEET                      0
FOG                      10     FOG W/VIS <= 1/4 MILE      5
HAZE                      0

-  INDICATES NEGATIVE NUMBERS.
R  INDICATES RECORD WAS SET OR TIED.
MM INDICATES DATA IS MISSING.
T  INDICATES TRACE AMOUNT.

$$

3RD WARMEST FEB ON RECORD
