000
CXUS53 KEAX 010736
CF6STJ
PRELIMINARY LOCAL CLIMATOLOGICAL DATA (WS FORM: F-6)
STATION: ST. JOSEPH MO
MONTH: AUGUST
YEAR: 2023
LATITUDE: 39 46 N
LONGITUDE: 94 55 W
TEMPERATURE IN F: :PCPN: SNOW: WIND :SUNSHINE: SKY :PK WND
================================================================================
1 2 3 4 5 6A 6B 7 8 9 10 11 12 13 14 15 16 17 18
12Z AVG MX 2MIN
DY MAX MIN AVG DEP HDD CDD WTR SNW DPTH SPD SPD DIR MIN PSBL S-S WX SPD DR
================================================================================
1 87 73 80 2 0 15 T M M 9.9 18 130 M M 5 27 120
2 M M M M M M M M M 10.9 17 100 M M 2 3 32 110
3 81 74 78 0 0 13 M M M 6.8 12 60 M M 4 1 15 50
4 83 70 77 0 0 12 0.41 M M 6.2 17 70 M M 7 13 25 70
5 88 68 78 1 0 13 0.00 M M 4.6 20 340 M M 2 1 29 350
6 79 64 72 -5 0 7 M M M 11.6 32 260 M M 6 13 49 240
7 79 65 72 -5 0 7 M M M 5.5 18 310 M M 5 1 26 310
8 86 61 74 -3 0 9 0.00 M M 3.3 10 190 M M 1 1 15 200
9 82 63 73 -4 0 8 0.24 M M 4.0 22 310 M M 4 123 31 310
10 86 60 73 -4 0 8 0.00 M M 3.9 12 160 M M 4 12 15 160
11 91 67 79 3 0 14 0.00 M M 4.9 10 120 M M 0 1 15 120
12 87 66 77 1 0 12 0.00 M M 5.4 18 80 M M 1 26 80
13 77 66 72 -4 0 7 3.26 M M 6.2 26 290 M M 7 123 42 270
14 75 59 67 -9 0 2 T M M 10.1 23 320 M M 4 33 320
15 78 57 68 -8 0 3 0.00 M M 3.7 13 10 M M 2 17 10
16 84 56 70 -6 0 5 0.00 M M 7.8 16 190 M M 1 12 24 170
17 81 57 69 -6 0 4 0.00 M M 6.6 17 330 M M 0 1 24 360
18 83 52 68 -7 0 3 0.00 M M 7.7 17 140 M M 1 12 25 140
19 98 68 83 8 0 18 0.00 M M 8.7 15 190 M M 0 20 170
20 96 75 86 11 0 21 0.00 M M 5.1 13 20 M M 3 1 18 200
21 98 74 86 11 0 21 0.00 M M 4.4 10 90 M M 2 12 14 60
22 97 72 85 11 0 20 0.00 M M 4.0 12 130 M M 1 18 17 130
23 97 76 87 13 0 22 0.00 M M 6.3 13 220 M M 0 128 17 210
24 99 76 88 14 0 23 0.00 M M 4.7 13 220 M M 0 1 16 230
25 101 70 86 12 0 21 0.00 M M 4.4 13 20 M M 0 18 18 20
26 80 67 74 1 0 9 M M M 6.1 41 290 M M 5 13 63 290
27 81 61 71 -2 0 6 0.00 M M 5.2 12 60 M M 5 14 50
28 82 57 70 -3 0 5 0.00 M M 1.2 7 210 M M 1 12 10 50
29 85 61 73 0 0 8 0.00 M M 4.9 16 360 M M 2 12 23 360
30 83 58 71 -1 0 6 0.00 M M 4.0 14 70 M M 0 1 19 80
31 81 59 70 -2 0 5 0.00 M M 7.9 15 130 M M 0 20 140
================================================================================
SM 2585 1952 0 327 3.91 M 186.0 M 75
================================================================================
AV 86.2 65.1 6.0 FASTST M M 2 MAX(MPH)
MISC ----> 41 290 63 290
================================================================================
NOTES:
# LAST OF SEVERAL OCCURRENCES
COLUMN 17 PEAK WIND IN M.P.H.
PRELIMINARY LOCAL CLIMATOLOGICAL DATA (WS FORM: F-6) , PAGE 2
STATION: ST. JOSEPH MO
MONTH: AUGUST
YEAR: 2023
LATITUDE: 39 46 N
LONGITUDE: 94 55 W
[TEMPERATURE DATA] [PRECIPITATION DATA] SYMBOLS USED IN COLUMN 16
AVERAGE MONTHLY: 75.6 TOTAL FOR MONTH: 3.91 1 = FOG OR MIST
DPTR FM NORMAL: 0.3 DPTR FM NORMAL: 0.07 2 = FOG REDUCING VISIBILITY
HIGHEST: 101 ON 25 GRTST 24HR 3.26 ON 13-13 TO 1/4 MILE OR LESS
LOWEST: 52 ON 18 3 = THUNDER
SNOW, ICE PELLETS, HAIL 4 = ICE PELLETS
TOTAL MONTH: M 5 = HAIL
GRTST 24HR M ON M 6 = FREEZING RAIN OR DRIZZLE
GRTST DEPTH: M ON M 7 = DUSTSTORM OR SANDSTORM:
VSBY 1/2 MILE OR LESS
8 = SMOKE OR HAZE
[NO. OF DAYS WITH] [WEATHER - DAYS WITH] 9 = BLOWING SNOW
X = TORNADO
MAX 32 OR BELOW: 0 0.01 INCH OR MORE: 3
MAX 90 OR ABOVE: 8 0.10 INCH OR MORE: 3
MIN 32 OR BELOW: 0 0.50 INCH OR MORE: 1
MIN 0 OR BELOW: 0 1.00 INCH OR MORE: 1
[HDD (BASE 65) ]
TOTAL THIS MO. 0 CLEAR (SCALE 0-3) 20
DPTR FM NORMAL -3 PTCLDY (SCALE 4-7) 11
TOTAL FM JUL 1 0 CLOUDY (SCALE 8-10) 0
DPTR FM NORMAL -1
[CDD (BASE 65) ]
TOTAL THIS MO. 327
DPTR FM NORMAL 3 [PRESSURE DATA]
TOTAL FM JAN 1 1162 HIGHEST SLP M ON M
DPTR FM NORMAL 34 LOWEST SLP 29.72 ON 11
[REMARKS]
#FINAL-08-23#