000
CXUS55 KSTO 150921
CF6STO
PRELIMINARY LOCAL CLIMATOLOGICAL DATA (WS FORM: F-6)
STATION: SACRAMENTO CITY
MONTH: AUGUST
YEAR: 2022
LATITUDE: 38 36 N
LONGITUDE: 121 23 W
TEMPERATURE IN F: :PCPN: SNOW: WIND :SUNSHINE: SKY :PK WND
================================================================================
1 2 3 4 5 6A 6B 7 8 9 10 11 12 13 14 15 16 17 18
12Z AVG MX 2MIN
DY MAX MIN AVG DEP HDD CDD WTR SNW DPTH SPD SPD DIR MIN PSBL S-S WX SPD DR
================================================================================
1 85 65 75 -3 0 10 0.00 M M M M M M M M M M
2 103 69 86 8 0 21 0.00 M M M M M M M M M M
3 103 68 86 8 0 21 0.00 0.0 M M M M M M M M M
4 101 71 86 8 0 21 0.00 M M M M M M M M M M
5 88 64 76 -2 0 11 0.00 0.0 M M M M M M M M M
6 91 62 77 -1 0 12 0.00 0.0 M M M M M M M M M
7 94 60 77 -1 0 12 0.00 M M M M M M M M M M
8 94 60 77 -1 0 12 0.00 0.0 M M M M M M M M M
9 91 64 78 0 0 13 0.00 0.0 0 M M M M M M M M
10 93 61 77 -1 0 12 0.00 M M M M M M M M M M
11 96 63 80 2 0 15 0.00 0.0 M M M M M M M M M
12 96 62 79 1 0 14 0.00 0.0 M M M M M M M M M
13 100 61 81 4 0 16 0.00 0.0 M M M M M M M M M
14 102 62 82 5 0 17 0.00 M M M M M M M M M M
15 104 66 85 8 0 20 0.00 M M M M M M M M M M
16 108 66 87 10 0 22 0.00 0.0 0 M M M M M M M M
17 94 73 84 7 0 19 0.00 0.0 0 M M M M M M M M
18 104 68 86 9 0 21 0.00 0.0 M M M M M M M M M
19 101 63 82 5 0 17 0.00 M M M M M M M M M M
20 106 65 86 9 0 21 0.00 M M M M M M M M M M
21 94 63 79 2 0 14 0.00 0.0 M M M M M M M M M
22 99 61 80 3 0 15 0.00 M M M M M M M M M M
23 103 66 85 8 0 20 0.00 0.0 M M M M M M M M M
24 100 67 84 7 0 19 0.00 M M M M M M M M M M
25 93 60 77 0 0 12 0.00 M M M M M M M M M M
26 98 58 78 1 0 13 0.00 0.0 M M M M M M M M M
27 92 60 76 -1 0 11 0.00 0.0 M M M M M M M M M
28 93 59 76 -1 0 11 0.00 M M M M M M M M M M
29 98 60 79 3 0 14 0.00 M M M M M M M M M M
30 97 63 80 4 0 15 0.00 M M M M M M M M M M
31 102 61 82 6 0 17 0.00 M M M M M M M M M M
================================================================================
SM 3023 1971 0 488 0.00 0.0 M M M
================================================================================
AV 97.5 63.6 M FASTST M M M MAX(MPH)
MISC ----> M M M M
================================================================================
NOTES:
# LAST OF SEVERAL OCCURRENCES
COLUMN 17 PEAK WIND IN M.P.H.
PRELIMINARY LOCAL CLIMATOLOGICAL DATA (WS FORM: F-6) , PAGE 2
STATION: SACRAMENTO CITY
MONTH: AUGUST
YEAR: 2022
LATITUDE: 38 36 N
LONGITUDE: 121 23 W
[TEMPERATURE DATA] [PRECIPITATION DATA] SYMBOLS USED IN COLUMN 16
AVERAGE MONTHLY: 80.5 TOTAL FOR MONTH: 0.00 1 = FOG OR MIST
DPTR FM NORMAL: 3.2 DPTR FM NORMAL: -0.02 2 = FOG REDUCING VISIBILITY
HIGHEST: 108 ON 16 GRTST 24HR 0.00 ON 1- 1 TO 1/4 MILE OR LESS
LOWEST: 58 ON 26 3 = THUNDER
SNOW, ICE PELLETS, HAIL 4 = ICE PELLETS
TOTAL MONTH: 0.0 INCH 5 = HAIL
GRTST 24HR 0.0 6 = FREEZING RAIN OR DRIZZLE
GRTST DEPTH: 0 7 = DUSTSTORM OR SANDSTORM:
VSBY 1/2 MILE OR LESS
8 = SMOKE OR HAZE
[NO. OF DAYS WITH] [WEATHER - DAYS WITH] 9 = BLOWING SNOW
X = TORNADO
MAX 32 OR BELOW: 0 0.01 INCH OR MORE: 0
MAX 90 OR ABOVE: 29 0.10 INCH OR MORE: 0
MIN 32 OR BELOW: 0 0.50 INCH OR MORE: 0
MIN 0 OR BELOW: 0 1.00 INCH OR MORE: 0
[HDD (BASE 65) ]
TOTAL THIS MO. 0 CLEAR (SCALE 0-3) 0
DPTR FM NORMAL 0 PTCLDY (SCALE 4-7) 0
TOTAL FM JUL 1 0 CLOUDY (SCALE 8-10) 31
DPTR FM NORMAL 0
[CDD (BASE 65) ]
TOTAL THIS MO. 488
DPTR FM NORMAL 108 [PRESSURE DATA]
TOTAL FM JAN 1 1516 HIGHEST SLP M ON M
DPTR FM NORMAL 302 LOWEST SLP M ON M
[REMARKS]
#FINAL-08-22#