000
CXUS55 KSTO 030501
CF6STO
PRELIMINARY LOCAL CLIMATOLOGICAL DATA (WS FORM: F-6)
STATION: SACRAMENTO CITY
MONTH: OCTOBER
YEAR: 2023
LATITUDE: 38 36 N
LONGITUDE: 121 23 W
TEMPERATURE IN F: :PCPN: SNOW: WIND :SUNSHINE: SKY :PK WND
================================================================================
1 2 3 4 5 6A 6B 7 8 9 10 11 12 13 14 15 16 17 18
12Z AVG MX 2MIN
DY MAX MIN AVG DEP HDD CDD WTR SNW DPTH SPD SPD DIR MIN PSBL S-S WX SPD DR
================================================================================
1 77 57 67 -4 0 2 0.00 0.0 M M M M M M M M M
2 81 53 67 -3 0 2 0.00 0.0 M M M M M M M M M
3 84 56 70 0 0 5 0.00 0.0 M M M M M M M M M
4 90 59 75 5 0 10 0.00 0.0 M M M M M M M M M
5 93 61 77 7 0 12 0.00 0.0 M M M M M M M M M
6 94 61 78 9 0 13 0.00 0.0 M M M M M M M M M
7 94 61 78 9 0 13 0.00 0.0 M M M M M M M M M
8 94 61 78 9 0 13 0.00 0.0 M M M M M M M M M
9 72 57 65 -3 0 0 0.00 0.0 M M M M M M M M M
10 75 60 68 0 0 3 0.15 0.0 M M M M M M M M M
11 74 52 63 -5 2 0 0.00 0.0 M M M M M M M M M
12 79 50 65 -2 0 0 0.00 0.0 M M M M M M M M M
13 80 55 68 1 0 3 0.00 0.0 M M M M M M M M M
14 83 62 73 6 0 8 0.00 0.0 M M M M M M M M M
15 87 55 71 5 0 6 0.00 0.0 M M M M M M M M M
16 84 57 71 5 0 6 0.00 0.0 M M M M M M M M M
17 85 57 71 5 0 6 0.00 0.0 M M M M M M M M M
18 87 58 73 8 0 8 0.00 0.0 M M M M M M M M M
19 91 57 74 9 0 9 0.00 0.0 M M M M M M M M M
20 89 59 74 9 0 9 0.00 0.0 M M M M M M M M M
21 78 56 67 3 0 2 0.00 0.0 M M M M M M M M M
22 70 57 64 0 1 0 0.18 0.0 M M M M M M M M M
23 76 58 67 3 0 2 0.00 0.0 M M M M M M M M M
24 77 57 67 4 0 2 0.00 0.0 M M M M M M M M M
25 68 53 61 -2 4 0 0.01 0.0 M M M M M M M M M
26 69 46 58 -4 7 0 0.00 0.0 M M M M M M M M M
27 70 43 57 -5 8 0 0.00 0.0 M M M M M M M M M
28 68 41 55 -7 10 0 0.00 0.0 M M M M M M M M M
29 74 46 60 -1 5 0 0.00 0.0 M M M M M M M M M
30 74 42 58 -3 7 0 0.00 0.0 M M M M M M M M M
31 72 44 58 -3 7 0 0.00 0.0 M M M M M M M M M
================================================================================
SM 2489 1691 51 134 0.34 0.0 M M M
================================================================================
AV 80.3 54.5 M FASTST M M M MAX(MPH)
MISC ----> M M M M
================================================================================
NOTES:
# LAST OF SEVERAL OCCURRENCES
COLUMN 17 PEAK WIND IN M.P.H.
PRELIMINARY LOCAL CLIMATOLOGICAL DATA (WS FORM: F-6) , PAGE 2
STATION: SACRAMENTO CITY
MONTH: OCTOBER
YEAR: 2023
LATITUDE: 38 36 N
LONGITUDE: 121 23 W
[TEMPERATURE DATA] [PRECIPITATION DATA] SYMBOLS USED IN COLUMN 16
AVERAGE MONTHLY: 67.4 TOTAL FOR MONTH: 0.34 1 = FOG OR MIST
DPTR FM NORMAL: 1.5 DPTR FM NORMAL: -0.59 2 = FOG REDUCING VISIBILITY
HIGHEST: 94 ON 8, 7 GRTST 24HR 0.18 ON 22-22 TO 1/4 MILE OR LESS
LOWEST: 41 ON 28 3 = THUNDER
SNOW, ICE PELLETS, HAIL 4 = ICE PELLETS
TOTAL MONTH: 0.0 INCH 5 = HAIL
GRTST 24HR 0.0 6 = FREEZING RAIN OR DRIZZLE
GRTST DEPTH: M ON M 7 = DUSTSTORM OR SANDSTORM:
VSBY 1/2 MILE OR LESS
8 = SMOKE OR HAZE
[NO. OF DAYS WITH] [WEATHER - DAYS WITH] 9 = BLOWING SNOW
X = TORNADO
MAX 32 OR BELOW: 0 0.01 INCH OR MORE: 3
MAX 90 OR ABOVE: 6 0.10 INCH OR MORE: 2
MIN 32 OR BELOW: 0 0.50 INCH OR MORE: 0
MIN 0 OR BELOW: 0 1.00 INCH OR MORE: 0
[HDD (BASE 65) ]
TOTAL THIS MO. 51 CLEAR (SCALE 0-3) 0
DPTR FM NORMAL -7 PTCLDY (SCALE 4-7) 0
TOTAL FM JUL 1 51 CLOUDY (SCALE 8-10) 31
DPTR FM NORMAL -10
[CDD (BASE 65) ]
TOTAL THIS MO. 134
DPTR FM NORMAL 48 [PRESSURE DATA]
TOTAL FM JAN 1 1722 HIGHEST SLP M ON M
DPTR FM NORMAL 147 LOWEST SLP M ON M
[REMARKS]
#FINAL-10-23#