000
CXUS56 KMTR 010900
CF6STS
PRELIMINARY LOCAL CLIMATOLOGICAL DATA (WS FORM: F-6)
STATION: SANTA ROSA AIRPORT
MONTH: MARCH
YEAR: 2022
LATITUDE: 38 30 N
LONGITUDE: 122 49 W
TEMPERATURE IN F: :PCPN: SNOW: WIND :SUNSHINE: SKY :PK WND
================================================================================
1 2 3 4 5 6A 6B 7 8 9 10 11 12 13 14 15 16 17 18
12Z AVG MX 2MIN
DY MAX MIN AVG DEP HDD CDD WTR SNW DPTH SPD SPD DIR MIN PSBL S-S WX SPD DR
================================================================================
1 73 37 55 3 10 0 0.00 M M 3.5 12 180 M M 2 12 16 160
2 71 44 58 6 7 0 0.00 M M 3.4 13 240 M M 5 12 18 240
3 57 45 51 -1 14 0 0.18 M M 2.4 9 310 M M 9 1 11 320
4 61 38 50 -2 15 0 0.02 M M 10.3 26 320 M M 4 1 36 340
5 59 34 47 -5 18 0 0.00 M M 4.5 22 340 M M 3 30 330
6 63 31 47 -5 18 0 0.00 M M 3.8 13 170 M M 0 1 17 150
7 73 31 52 -1 13 0 0.00 M M 6.9 22 20 M M 0 29 20
8 78 36 57 4 8 0 0.00 M M 5.4 16 300 M M 0 19 300
9 72 41 57 4 8 0 0.00 M M 9.9 22 330 M M 1 32 310
10 73 39 56 3 9 0 0.00 M M 8.7 18 330 M M 0 28 330
11 73 32 53 0 12 0 0.00 M M 4.8 14 180 M M 0 19 180
12 60 30 45 -8 20 0 T M M 4.6 16 170 M M 4 1 22 170
13 65 45 55 2 10 0 0.01 M M 4.8 15 220 M M 6 12 20 220
14 70 36 53 0 12 0 0.09 M M 3.1 14 220 M M 4 1 20 220
15 68 45 57 4 8 0 0.18 M M 3.1 12 260 M M 7 1 15 280
16 70 37 54 1 11 0 0.00 M M 3.2 12 160 M M 1 1 14 180
17 71 41 56 3 9 0 0.00 M M 4.6 15 140 M M 2 1 18 130
18 71 36 54 1 11 0 0.00 M M 3.5 14 180 M M 2 12 17 180
19 61 43 52 -2 13 0 0.03 M M 6.9 17 330 M M 6 1 26 310
20 72 41 57 3 8 0 0.00 M M 6.8 15 360 M M 0 25 350
21 81 39 60 6 5 0 0.00 M M 5.8 20 350 M M 0 26 340
22 88 50 69 15 0 4 0.00 M M 5.7 16 240 M M 0 22 160
23 74 46 60 6 5 0 0.00 M M 4.4 13 160 M M 3 12 17 160
24 71 39 55 1 10 0 0.00 M M 4.8 15 140 M M 4 12 19 140
25 70 43 57 3 8 0 0.00 M M 4.1 13 160 M M 5 18 19 180
26 75 37 56 2 9 0 0.00 M M 4.6 16 240 M M 3 12 19 250
27 60 44 52 -2 13 0 0.48 M M 6.2 16 180 M M 8 1 25 180
28 59 46 53 -1 12 0 0.31 M M 2.9 9 70 M M 9 12 13 170
29 68 46 57 3 8 0 0.00 M M 3.7 13 150 M M 5 12 16 120
30 66 42 54 0 11 0 0.00 M M 2.3 12 170 M M 5 12 16 170
31 68 41 55 1 10 0 0.00 M M 4.3 14 160 M M 1 1 20 330
================================================================================
SM 2141 1235 325 4 1.30 M 153.0 M 99
================================================================================
AV 69.1 39.8 4.9 FASTST M M 3 MAX(MPH)
MISC ----> 26 320 36 340
================================================================================
NOTES:
# LAST OF SEVERAL OCCURRENCES
COLUMN 17 PEAK WIND IN M.P.H.
PRELIMINARY LOCAL CLIMATOLOGICAL DATA (WS FORM: F-6) , PAGE 2
STATION: SANTA ROSA AIRPORT
MONTH: MARCH
YEAR: 2022
LATITUDE: 38 30 N
LONGITUDE: 122 49 W
[TEMPERATURE DATA] [PRECIPITATION DATA] SYMBOLS USED IN COLUMN 16
AVERAGE MONTHLY: 54.5 TOTAL FOR MONTH: 1.30 1 = FOG OR MIST
DPTR FM NORMAL: 1.2 DPTR FM NORMAL: -3.28 2 = FOG REDUCING VISIBILITY
HIGHEST: 88 ON 22 GRTST 24HR 0.79 ON 27-28 TO 1/4 MILE OR LESS
LOWEST: 30 ON 12 3 = THUNDER
SNOW, ICE PELLETS, HAIL 4 = ICE PELLETS
TOTAL MONTH: M 5 = HAIL
GRTST 24HR M ON M 6 = FREEZING RAIN OR DRIZZLE
GRTST DEPTH: M ON M 7 = DUSTSTORM OR SANDSTORM:
VSBY 1/2 MILE OR LESS
8 = SMOKE OR HAZE
[NO. OF DAYS WITH] [WEATHER - DAYS WITH] 9 = BLOWING SNOW
X = TORNADO
MAX 32 OR BELOW: 0 0.01 INCH OR MORE: 8
MAX 90 OR ABOVE: 0 0.10 INCH OR MORE: 4
MIN 32 OR BELOW: 4 0.50 INCH OR MORE: 0
MIN 0 OR BELOW: 0 1.00 INCH OR MORE: 0
[HDD (BASE 65) ]
TOTAL THIS MO. 325 CLEAR (SCALE 0-3) 16
DPTR FM NORMAL -40 PTCLDY (SCALE 4-7) 12
TOTAL FM JUL 1 2297 CLOUDY (SCALE 8-10) 3
DPTR FM NORMAL -136
[CDD (BASE 65) ]
TOTAL THIS MO. 4
DPTR FM NORMAL 3 [PRESSURE DATA]
TOTAL FM JAN 1 4 HIGHEST SLP M ON M
DPTR FM NORMAL 3 LOWEST SLP 29.64 ON 27
[REMARKS]
#FINAL-03-22#