000
CXUS53 KGRB 061905
CF6SUE
PRELIMINARY LOCAL CLIMATOLOGICAL DATA (WS FORM: F-6)
STATION: STURGEON BAY WI
MONTH: JUNE
YEAR: 2023
LATITUDE: 44 55 N
LONGITUDE: 87 25 W
TEMPERATURE IN F: :PCPN: SNOW: WIND :SUNSHINE: SKY :PK WND
================================================================================
1 2 3 4 5 6A 6B 7 8 9 10 11 12 13 14 15 16 17 18
12Z AVG MX 2MIN
DY MAX MIN AVG DEP HDD CDD WTR SNW DPTH SPD SPD DIR MIN PSBL S-S WX SPD DR
================================================================================
1 86 61 74 M 0 9 M M M 6.0 10 140 M M 0 8 M M
2 86 59 73 M 0 8 M M M 4.3 9 340 M M 0 8 M M
3 82 61 72 M 0 7 M M M 6.5 12 110 M M 0 8 M M
4 77 58 68 M 0 3 M M M 5.1 9 180 M M 1 8 M M
5 80 56 68 M 0 3 M M M 6.2 13 30 M M 0 M M
6 67 52 60 M 5 0 M M M 8.4 15 20 M M 0 M M
7 71 50 61 M 4 0 M M M 9.9 16 40 M M 0 23 40
8 72 47 60 M 5 0 M M M 4.4 10 110 M M 0 16 100
9 75 44 60 M 5 0 M M M 6.6 16 190 M M 0 M M
10 73 51 62 M 3 0 0.03 M M 9.6 21 30 M M 4 30 30
11 56 48 52 M 13 0 0.09 M M 14.6 24 10 M M 9 32 20
12 62 48 55 M 10 0 M M M 6.2 10 30 M M 7 M M
13 59 49 54 M 11 0 0.37 M M 7.4 15 320 M M 10 1 21 320
14 67 54 61 M 4 0 M M M 4.0 9 10 M M 8 1 M M
15 56 51 54 M 11 0 0.01 M M 12.3 20 20 M M 10 1 24 20
16 71 52 62 M 3 0 M M M 5.7 13 30 M M 4 M M
17 73 51 62 M 3 0 M M M 5.1 12 170 M M 0 8 M M
18 76 55 66 M 0 1 M M M 6.7 12 210 M M 0 M M
19 78 57 68 M 0 3 M M M 5.5 10 140 M M 0 M M
20 81 56 69 M 0 4 M M M 7.0 13 50 M M 0 8 M M
21 67 63 65 M 0 0 M M M 5.8 7 130 M M 0 M M
22 85 58 72 M 0 7 M M M 4.9 9 110 M M 0 8 M M
23 84 57 71 M 0 6 M M M 2.4 9 140 M M 0 18 M M
24 86 61 74 M 0 9 M M M 7.0 14 170 M M 1 8 M M
25 73 64 69 M 0 4 T M M 7.9 17 160 M M 7 1 25 170
26 65 61 63 M 2 0 M M M 14.0 20 350 M M 7 18 30 10
27 M M M M M M M M M 11.2 18 360 M M 5 18 26 360
28 M M M M M M M M M 7.8 14 160 M M 2 18 18 160
29 M M M M M M M M M 8.0 13 190 M M 2 128 M M
30 85 69 77 M 0 12 M M M 7.0 14 280 M M 1 18 M M
================================================================================
SM 1993 1493 79 76 0.50 M 217.4 M 78
================================================================================
AV 73.8 55.3 7.2 FASTST M M 3 MAX(MPH)
MISC ----> 24 10 32 20
================================================================================
NOTES:
# LAST OF SEVERAL OCCURRENCES
COLUMN 17 PEAK WIND IN M.P.H.
PRELIMINARY LOCAL CLIMATOLOGICAL DATA (WS FORM: F-6) , PAGE 2
STATION: STURGEON BAY WI
MONTH: JUNE
YEAR: 2023
LATITUDE: 44 55 N
LONGITUDE: 87 25 W
[TEMPERATURE DATA] [PRECIPITATION DATA] SYMBOLS USED IN COLUMN 16
AVERAGE MONTHLY: 64.6 TOTAL FOR MONTH: 0.50 1 = FOG OR MIST
DPTR FM NORMAL: 0.0 DPTR FM NORMAL: M 2 = FOG REDUCING VISIBILITY
HIGHEST: 86 ON 24, 2 GRTST 24HR 0.37 ON 13-13 TO 1/4 MILE OR LESS
LOWEST: 44 ON 9 3 = THUNDER
SNOW, ICE PELLETS, HAIL 4 = ICE PELLETS
TOTAL MONTH: M 5 = HAIL
GRTST 24HR M ON M 6 = FREEZING RAIN OR DRIZZLE
GRTST DEPTH: M ON M 7 = DUSTSTORM OR SANDSTORM:
VSBY 1/2 MILE OR LESS
8 = SMOKE OR HAZE
[NO. OF DAYS WITH] [WEATHER - DAYS WITH] 9 = BLOWING SNOW
X = TORNADO
MAX 32 OR BELOW: 0 0.01 INCH OR MORE: 4
MAX 90 OR ABOVE: 0 0.10 INCH OR MORE: 1
MIN 32 OR BELOW: 0 0.50 INCH OR MORE: 0
MIN 0 OR BELOW: 0 1.00 INCH OR MORE: 0
[HDD (BASE 65) ]
TOTAL THIS MO. 79 CLEAR (SCALE 0-3) 20
DPTR FM NORMAL M PTCLDY (SCALE 4-7) 7
TOTAL FM JUL 1 6953 CLOUDY (SCALE 8-10) 3
DPTR FM NORMAL 6715
[CDD (BASE 65) ]
TOTAL THIS MO. 76
DPTR FM NORMAL M [PRESSURE DATA]
TOTAL FM JAN 1 104 HIGHEST SLP M ON M
DPTR FM NORMAL 104 LOWEST SLP M ON M
[REMARKS]
#FINAL-06-23#