000
CXUS54 KOUN 010910
CF6SWO
PRELIMINARY LOCAL CLIMATOLOGICAL DATA (WS FORM: F-6)
STATION: STILLWATER
MONTH: NOVEMBER
YEAR: 2023
LATITUDE: 36 10 N
LONGITUDE: 97 5 W
TEMPERATURE IN F: :PCPN: SNOW: WIND :SUNSHINE: SKY :PK WND
================================================================================
1 2 3 4 5 6A 6B 7 8 9 10 11 12 13 14 15 16 17 18
12Z AVG MX 2MIN
DY MAX MIN AVG DEP HDD CDD WTR SNW DPTH SPD SPD DIR MIN PSBL S-S WX SPD DR
================================================================================
1 59 22 41 -15 24 0 0.00 M M 8.0 18 190 M M 0 26 190
2 69 37 53 -3 12 0 0.00 M M 12.7 23 180 M M 0 32 180
3 76 42 59 4 6 0 0.00 M M 10.0 22 190 M M 0 29 180
4 75 47 61 6 4 0 0.00 M M 5.5 10 40 M M 2 14 30
5 81 50 66 12 0 1 0.00 M M 7.8 18 170 M M 0 23 170
6 84 53 69 15 0 4 0.00 M M 6.9 16 190 M M 0 25 190
7 90 51 71 17 0 6 0.00 M M 10.6 21 170 M M 0 1 28 160
8 79 53 66 13 0 1 0.00 M M 9.2 21 340 M M 2 28 330
9 59 44 52 -1 13 0 0.00 M M 12.4 22 30 M M 3 29 30
10 67 32 50 -2 15 0 0.00 0.0 0 5.0 15 40 M M 0 19 40
11 68 40 54 2 11 0 0.00 0.0 0 5.0 15 190 M M 7 23 200
12 73 36 55 3 10 0 0.00 M M 2.7 13 160 M M 0 19 230
13 75 36 56 5 9 0 0.00 M M 3.1 13 120 M M 0 25 110
14 74 37 56 5 9 0 0.00 M M 5.4 15 180 M M 0 22 170
15 76 41 59 9 6 0 0.00 M M 5.8 12 160 M M 0 17 180
16 68 47 58 8 7 0 0.00 M M 12.2 24 180 M M 1 32 180
17 66 40 53 3 12 0 0.00 M M 5.2 16 10 M M 5 1 22 360
18 72 33 53 4 12 0 0.00 M M 3.7 12 140 M M 0 15 170
19 63 51 57 8 8 0 0.44 M M 13.2 37 150 M M 9 13 48 160
20 56 47 52 4 13 0 0.15 M M 10.4 21 340 M M 10 13 34 340
21 56 33 45 -3 20 0 0.00 M M 12.5 24 330 M M 5 38 350
22 60 27 44 -4 21 0 0.00 M M 4.6 12 250 M M 0 15 240
23 70 33 52 5 13 0 0.00 M M 7.6 16 150 M M 0 22 140
24 50 32 41 -6 24 0 M M M 11.3 18 40 M M 0 29 30
25 41 30 36 -11 29 0 0.35 M M 6.6 16 320 M M 8 16 24 300
26 42 24 33 -13 32 0 0.00 M M 7.6 17 300 M M 1 24 300
27 56 23 40 -6 25 0 0.00 0.0 M 4.2 15 280 M M 0 23 280
28 62 24 43 -3 22 0 0.00 0.0 M 5.3 18 210 M M 0 24 220
29 68 29 49 4 16 0 0.00 0.0 M 6.4 18 180 M M 0 24 190
30 58 47 53 8 12 0 0.30 M M 9.9 21 190 M M 8 13 27 180
================================================================================
SM 1993 1141 385 12 1.24 0.0 230.8 M 61
================================================================================
AV 66.4 38.0 7.7 FASTST M M 2 MAX(MPH)
MISC ----> 37 150 48 160
================================================================================
NOTES:
# LAST OF SEVERAL OCCURRENCES
COLUMN 17 PEAK WIND IN M.P.H.
PRELIMINARY LOCAL CLIMATOLOGICAL DATA (WS FORM: F-6) , PAGE 2
STATION: STILLWATER
MONTH: NOVEMBER
YEAR: 2023
LATITUDE: 36 10 N
LONGITUDE: 97 5 W
[TEMPERATURE DATA] [PRECIPITATION DATA] SYMBOLS USED IN COLUMN 16
AVERAGE MONTHLY: 52.2 TOTAL FOR MONTH: 1.24 1 = FOG OR MIST
DPTR FM NORMAL: 1.9 DPTR FM NORMAL: -0.71 2 = FOG REDUCING VISIBILITY
HIGHEST: 90 ON 7 GRTST 24HR 0.59 ON 19-20 TO 1/4 MILE OR LESS
LOWEST: 22 ON 1 3 = THUNDER
SNOW, ICE PELLETS, HAIL 4 = ICE PELLETS
TOTAL MONTH: 0.0 INCH 5 = HAIL
GRTST 24HR 0.0 6 = FREEZING RAIN OR DRIZZLE
GRTST DEPTH: 0 7 = DUSTSTORM OR SANDSTORM:
VSBY 1/2 MILE OR LESS
8 = SMOKE OR HAZE
[NO. OF DAYS WITH] [WEATHER - DAYS WITH] 9 = BLOWING SNOW
X = TORNADO
MAX 32 OR BELOW: 0 0.01 INCH OR MORE: 4
MAX 90 OR ABOVE: 1 0.10 INCH OR MORE: 4
MIN 32 OR BELOW: 9 0.50 INCH OR MORE: 0
MIN 0 OR BELOW: 0 1.00 INCH OR MORE: 0
[HDD (BASE 65) ]
TOTAL THIS MO. 385 CLEAR (SCALE 0-3) 23
DPTR FM NORMAL -64 PTCLDY (SCALE 4-7) 4
TOTAL FM JUL 1 558 CLOUDY (SCALE 8-10) 3
DPTR FM NORMAL -70
[CDD (BASE 65) ]
TOTAL THIS MO. 12
DPTR FM NORMAL 4 [PRESSURE DATA]
TOTAL FM JAN 1 2340 HIGHEST SLP 30.51 ON 1
DPTR FM NORMAL 147 LOWEST SLP 29.57 ON 20
[REMARKS]
#FINAL-11-23#