720
CXUS55 KPUB 011310
CF6TAD
PRELIMINARY LOCAL CLIMATOLOGICAL DATA (WS FORM: F-6)
STATION: TRINIDAD CO
MONTH: OCTOBER
YEAR: 2020
LATITUDE: 37 16 N
LONGITUDE: 104 20 W
TEMPERATURE IN F: :PCPN: SNOW: WIND :SUNSHINE: SKY :PK WND
================================================================================
1 2 3 4 5 6A 6B 7 8 9 10 11 12 13 14 15 16 17 18
12Z AVG MX 2MIN
DY MAX MIN AVG DEP HDD CDD WTR SNW DPTH SPD SPD DIR MIN PSBL S-S WX SPD DR
================================================================================
1 71 40 56 -2 9 0 0.00 M M 7.6 14 40 M M 0 18 50
2 82 41 62 4 3 0 0.00 M M 9.5 18 260 M M 0 23 250
3 67 37 52 -5 13 0 0.00 M M 6.1 14 60 M M 0 20 60
4 80 38 59 2 6 0 0.00 M M 10.1 22 250 M M 0 29 260
5 86 46 66 10 0 1 0.00 M M 11.0 18 340 M M 0 25 320
6 87 45 66 10 0 1 0.00 M M 9.4 17 250 M M 0 22 180
7 87 50 69 13 0 4 0.00 M M 8.4 20 250 M M 0 8 24 260
8 87 46 67 12 0 2 0.00 0.0 M 9.4 18 250 M M 0 23 250
9 87 50 69 14 0 4 0.00 0.0 M 9.5 20 250 M M 0 24 250
10 85 45 65 11 0 0 0.00 M M 9.3 22 230 M M 0 29 170
11 83 42 63 9 2 0 0.00 M M 16.5 33 270 M M 1 8 45 260
12 80 33 57 3 8 0 0.00 M M 7.8 21 270 M M 0 27 270
13 82 40 61 8 4 0 0.00 M M 10.9 23 250 M M 0 31 260
14 90 40 65 12 0 0 0.00 M M 9.7 28 280 M M 0 36 50
15 63 29 46 -7 19 0 0.00 M M 8.3 26 20 M M 2 35 20
16 73 26 50 -2 15 0 0.00 M M 8.2 24 260 M M 0 32 260
17 84 41 63 11 2 0 0.00 M M 13.2 26 250 M M 0 37 240
18 54 28 41 -11 24 0 0.00 M M 6.9 17 40 M M 0 24 60
19 86 25 56 4 9 0 0.00 M M 7.0 22 340 M M 0 30 340
20 85 41 63 12 2 0 0.00 M M 10.0 23 160 M M 0 30 150
21 82 38 60 9 5 0 0.00 M M 9.2 20 250 M M 1 28 240
22 82 31 57 7 8 0 0.00 M M 10.9 28 70 M M 3 1 36 70
23 36 24 30 -20 35 0 0.00 M M 5.8 14 60 M M 7 18 21 250
24 80 26 53 3 12 0 0.00 M M 10.2 28 260 M M 0 37 270
25 33 12 23 -27 42 0 0.11 M M 9.2 17 30 M M 8 16 23 20
26 14 7 11 -38 54 0 0.38 M M 4.9 13 270 M M 9 18 16 260
27 34 8 21 -28 44 0 0.00 M M 6.1 16 250 M M 7 19 240
28 40 26 33 -15 32 0 T M M 9.1 14 340 M M 9 20 340
29 63 29 46 -2 19 0 0.00 M M 9.0 17 250 M M 0 21 250
30 66 36 51 3 14 0 0.00 M M 8.7 17 250 M M 0 22 250
31 70 33 52 5 13 0 T 0.0 0 9.5 21 50 M M 0 28 320
================================================================================
SM 2199 1053 394 12 0.49 0.0 281.4 M 47
================================================================================
AV 70.9 34.0 9.1 FASTST M M 2 MAX(MPH)
MISC ----> 33 270 45 260
================================================================================
NOTES:
# LAST OF SEVERAL OCCURRENCES
COLUMN 17 PEAK WIND IN M.P.H.
PRELIMINARY LOCAL CLIMATOLOGICAL DATA (WS FORM: F-6) , PAGE 2
STATION: TRINIDAD CO
MONTH: OCTOBER
YEAR: 2020
LATITUDE: 37 16 N
LONGITUDE: 104 20 W
[TEMPERATURE DATA] [PRECIPITATION DATA] SYMBOLS USED IN COLUMN 16
AVERAGE MONTHLY: 52.5 TOTAL FOR MONTH: 0.49 1 = FOG OR MIST
DPTR FM NORMAL: 0.0 DPTR FM NORMAL: -0.41 2 = FOG REDUCING VISIBILITY
HIGHEST: 90 ON 14 GRTST 24HR 0.49 ON 25-26 TO 1/4 MILE OR LESS
LOWEST: 7 ON 26 3 = THUNDER
SNOW, ICE PELLETS, HAIL 4 = ICE PELLETS
TOTAL MONTH: 0.0 INCH 5 = HAIL
GRTST 24HR 0.0 6 = FREEZING RAIN OR DRIZZLE
GRTST DEPTH: 0 7 = DUSTSTORM OR SANDSTORM:
VSBY 1/2 MILE OR LESS
8 = SMOKE OR HAZE
[NO. OF DAYS WITH] [WEATHER - DAYS WITH] 9 = BLOWING SNOW
X = TORNADO
MAX 32 OR BELOW: 1 0.01 INCH OR MORE: 2
MAX 90 OR ABOVE: 1 0.10 INCH OR MORE: 2
MIN 32 OR BELOW: 12 0.50 INCH OR MORE: 0
MIN 0 OR BELOW: 0 1.00 INCH OR MORE: 0
[HDD (BASE 65) ]
TOTAL THIS MO. 394 CLEAR (SCALE 0-3) 26
DPTR FM NORMAL 3 PTCLDY (SCALE 4-7) 2
TOTAL FM JUL 1 522 CLOUDY (SCALE 8-10) 3
DPTR FM NORMAL 19
[CDD (BASE 65) ]
TOTAL THIS MO. 12
DPTR FM NORMAL 9 [PRESSURE DATA]
TOTAL FM JAN 1 1156 HIGHEST SLP 30.44 ON 26
DPTR FM NORMAL 437 LOWEST SLP 29.50 ON 11
[REMARKS]
#FINAL-10-20#