132
CXUS55 KPUB 011700
CF6TAD
PRELIMINARY LOCAL CLIMATOLOGICAL DATA (WS FORM: F-6)
STATION: TRINIDAD CO
MONTH: AUGUST
YEAR: 2020
LATITUDE: 37 16 N
LONGITUDE: 104 20 W
TEMPERATURE IN F: :PCPN: SNOW: WIND :SUNSHINE: SKY :PK WND
================================================================================
1 2 3 4 5 6A 6B 7 8 9 10 11 12 13 14 15 16 17 18
12Z AVG MX 2MIN
DY MAX MIN AVG DEP HDD CDD WTR SNW DPTH SPD SPD DIR MIN PSBL S-S WX SPD DR
================================================================================
1 87 56 72 -1 0 7 T M M 9.7 24 350 M M 1 33 350
2 87 60 74 1 0 9 T M M 11.1 28 300 M M 1 3 36 300
3 89 55 72 -1 0 7 T M M 9.7 29 320 M M 0 3 40 320
4 96 57 77 4 0 12 0.02 M M 8.8 25 60 M M 1 3 37 50
5 92 57 75 2 0 10 0.00 M M 10.8 30 210 M M 1 3 38 200
6 93 61 77 5 0 12 0.00 M M 8.8 17 140 M M 0 3 22 150
7 95 59 77 5 0 12 0.00 M M 10.2 30 180 M M 0 38 180
8 92 64 78 6 0 13 0.00 M M 8.7 20 140 M M 0 31 140
9 94 65 80 8 0 15 0.00 M M 12.2 24 190 M M 0 36 180
10 92 63 78 6 0 13 T M M 12.8 29 50 M M 0 39 50
11 97 64 81 9 0 16 0.00 M M 11.5 21 260 M M 0 29 290
12 95 55 75 3 0 10 0.00 M M 8.6 21 20 M M 0 27 30
13 95 58 77 5 0 12 0.00 M M 11.3 29 140 M M 0 46 160
14 98 67 83 11 0 18 0.00 M M 12.3 23 250 M M 0 35 200
15 90 59 75 3 0 10 0.00 M M 10.4 25 240 M M 0 32 230
16 95 62 79 7 0 14 T M M 10.8 35 240 M M 1 3 44 240
17 91 54 73 1 0 8 0.00 M M 9.3 22 130 M M 0 29 140
18 96 64 80 9 0 15 0.00 M M 9.0 18 240 M M 0 26 30
19 95 61 78 7 0 13 T M M 9.1 25 10 M M 1 35 360
20 96 60 78 7 0 13 T M M 10.0 30 350 M M 1 3 41 350
21 93 68 81 10 0 16 T 0.0 M 10.1 21 20 M M 0 29 10
22 99 59 79 8 0 14 0.00 0.0 M 10.3 18 250 M M 0 8 25 240
23 97 59 78 7 0 13 0.00 0.0 M 7.9 18 250 M M 0 8 25 240
24 97 66 82 11 0 17 0.00 0.0 M 9.2 22 220 M M 0 3 30 210
25 95 65 80 10 0 15 0.00 0.0 M 9.9 22 330 M M 1 28 330
26 96 66 81 11 0 16 0.00 0.0 M 8.2 22 240 M M 1 29 240
27 94 62 78 8 0 13 0.00 M M 10.0 24 250 M M 0 31 240
28 89 61 75 5 0 10 0.15 M M 9.2 39 250 M M 2 13 52 250
29 77 59 68 -2 0 3 0.10 M M 6.9 29 280 M M 3 3 40 290
30 90 57 74 4 0 9 0.00 M M 11.3 33 230 M M 1 43 240
31 81 52 67 -2 0 2 0.04 0.0 0 9.1 28 200 M M 3 3 38 200
================================================================================
SM 2873 1875 0 367 0.31 0.0 307.2 M 18
================================================================================
AV 92.7 60.5 9.9 FASTST M M 1 MAX(MPH)
MISC ----> 39 250 52 250
================================================================================
NOTES:
COLUMN 17 PEAK WIND IN M.P.H.
PRELIMINARY LOCAL CLIMATOLOGICAL DATA (WS FORM: F-6) , PAGE 2
STATION: TRINIDAD CO
MONTH: AUGUST
YEAR: 2020
LATITUDE: 37 16 N
LONGITUDE: 104 20 W
[TEMPERATURE DATA] [PRECIPITATION DATA] SYMBOLS USED IN COLUMN 16
AVERAGE MONTHLY: 76.6 TOTAL FOR MONTH: 0.31 1 = FOG OR MIST
DPTR FM NORMAL: 5.2 DPTR FM NORMAL: -1.92 2 = FOG REDUCING VISIBILITY
HIGHEST: 99 ON 22 GRTST 24HR 0.25 ON 28-29 TO 1/4 MILE OR LESS
LOWEST: 52 ON 31 3 = THUNDER
SNOW, ICE PELLETS, HAIL 4 = ICE PELLETS
TOTAL MONTH: 0.0 INCH 5 = HAIL
GRTST 24HR 0.0 6 = FREEZING RAIN OR DRIZZLE
GRTST DEPTH: 0 7 = DUSTSTORM OR SANDSTORM:
VSBY 1/2 MILE OR LESS
8 = SMOKE OR HAZE
[NO. OF DAYS WITH] [WEATHER - DAYS WITH] 9 = BLOWING SNOW
X = TORNADO
MAX 32 OR BELOW: 0 0.01 INCH OR MORE: 4
MAX 90 OR ABOVE: 25 0.10 INCH OR MORE: 2
MIN 32 OR BELOW: 0 0.50 INCH OR MORE: 0
MIN 0 OR BELOW: 0 1.00 INCH OR MORE: 0
[HDD (BASE 65) ]
TOTAL THIS MO. 0 CLEAR (SCALE 0-3) 31
DPTR FM NORMAL -7 PTCLDY (SCALE 4-7) 0
TOTAL FM JUL 1 0 CLOUDY (SCALE 8-10) 0
DPTR FM NORMAL -6
[CDD (BASE 65) ]
TOTAL THIS MO. 367
DPTR FM NORMAL 160 [PRESSURE DATA]
TOTAL FM JAN 1 1034 HIGHEST SLP M ON M
DPTR FM NORMAL 392 LOWEST SLP 29.63 ON 30
[REMARKS]
#FINAL-08-20#