000
CXUS54 KBMX 011010
CF6TCL
PRELIMINARY LOCAL CLIMATOLOGICAL DATA (WS FORM: F-6)
STATION: TUSCALOOSA
MONTH: OCTOBER
YEAR: 2021
LATITUDE: 33 13 N
LONGITUDE: 87 37 W
TEMPERATURE IN F: :PCPN: SNOW: WIND :SUNSHINE: SKY :PK WND
================================================================================
1 2 3 4 5 6A 6B 7 8 9 10 11 12 13 14 15 16 17 18
12Z AVG MX 2MIN
DY MAX MIN AVG DEP HDD CDD WTR SNW DPTH SPD SPD DIR MIN PSBL S-S WX SPD DR
================================================================================
1 88 65 77 6 0 12 0.00 0.0 0 2.0 10 190 M M 2 12 15 110
2 84 67 76 5 0 11 0.08 0.0 0 3.7 22 180 M M 3 1 30 180
3 81 71 76 6 0 11 0.06 0.0 0 5.3 14 170 M M 7 1 19 170
4 84 66 75 5 0 10 0.00 0.0 0 4.2 13 10 M M 6 1 14 10
5 82 65 74 4 0 9 1.87 0.0 0 3.5 20 100 M M 8 123 27 120
6 82 68 75 6 0 10 0.08 0.0 0 3.1 8 100 M M 7 1 11 100
7 83 65 74 5 0 9 0.00 0.0 0 1.5 6 50 M M 4 12 9 50
8 85 61 73 5 0 8 0.00 0.0 0 1.8 10 320 M M 1 12 14 320
9 86 62 74 6 0 9 0.00 0.0 0 0.4 7 60 M M 0 1 10 60
10 86 63 75 7 0 10 0.00 0.0 0 2.1 10 180 M M 1 1 14 210
11 84 65 75 8 0 10 0.00 0.0 0 5.6 16 180 M M 2 1 23 180
12 87 70 79 12 0 14 0.00 0.0 0 4.6 9 130 M M 6 14 130
13 86 67 77 11 0 12 0.00 0.0 0 3.6 13 210 M M 2 1 16 180
14 84 64 74 8 0 9 0.00 0.0 0 1.5 10 180 M M 1 18 13 170
15 87 65 76 10 0 11 0.03 0.0 0 3.4 15 270 M M 2 1 21 270
16 73 49 61 -4 4 0 0.06 0.0 0 8.8 21 10 M M 4 1 26 360
17 71 46 59 -6 6 0 0.00 0.0 0 5.3 18 40 M M 0 23 30
18 74 43 59 -5 6 0 0.00 0.0 0 1.8 10 70 M M 0 1 13 110
19 77 45 61 -3 4 0 0.00 0.0 0 2.5 10 120 M M 0 1 15 170
20 82 53 68 5 0 3 T 0.0 0 4.3 12 180 M M 4 16 110
21 83 66 75 12 0 10 0.33 0.0 0 3.5 14 320 M M 7 13 20 290
22 75 53 64 1 1 0 0.00 0.0 0 2.6 12 310 M M 1 12 15 270
23 78 49 64 2 1 0 0.00 0.0 0 2.1 9 190 M M 0 1 11 140
24 74 54 64 2 1 0 0.00 0.0 0 3.3 13 180 M M 1 1 15 180
25 82 56 69 8 0 4 T 0.0 0 5.7 15 10 M M 5 1 19 360
26 72 49 61 0 4 0 0.00 0.0 0 4.6 10 320 M M 0 14 20
27 77 51 64 3 1 0 0.38 0.0 0 5.3 17 160 M M 2 1 25 150
28 67 56 62 2 3 0 0.18 0.0 0 9.2 21 210 M M 10 1 28 200
29 56 52 54 -6 11 0 0.04 0.0 0 8.5 15 230 M M 10 1 22 240
30 58 49 54 -5 11 0 0.02 0.0 0 5.7 14 270 M M 10 1 19 270
31 71 48 60 1 5 0 0.00 0.0 0 2.1 10 320 M M 3 12 16 310
================================================================================
SM 2439 1803 58 172 3.13 0.0 121.6 M 109
================================================================================
AV 78.7 58.2 3.9 FASTST M M 4 MAX(MPH)
MISC ----> 22 180 30 180
================================================================================
NOTES:
# LAST OF SEVERAL OCCURRENCES
COLUMN 17 PEAK WIND IN M.P.H.
PRELIMINARY LOCAL CLIMATOLOGICAL DATA (WS FORM: F-6) , PAGE 2
STATION: TUSCALOOSA
MONTH: OCTOBER
YEAR: 2021
LATITUDE: 33 13 N
LONGITUDE: 87 37 W
[TEMPERATURE DATA] [PRECIPITATION DATA] SYMBOLS USED IN COLUMN 16
AVERAGE MONTHLY: 68.4 TOTAL FOR MONTH: 3.13 1 = FOG OR MIST
DPTR FM NORMAL: 3.2 DPTR FM NORMAL: -0.41 2 = FOG REDUCING VISIBILITY
HIGHEST: 88 ON 1 GRTST 24HR 1.95 ON 5- 6 TO 1/4 MILE OR LESS
LOWEST: 43 ON 18 3 = THUNDER
SNOW, ICE PELLETS, HAIL 4 = ICE PELLETS
TOTAL MONTH: 0.0 INCH 5 = HAIL
GRTST 24HR 0.0 6 = FREEZING RAIN OR DRIZZLE
GRTST DEPTH: 0 7 = DUSTSTORM OR SANDSTORM:
VSBY 1/2 MILE OR LESS
8 = SMOKE OR HAZE
[NO. OF DAYS WITH] [WEATHER - DAYS WITH] 9 = BLOWING SNOW
X = TORNADO
MAX 32 OR BELOW: 0 0.01 INCH OR MORE: 11
MAX 90 OR ABOVE: 0 0.10 INCH OR MORE: 4
MIN 32 OR BELOW: 0 0.50 INCH OR MORE: 1
MIN 0 OR BELOW: 0 1.00 INCH OR MORE: 1
[HDD (BASE 65) ]
TOTAL THIS MO. 58 CLEAR (SCALE 0-3) 17
DPTR FM NORMAL -42 PTCLDY (SCALE 4-7) 11
TOTAL FM JUL 1 58 CLOUDY (SCALE 8-10) 3
DPTR FM NORMAL -46
[CDD (BASE 65) ]
TOTAL THIS MO. 172
DPTR FM NORMAL 67 [PRESSURE DATA]
TOTAL FM JAN 1 2270 HIGHEST SLP 30.28 ON 17
DPTR FM NORMAL 27 LOWEST SLP 29.46 ON 28
[REMARKS]
#FINAL-10-21#