453
CXUS54 KEPZ 011130
CF6TCS
PRELIMINARY LOCAL CLIMATOLOGICAL DATA (WS FORM: F-6)
STATION: TRUTH OR CONSEQUENCES
MONTH: FEBRUARY
YEAR: 2021
LATITUDE: 33 13 N
LONGITUDE: 107 16 W
TEMPERATURE IN F: :PCPN: SNOW: WIND :SUNSHINE: SKY :PK WND
================================================================================
1 2 3 4 5 6A 6B 7 8 9 10 11 12 13 14 15 16 17 18
12Z AVG MX 2MIN
DY MAX MIN AVG DEP HDD CDD WTR SNW DPTH SPD SPD DIR MIN PSBL S-S WX SPD DR
================================================================================
1 58 30 44 0 21 0 0.00 M M 5.2 12 220 M M 0 14 180
2 71 42 57 13 8 0 0.00 M M 5.8 14 200 M M 0 19 160
3 75 46 61 17 4 0 0.00 M M 10.4 28 250 M M 2 37 270
4 66 45 56 12 9 0 0.00 M M 8.1 17 330 M M 0 26 310
5 62 34 48 4 17 0 0.00 M M 7.3 20 330 M M 0 32 330
6 61 37 49 4 16 0 0.00 M M 7.4 18 350 M M 0 30 350
7 71 38 55 10 10 0 0.00 M M 7.6 20 290 M M 0 24 290
8 73 39 56 11 9 0 0.00 M M 9.5 18 270 M M 0 27 270
9 74 38 56 11 9 0 0.00 M M 6.7 21 270 M M 0 28 260
10 66 41 54 9 11 0 0.00 M M 6.0 16 280 M M 3 22 280
11 66 38 52 6 13 0 0.00 M M 6.1 15 310 M M 0 21 330
12 61 38 50 4 15 0 0.00 M M 7.1 20 190 M M 3 26 170
13 62 36 49 3 16 0 T M M 13.1 36 190 M M 1 47 190
14 45 13 29 -17 36 0 0.10 M M 16.9 33 30 M M 7 89 50 20
15 28 14 21 -25 44 0 T M M 4.6 13 190 M M 10 8 17 200
16 52 26 39 -7 26 0 0.04 M M 7.4 28 320 M M 6 18 45 320
17 48 31 40 -7 25 0 T M M 9.9 25 280 M M 6 8 31 300
18 48 27 38 -9 27 0 0.00 M M 5.7 13 30 M M 3 20 230
19 57 25 41 -6 24 0 0.00 M M 6.9 14 190 M M 0 20 180
20 75 28 52 5 13 0 0.00 M M 11.7 35 240 M M 0 49 250
21 58 40 49 2 16 0 0.00 M M 14.6 28 310 M M 0 37 330
22 65 30 48 0 17 0 0.00 M M 5.5 16 10 M M 0 22 10
23 77 34 56 8 9 0 0.00 M M 9.8 25 240 M M 0 32 250
24 74 36 55 7 10 0 0.00 M M 8.9 26 270 M M 0 37 280
25 69 34 52 4 13 0 0.00 M M 8.6 29 250 M M 0 41 230
26 65 29 47 -1 18 0 0.00 M M 6.8 14 200 M M 0 19 200
27 70 24 47 -1 18 0 0.00 M M 8.8 30 240 M M 0 40 220
28 62 34 48 -1 17 0 0.00 M M 14.8 36 30 M M 2 51 20
================================================================================
SM 1759 927 471 0 0.14 M 241.2 M 43
================================================================================
AV 62.8 33.1 8.6 FASTST M M 2 MAX(MPH)
MISC ----> # 36 190 51 20
================================================================================
NOTES:
# LAST OF SEVERAL OCCURRENCES
COLUMN 17 PEAK WIND IN M.P.H.
PRELIMINARY LOCAL CLIMATOLOGICAL DATA (WS FORM: F-6) , PAGE 2
STATION: TRUTH OR CONSEQUENCES
MONTH: FEBRUARY
YEAR: 2021
LATITUDE: 33 13 N
LONGITUDE: 107 16 W
[TEMPERATURE DATA] [PRECIPITATION DATA] SYMBOLS USED IN COLUMN 16
AVERAGE MONTHLY: 48.0 TOTAL FOR MONTH: 0.14 1 = FOG OR MIST
DPTR FM NORMAL: 1.8 DPTR FM NORMAL: -0.28 2 = FOG REDUCING VISIBILITY
HIGHEST: 77 ON 23 GRTST 24HR 0.10 ON 14-14 TO 1/4 MILE OR LESS
LOWEST: 13 ON 14 3 = THUNDER
SNOW, ICE PELLETS, HAIL 4 = ICE PELLETS
TOTAL MONTH: M 5 = HAIL
GRTST 24HR M ON M 6 = FREEZING RAIN OR DRIZZLE
GRTST DEPTH: M ON M 7 = DUSTSTORM OR SANDSTORM:
VSBY 1/2 MILE OR LESS
8 = SMOKE OR HAZE
[NO. OF DAYS WITH] [WEATHER - DAYS WITH] 9 = BLOWING SNOW
X = TORNADO
MAX 32 OR BELOW: 1 0.01 INCH OR MORE: 2
MAX 90 OR ABOVE: 0 0.10 INCH OR MORE: 1
MIN 32 OR BELOW: 11 0.50 INCH OR MORE: 0
MIN 0 OR BELOW: 0 1.00 INCH OR MORE: 0
[HDD (BASE 65) ]
TOTAL THIS MO. 471 CLEAR (SCALE 0-3) 24
DPTR FM NORMAL -55 PTCLDY (SCALE 4-7) 3
TOTAL FM JUL 1 2294 CLOUDY (SCALE 8-10) 1
DPTR FM NORMAL -359
[CDD (BASE 65) ]
TOTAL THIS MO. 0
DPTR FM NORMAL 0 [PRESSURE DATA]
TOTAL FM JAN 1 0 HIGHEST SLP 30.34 ON 19
DPTR FM NORMAL 0 LOWEST SLP 29.39 ON 13
[REMARKS]
#FINAL-02-21#