000
CXUS52 KTAE 010800
CF6TLH
PRELIMINARY LOCAL CLIMATOLOGICAL DATA (WS FORM: F-6)
STATION: TALLAHASSEE
MONTH: OCTOBER
YEAR: 2021
LATITUDE: 30 22 N
LONGITUDE: 84 22 W
TEMPERATURE IN F: :PCPN: SNOW: WIND :SUNSHINE: SKY :PK WND
================================================================================
1 2 3 4 5 6A 6B 7 8 9 10 11 12 13 14 15 16 17 18
12Z AVG MX 2MIN
DY MAX MIN AVG DEP HDD CDD WTR SNW DPTH SPD SPD DIR MIN PSBL S-S WX SPD DR
================================================================================
1 89 70 80 4 0 15 0.00 0.0 0 5.7 14 60 M M 3 18 80
2 89 71 80 5 0 15 0.00 0.0 0 4.9 14 150 M M 5 1 18 90
3 84 68 76 1 0 11 0.17 0.0 0 3.5 18 160 M M 5 138 23 160
4 83 67 75 0 0 10 0.52 0.0 0 3.2 20 280 M M 6 13 23 280
5 75 71 73 -1 0 8 0.64 0.0 0 3.3 12 290 M M 6 13 14 100
6 79 71 75 1 0 10 1.74 0.0 0 4.9 18 120 M M 7 13 25 110
7 84 72 78 4 0 13 0.01 0.0 M 3.2 12 150 M M 8 1 14 160
8 88 70 79 6 0 14 0.14 0.0 M 3.7 13 350 M M 6 123 17 250
9 85 67 76 3 0 11 0.00 0.0 M 4.9 14 10 M M 2 12 19 20
10 85 63 74 2 0 9 0.00 0.0 0 4.0 13 360 M M 1 17 10
11 86 61 74 2 0 9 0.00 0.0 0 1.9 9 80 M M 2 13 40
12 88 65 77 5 0 12 0.00 0.0 0 4.3 10 70 M M 2 15 70
13 86 64 75 4 0 10 0.00 0.0 0 2.7 9 90 M M 1 13 50
14 88 65 77 6 0 12 0.00 0.0 0 2.5 9 110 M M 2 12 30
15 90 64 77 6 0 12 0.00 0.0 0 2.4 10 330 M M 3 13 40
16 89 62 76 6 0 11 0.00 0.0 0 7.8 23 310 M M 4 18 27 320
17 75 50 63 -7 2 0 0.00 0.0 0 6.6 14 340 M M 0 20 350
18 75 46 61 -9 4 0 0.00 M M 4.3 14 70 M M 3 17 80
19 82 52 67 -2 0 2 0.00 M M 3.6 12 140 M M 1 22 80
20 83 54 69 0 0 4 0.00 0.0 M 2.6 12 80 M M 4 14 120
21 84 62 73 5 0 8 0.00 0.0 0 4.0 12 170 M M 4 16 180
22 88 61 75 7 0 10 0.00 0.0 M 3.1 12 340 M M 4 12 15 250
23 84 54 69 1 0 4 0.00 0.0 0 2.7 10 350 M M 3 12 14 350
24 81 52 67 0 0 2 0.30 0.0 0 3.8 13 110 M M 7 1 17 130
25 86 69 78 11 0 13 0.04 0.0 0 5.8 16 290 M M 7 1 19 280
26 80 56 68 2 0 3 0.00 M M 6.9 16 290 M M 1 20 300
27 77 51 64 -2 1 0 0.00 0.0 M 2.9 9 170 M M 3 12 180
28 82 62 72 6 0 7 1.73 0.0 0 9.9 30 270 M M 7 13 36 280
29 67 50 59 -7 6 0 T 0.0 0 8.1 20 290 M M 5 8 22 290
30 67 47 57 -8 8 0 0.00 0.0 0 8.0 20 280 M M 4 26 260
31 70 50 60 -5 5 0 0.00 M M 5.1 13 320 M M 6 25 330
================================================================================
SM 2549 1887 26 235 5.29 0.0 140.3 M 122
================================================================================
AV 82.2 60.9 4.5 FASTST M M 4 MAX(MPH)
MISC ----> 30 270 36 280
================================================================================
NOTES:
# LAST OF SEVERAL OCCURRENCES
COLUMN 17 PEAK WIND IN M.P.H.
PRELIMINARY LOCAL CLIMATOLOGICAL DATA (WS FORM: F-6) , PAGE 2
STATION: TALLAHASSEE
MONTH: OCTOBER
YEAR: 2021
LATITUDE: 30 22 N
LONGITUDE: 84 22 W
[TEMPERATURE DATA] [PRECIPITATION DATA] SYMBOLS USED IN COLUMN 16
AVERAGE MONTHLY: 71.5 TOTAL FOR MONTH: 5.29 1 = FOG OR MIST
DPTR FM NORMAL: 1.2 DPTR FM NORMAL: 2.05 2 = FOG REDUCING VISIBILITY
HIGHEST: 90 ON 15 GRTST 24HR 1.77 ON 5- 6 TO 1/4 MILE OR LESS
LOWEST: 46 ON 18 3 = THUNDER
SNOW, ICE PELLETS, HAIL 4 = ICE PELLETS
TOTAL MONTH: 0.0 INCH 5 = HAIL
GRTST 24HR 0.0 6 = FREEZING RAIN OR DRIZZLE
GRTST DEPTH: 0 7 = DUSTSTORM OR SANDSTORM:
VSBY 1/2 MILE OR LESS
8 = SMOKE OR HAZE
[NO. OF DAYS WITH] [WEATHER - DAYS WITH] 9 = BLOWING SNOW
X = TORNADO
MAX 32 OR BELOW: 0 0.01 INCH OR MORE: 9
MAX 90 OR ABOVE: 1 0.10 INCH OR MORE: 7
MIN 32 OR BELOW: 0 0.50 INCH OR MORE: 4
MIN 0 OR BELOW: 0 1.00 INCH OR MORE: 2
[HDD (BASE 65) ]
TOTAL THIS MO. 26 CLEAR (SCALE 0-3) 14
DPTR FM NORMAL -13 PTCLDY (SCALE 4-7) 17
TOTAL FM JUL 1 26 CLOUDY (SCALE 8-10) 0
DPTR FM NORMAL -10
[CDD (BASE 65) ]
TOTAL THIS MO. 235
DPTR FM NORMAL 33 [PRESSURE DATA]
TOTAL FM JAN 1 2707 HIGHEST SLP M ON M
DPTR FM NORMAL 12 LOWEST SLP 29.57 ON 28
[REMARKS]
#FINAL-10-21#