000
CXUS51 KCLE 010800
CF6TOL
PRELIMINARY LOCAL CLIMATOLOGICAL DATA (WS FORM: F-6)
STATION: TOLEDO OH
MONTH: MAY
YEAR: 2023
LATITUDE: 41 35 N
LONGITUDE: 83 48 W
TEMPERATURE IN F: :PCPN: SNOW: WIND :SUNSHINE: SKY :PK WND
================================================================================
1 2 3 4 5 6A 6B 7 8 9 10 11 12 13 14 15 16 17 18
12Z AVG MX 2MIN
DY MAX MIN AVG DEP HDD CDD WTR SNW DPTH SPD SPD DIR MIN PSBL S-S WX SPD DR
================================================================================
1 49 40 45 -12 20 0 0.17 0.0 0 16.5 32 280 M M 10 1 40 270
2 48 39 44 -13 21 0 0.06 0.0 0 14.8 29 280 M M 10 37 290
3 57 40 49 -9 16 0 0.00 0.0 0 11.6 24 310 M M 9 32 330
4 66 38 52 -6 13 0 0.00 0.0 0 3.3 13 270 M M 3 16 280
5 72 40 56 -2 9 0 0.00 0.0 0 6.6 18 90 M M 0 23 100
6 74 49 62 3 3 0 0.00 0.0 0 8.1 18 90 M M 2 24 110
7 82 54 68 9 0 3 0.21 0.0 0 9.2 21 260 M M 5 13 28 260
8 63 54 59 0 6 0 0.04 0.0 0 8.1 17 360 M M 9 8 22 10
9 71 50 61 1 4 0 0.00 0.0 0 6.5 16 50 M M 3 21 50
10 79 43 61 1 4 0 0.00 0.0 0 2.9 9 240 M M 0 13 250
11 82 49 66 6 0 1 0.00 0.0 0 2.1 12 200 M M 0 16 100
12 82 51 67 6 0 2 0.00 0.0 0 3.2 10 70 M M 2 13 70
13 71 60 66 5 0 1 0.03 0.0 0 5.0 16 70 M M 9 21 70
14 68 55 62 0 3 0 0.01 0.0 0 12.2 22 50 M M 3 27 60
15 73 50 62 0 3 0 0.00 0.0 0 4.9 14 50 M M 0 18 60
16 80 46 63 1 2 0 0.00 0.0 0 7.1 17 40 M M 0 24 280
17 62 41 52 -10 13 0 0.00 0.0 0 9.2 15 40 M M 0 22 40
18 67 36 52 -11 13 0 0.00 0.0 0 5.1 14 90 M M 0 18 120
19 83 43 63 0 2 0 0.31 0.0 0 5.9 22 280 M M 5 1 29 290
20 62 51 57 -7 8 0 0.07 0.0 0 9.4 18 280 M M 6 18 24 290
21 79 49 64 0 1 0 0.00 0.0 0 6.5 15 320 M M 1 22 290
22 80 49 65 1 0 0 0.00 0.0 0 5.6 17 50 M M 1 22 50
23 83 55 69 5 0 4 0.00 0.0 0 3.2 14 60 M M 4 16 70
24 82 48 65 0 0 0 0.00 0.0 0 9.3 23 40 M M 0 28 40
25 64 43 54 -11 11 0 0.00 0.0 0 10.4 21 50 M M 1 24 70
26 71 42 57 -8 8 0 0.00 0.0 0 8.5 20 60 M M 0 25 70
27 79 44 62 -4 3 0 0.00 0.0 0 4.6 16 50 M M 0 20 50
28 81 49 65 -1 0 0 0.00 0.0 0 5.0 16 40 M M 0 20 30
29 86 54 70 4 0 5 0.00 0.0 0 6.6 17 60 M M 1 24 40
30 91 58 75 8 0 10 0.00 0.0 0 5.0 17 60 M M 1 22 100
31 89 60 75 8 0 10 0.00 0.0 0 5.2 17 90 M M 1 22 60
================================================================================
SM 2276 1480 163 36 0.90 0.0 221.6 M 86
================================================================================
AV 73.4 47.7 7.1 FASTST M M 3 MAX(MPH)
MISC ----> 32 280 40 270
================================================================================
NOTES:
# LAST OF SEVERAL OCCURRENCES
COLUMN 17 PEAK WIND IN M.P.H.
PRELIMINARY LOCAL CLIMATOLOGICAL DATA (WS FORM: F-6) , PAGE 2
STATION: TOLEDO OH
MONTH: MAY
YEAR: 2023
LATITUDE: 41 35 N
LONGITUDE: 83 48 W
[TEMPERATURE DATA] [PRECIPITATION DATA] SYMBOLS USED IN COLUMN 16
AVERAGE MONTHLY: 60.6 TOTAL FOR MONTH: 0.90 1 = FOG OR MIST
DPTR FM NORMAL: -1.5 DPTR FM NORMAL: -2.92 2 = FOG REDUCING VISIBILITY
HIGHEST: 91 ON 30 GRTST 24HR 0.38 ON 19-20 TO 1/4 MILE OR LESS
LOWEST: 36 ON 18 3 = THUNDER
SNOW, ICE PELLETS, HAIL 4 = ICE PELLETS
TOTAL MONTH: 0.0 INCH 5 = HAIL
GRTST 24HR 0.0 6 = FREEZING RAIN OR DRIZZLE
GRTST DEPTH: 0 7 = DUSTSTORM OR SANDSTORM:
VSBY 1/2 MILE OR LESS
8 = SMOKE OR HAZE
[NO. OF DAYS WITH] [WEATHER - DAYS WITH] 9 = BLOWING SNOW
X = TORNADO
MAX 32 OR BELOW: 0 0.01 INCH OR MORE: 8
MAX 90 OR ABOVE: 1 0.10 INCH OR MORE: 3
MIN 32 OR BELOW: 0 0.50 INCH OR MORE: 0
MIN 0 OR BELOW: 0 1.00 INCH OR MORE: 0
[HDD (BASE 65) ]
TOTAL THIS MO. 163 CLEAR (SCALE 0-3) 22
DPTR FM NORMAL 3 PTCLDY (SCALE 4-7) 4
TOTAL FM JUL 1 5002 CLOUDY (SCALE 8-10) 5
DPTR FM NORMAL -620
[CDD (BASE 65) ]
TOTAL THIS MO. 36
DPTR FM NORMAL -34 [PRESSURE DATA]
TOTAL FM JAN 1 52 HIGHEST SLP 30.38 ON 14
DPTR FM NORMAL -29 LOWEST SLP 29.26 ON 1
[REMARKS]
#FINAL-05-23#