000
CXUS55 KCYS 011610
CF6TOR
PRELIMINARY LOCAL CLIMATOLOGICAL DATA (WS FORM: F-6)
STATION: TORRINGTON WY AIRPORT
MONTH: JUNE
YEAR: 2023
LATITUDE: 42 3 N
LONGITUDE: 104 9 W
TEMPERATURE IN F: :PCPN: SNOW: WIND :SUNSHINE: SKY :PK WND
================================================================================
1 2 3 4 5 6A 6B 7 8 9 10 11 12 13 14 15 16 17 18
12Z AVG MX 2MIN
DY MAX MIN AVG DEP HDD CDD WTR SNW DPTH SPD SPD DIR MIN PSBL S-S WX SPD DR
================================================================================
1 72 52 62 0 3 0 0.31 M M 7.8 26 210 M M 3 13 38 220
2 74 50 62 -1 3 0 0.76 M M 6.9 28 240 M M 5 123 35 250
3 68 52 60 -3 5 0 0.01 M M 6.3 14 120 M M 5 17 110
4 76 54 65 2 0 0 0.05 M M 10.3 26 130 M M 4 1 40 150
5 78 49 64 0 1 0 0.00 M M 11.1 23 150 M M 1 1 30 140
6 81 53 67 3 0 2 0.00 M M 10.7 23 140 M M 0 30 140
7 83 54 69 5 0 4 0.00 M M 8.6 20 140 M M 1 3 26 140
8 83 54 69 4 0 4 0.14 M M 6.3 23 220 M M 2 3 33 220
9 M M M M M M M M M M M M M M M M M
10 76 52 64 -2 1 0 0.01 M M 9.4 25 360 M M 2 1 34 360
11 64 54 59 -7 6 0 0.26 M M 8.7 17 100 M M 9 1 22 110
12 66 52 59 -7 6 0 0.33 M M 10.7 21 150 M M 8 13 28 140
13 74 51 63 -3 2 0 0.00 M M 3.9 12 110 M M 4 12 16 80
14 82 48 65 -2 0 0 0.06 M M 7.3 24 230 M M 2 13 33 220
15 76 53 65 -2 0 0 0.46 M M 7.2 20 330 M M 5 13 27 330
16 62 48 55 -13 10 0 0.11 M M 7.3 16 340 M M 8 1 23 320
17 76 44 60 -8 5 0 T M M 3.5 18 230 M M 1 13 27 250
18 86 48 67 -1 0 2 0.01 M M 5.7 18 270 M M 1 27 270
19 92 56 74 6 0 9 0.00 M M 8.9 23 160 M M 0 28 160
20 88 57 73 4 0 8 0.00 M M 7.0 18 120 M M 0 26 120
21 79 60 70 1 0 5 0.18 M M 10.0 36 150 M M 7 13 52 140
22 79 56 68 -2 0 3 0.50 M M 8.5 20 80 M M 3 13 26 70
23 78 58 68 -2 0 3 0.15 M M 10.4 30 110 M M 7 13 41 100
24 76 52 64 -6 1 0 0.00 M M 12.8 33 310 M M 0 48 290
25 M 48 M M M M 0.00 M M 3.9 9 140 M M 0 M M
26 83 M M M M M 0.00 M M 13.4 23 140 M M 0 36 150
27 88 62 75 4 0 10 0.00 M M 9.6 26 10 M M 4 34 10
28 82 53 68 -3 0 3 T M M 9.4 30 20 M M 1 3 37 10
29 82 52 67 -5 0 2 0.05 M M 8.7 28 260 M M 3 38 41 170
30 75 51 63 -9 2 0 0.52 M M 4.6 21 290 M M 4 123 30 300
================================================================================
SM 2179 1473 45 55 3.91 M 238.9 M 90
================================================================================
AV 77.8 52.6 8.2 FASTST M M 3 MAX(MPH)
MISC ----> 36 150 52 140
================================================================================
NOTES:
# LAST OF SEVERAL OCCURRENCES
COLUMN 17 PEAK WIND IN M.P.H.
PRELIMINARY LOCAL CLIMATOLOGICAL DATA (WS FORM: F-6) , PAGE 2
STATION: TORRINGTON WY AIRPORT
MONTH: JUNE
YEAR: 2023
LATITUDE: 42 3 N
LONGITUDE: 104 9 W
[TEMPERATURE DATA] [PRECIPITATION DATA] SYMBOLS USED IN COLUMN 16
AVERAGE MONTHLY: 65.2 TOTAL FOR MONTH: 3.91 1 = FOG OR MIST
DPTR FM NORMAL: -2.0 DPTR FM NORMAL: 1.79 2 = FOG REDUCING VISIBILITY
HIGHEST: 92 ON 19 GRTST 24HR 1.03 ON 1- 2 TO 1/4 MILE OR LESS
LOWEST: 44 ON 17 3 = THUNDER
SNOW, ICE PELLETS, HAIL 4 = ICE PELLETS
TOTAL MONTH: M 5 = HAIL
GRTST 24HR M ON M 6 = FREEZING RAIN OR DRIZZLE
GRTST DEPTH: M ON M 7 = DUSTSTORM OR SANDSTORM:
VSBY 1/2 MILE OR LESS
8 = SMOKE OR HAZE
[NO. OF DAYS WITH] [WEATHER - DAYS WITH] 9 = BLOWING SNOW
X = TORNADO
MAX 32 OR BELOW: 0 0.01 INCH OR MORE: 17
MAX 90 OR ABOVE: 1 0.10 INCH OR MORE: 11
MIN 32 OR BELOW: 0 0.50 INCH OR MORE: 3
MIN 0 OR BELOW: 0 1.00 INCH OR MORE: 0
[HDD (BASE 65) ]
TOTAL THIS MO. 45 CLEAR (SCALE 0-3) 15
DPTR FM NORMAL -17 PTCLDY (SCALE 4-7) 13
TOTAL FM JUL 1 6563 CLOUDY (SCALE 8-10) 2
DPTR FM NORMAL 83
[CDD (BASE 65) ]
TOTAL THIS MO. 55
DPTR FM NORMAL -74 [PRESSURE DATA]
TOTAL FM JAN 1 63 HIGHEST SLP 30.12 ON 5
DPTR FM NORMAL -85 LOWEST SLP 29.53 ON 18
[REMARKS]
#FINAL-06-23#