000
CXUS55 KCYS 101126
CF6TOR
PRELIMINARY LOCAL CLIMATOLOGICAL DATA (WS FORM: F-6)
STATION: TORRINGTON WY AIRPORT
MONTH: MAY
YEAR: 2021
LATITUDE: 42 3 N
LONGITUDE: 104 9 W
TEMPERATURE IN F: :PCPN: SNOW: WIND :SUNSHINE: SKY :PK WND
================================================================================
1 2 3 4 5 6A 6B 7 8 9 10 11 12 13 14 15 16 17 18
12Z AVG MX 2MIN
DY MAX MIN AVG DEP HDD CDD WTR SNW DPTH SPD SPD DIR MIN PSBL S-S WX SPD DR
================================================================================
1 85 44 65 15 0 0 T M M 7.2 38 280 M M 1 53 290
2 66 45 56 5 9 0 0.01 M M 15.9 29 360 M M 6 1 40 330
3 52 33 43 -8 22 0 T M M 9.6 24 30 M M 6 31 30
4 62 28 45 -6 20 0 0.05 M M 9.2 29 320 M M 2 40 310
5 62 36 49 -3 16 0 0.10 M M 9.6 31 360 M M 2 3 40 360
6 71 35 53 1 12 0 0.00 M M 4.7 12 90 M M 1 18 140
7 77 39 58 6 7 0 T M M 12.3 28 120 M M 0 3 37 120
8 67 42 55 2 10 0 0.04 M M 13.0 39 10 M M 2 48 10
9 60 30 45 -8 20 0 0.02 M M 4.7 18 180 M M 4 1 23 180
10 44 34 39 -15 26 0 0.35 M M 10.0 20 90 M M 8 1 25 90
11 49 38 44 -10 21 0 0.11 M M 11.1 22 170 M M 9 1 28 170
12 64 33 49 -5 16 0 T M M 7.7 24 360 M M 2 1 33 350
13 75 38 57 2 8 0 0.00 M M 7.9 28 50 M M 1 36 40
14 72 40 56 1 9 0 0.07 M M 6.1 21 70 M M 4 1 29 340
15 66 42 54 -2 11 0 T M M 6.2 14 150 M M 5 1 20 140
16 67 49 58 2 7 0 0.00 M M 8.8 21 20 M M 8 28 350
17 71 42 57 1 8 0 0.00 M M 8.5 20 130 M M 5 12 26 130
18 75 48 62 5 3 0 0.00 M M 12.8 24 160 M M 1 1 34 170
19 80 46 63 6 2 0 T M M 9.6 21 150 M M 1 3 27 150
20 83 48 66 8 0 1 0.21 M M 14.7 40 180 M M 1 138 54 150
21 63 44 54 -4 11 0 0.06 M M 12.0 26 20 M M 8 13 32 30
22 52 42 47 -11 18 0 0.02 M M 8.6 18 80 M M 10 18 25 80
23 78 40 59 0 6 0 0.52 M M 12.2 36 280 M M 6 13 48 280
24 73 37 55 -4 10 0 T M M 10.5 25 260 M M 1 1 36 270
25 77 47 62 2 3 0 0.00 M M 9.5 18 300 M M 0 26 310
26 80 47 64 4 1 0 0.00 M M 14.8 32 180 M M 2 3 41 180
27 71 42 57 -3 8 0 0.00 M M 9.3 24 70 M M 1 34 330
28 77 42 60 -1 5 0 0.00 M M 13.0 22 130 M M 3 29 110
29 71 50 61 0 4 0 0.12 M M 8.6 21 130 M M 7 13 28 130
30 64 48 56 -6 9 0 0.41 M M 6.7 25 30 M M 6 1 32 30
31 72 41 57 -5 8 0 0.00 M M 8.5 16 160 M M 1 24 200
================================================================================
SM 2126 1270 310 1 2.09 M 303.3 M 114
================================================================================
AV 68.6 41.0 9.8 FASTST M M 4 MAX(MPH)
MISC ----> 40 180 54 150
================================================================================
NOTES:
# LAST OF SEVERAL OCCURRENCES
COLUMN 17 PEAK WIND IN M.P.H.
PRELIMINARY LOCAL CLIMATOLOGICAL DATA (WS FORM: F-6) , PAGE 2
STATION: TORRINGTON WY AIRPORT
MONTH: MAY
YEAR: 2021
LATITUDE: 42 3 N
LONGITUDE: 104 9 W
[TEMPERATURE DATA] [PRECIPITATION DATA] SYMBOLS USED IN COLUMN 16
AVERAGE MONTHLY: 54.8 TOTAL FOR MONTH: 2.09 1 = FOG OR MIST
DPTR FM NORMAL: -1.2 DPTR FM NORMAL: -0.44 2 = FOG REDUCING VISIBILITY
HIGHEST: 85 ON 1 GRTST 24HR 0.53 ON 29-30 TO 1/4 MILE OR LESS
LOWEST: 28 ON 4 3 = THUNDER
SNOW, ICE PELLETS, HAIL 4 = ICE PELLETS
TOTAL MONTH: M 5 = HAIL
GRTST 24HR M ON M 6 = FREEZING RAIN OR DRIZZLE
GRTST DEPTH: M ON M 7 = DUSTSTORM OR SANDSTORM:
VSBY 1/2 MILE OR LESS
8 = SMOKE OR HAZE
[NO. OF DAYS WITH] [WEATHER - DAYS WITH] 9 = BLOWING SNOW
X = TORNADO
MAX 32 OR BELOW: 0 0.01 INCH OR MORE: 14
MAX 90 OR ABOVE: 0 0.10 INCH OR MORE: 7
MIN 32 OR BELOW: 2 0.50 INCH OR MORE: 1
MIN 0 OR BELOW: 0 1.00 INCH OR MORE: 0
[HDD (BASE 65) ]
TOTAL THIS MO. 310 CLEAR (SCALE 0-3) 16
DPTR FM NORMAL 13 PTCLDY (SCALE 4-7) 13
TOTAL FM JUL 1 6675 CLOUDY (SCALE 8-10) 2
DPTR FM NORMAL 256
[CDD (BASE 65) ]
TOTAL THIS MO. 1
DPTR FM NORMAL -17 [PRESSURE DATA]
TOTAL FM JAN 1 1 HIGHEST SLP 30.35 ON 6
DPTR FM NORMAL -18 LOWEST SLP 29.46 ON 2
[REMARKS]
#FINAL-05-21#