574
CXUS56 KLKN 011114
CF6TPH
PRELIMINARY LOCAL CLIMATOLOGICAL DATA (WS FORM: F-6)
STATION: TONOPAH AIRPORT NV
MONTH: JANUARY
YEAR: 2021
LATITUDE: 38 3 N
LONGITUDE: 117 5 W
TEMPERATURE IN F: :PCPN: SNOW: WIND :SUNSHINE: SKY :PK WND
================================================================================
1 2 3 4 5 6A 6B 7 8 9 10 11 12 13 14 15 16 17 18
12Z AVG MX 2MIN
DY MAX MIN AVG DEP HDD CDD WTR SNW DPTH SPD SPD DIR MIN PSBL S-S WX SPD DR
================================================================================
1 41 18 30 -1 35 0 0.00 M M 8.1 16 20 M M 0 21 360
2 44 16 30 -1 35 0 0.00 M M 5.7 13 10 M M 0 15 10
3 51 24 38 6 27 0 0.00 M M 6.3 22 330 M M 3 26 320
4 50 25 38 6 27 0 0.00 M M 7.5 16 170 M M 0 19 170
5 50 21 36 4 29 0 0.00 M M 5.5 13 10 M M 0 15 360
6 49 19 34 2 31 0 0.00 M M 6.4 13 360 M M 0 15 360
7 49 14 32 0 33 0 0.00 M M 5.9 16 10 M M 0 19 10
8 49 19 34 2 31 0 0.00 M M 8.1 26 330 M M 2 33 330
9 43 20 32 0 33 0 0.00 M M 10.9 21 310 M M 0 28 310
10 45 17 31 -1 34 0 0.00 M M 5.9 17 30 M M 0 19 20
11 49 18 34 2 31 0 0.00 M M 7.6 17 360 M M 0 19 10
12 44 17 31 -1 34 0 0.00 M M 6.0 17 20 M M 2 19 20
13 62 19 41 9 24 0 0.00 M M 7.8 20 340 M M 0 27 330
14 60 27 44 12 21 0 0.00 M M 11.4 24 330 M M 0 31 320
15 62 24 43 11 22 0 0.00 M M 6.7 20 320 M M 0 26 320
16 60 33 47 15 18 0 0.00 M M 8.8 17 350 M M 0 20 360
17 60 26 43 10 22 0 0.00 M M 10.9 21 310 M M 0 25 310
18 52 26 39 6 26 0 0.00 M M 16.1 30 320 M M 1 35 320
19 45 22 34 1 31 0 0.00 M M 14.1 30 90 M M 0 35 80
20 50 21 36 3 29 0 0.00 M M 6.1 14 360 M M 2 17 10
21 52 19 36 3 29 0 0.00 M M 5.5 13 360 M M 0 14 360
22 49 24 37 4 28 0 0.21 M M 11.8 26 190 M M 5 12 32 190
23 33 14 24 -9 41 0 0.00 M M 6.2 22 340 M M 3 28 350
24 36 18 27 -6 38 0 0.00 M M 6.2 14 20 M M 2 16 350
25 30 22 26 -7 39 0 0.15 M M 11.9 29 330 M M 10 12 37 330
26 27 18 23 -10 42 0 T M M 21.1 31 330 M M 2 19 44 320
27 31 24 28 -6 37 0 T M M 20.2 28 170 M M 10 1 34 170
28 42 28 35 1 30 0 0.00 M M 21.1 39 170 M M 4 49 170
29 36 15 26 -8 39 0 0.12 M M 10.2 28 180 M M 6 12 34 190
30 40 12 26 -8 39 0 0.00 M M 8.8 16 360 M M 1 18 10
31 45 17 31 -3 34 0 0.00 M M 7.2 17 20 M M 1 19 20
================================================================================
SM 1436 637 969 0 0.48 M 296.0 M 54
================================================================================
AV 46.3 20.5 9.5 FASTST M M 2 MAX(MPH)
MISC ----> 39 170 49 170
================================================================================
NOTES:
# LAST OF SEVERAL OCCURRENCES
COLUMN 17 PEAK WIND IN M.P.H.
PRELIMINARY LOCAL CLIMATOLOGICAL DATA (WS FORM: F-6) , PAGE 2
STATION: TONOPAH AIRPORT NV
MONTH: JANUARY
YEAR: 2021
LATITUDE: 38 3 N
LONGITUDE: 117 5 W
[TEMPERATURE DATA] [PRECIPITATION DATA] SYMBOLS USED IN COLUMN 16
AVERAGE MONTHLY: 33.4 TOTAL FOR MONTH: 0.48 1 = FOG OR MIST
DPTR FM NORMAL: 0.9 DPTR FM NORMAL: -0.01 2 = FOG REDUCING VISIBILITY
HIGHEST: 62 ON 15,13 GRTST 24HR 0.21 ON 22-22 TO 1/4 MILE OR LESS
LOWEST: 12 ON 30 3 = THUNDER
SNOW, ICE PELLETS, HAIL 4 = ICE PELLETS
TOTAL MONTH: M 5 = HAIL
GRTST 24HR M ON M 6 = FREEZING RAIN OR DRIZZLE
GRTST DEPTH: M ON M 7 = DUSTSTORM OR SANDSTORM:
VSBY 1/2 MILE OR LESS
8 = SMOKE OR HAZE
[NO. OF DAYS WITH] [WEATHER - DAYS WITH] 9 = BLOWING SNOW
X = TORNADO
MAX 32 OR BELOW: 3 0.01 INCH OR MORE: 3
MAX 90 OR ABOVE: 0 0.10 INCH OR MORE: 3
MIN 32 OR BELOW: 30 0.50 INCH OR MORE: 0
MIN 0 OR BELOW: 0 1.00 INCH OR MORE: 0
[HDD (BASE 65) ]
TOTAL THIS MO. 969 CLEAR (SCALE 0-3) 24
DPTR FM NORMAL -37 PTCLDY (SCALE 4-7) 5
TOTAL FM JUL 1 2936 CLOUDY (SCALE 8-10) 2
DPTR FM NORMAL -315
[CDD (BASE 65) ]
TOTAL THIS MO. 0
DPTR FM NORMAL 0 [PRESSURE DATA]
TOTAL FM JAN 1 0 HIGHEST SLP 30.57 ON 15
DPTR FM NORMAL 0 LOWEST SLP 29.49 ON 25
[REMARKS]
#FINAL-01-21#