000
CXUS54 KFWD 010830
CF6TPL
PRELIMINARY LOCAL CLIMATOLOGICAL DATA (WS FORM: F-6)
STATION: TEMPLE
MONTH: NOVEMBER
YEAR: 2022
LATITUDE: 31 8 N
LONGITUDE: 97 25 W
TEMPERATURE IN F: :PCPN: SNOW: WIND :SUNSHINE: SKY :PK WND
================================================================================
1 2 3 4 5 6A 6B 7 8 9 10 11 12 13 14 15 16 17 18
12Z AVG MX 2MIN
DY MAX MIN AVG DEP HDD CDD WTR SNW DPTH SPD SPD DIR MIN PSBL S-S WX SPD DR
================================================================================
1 76 53 65 3 0 0 0.00 M M 6.9 15 150 M M 2 1 M M
2 78 55 67 5 0 2 0.00 M M 7.3 13 160 M M 6 128 18 160
3 82 67 75 13 0 10 T M M 14.3 22 160 M M 8 1 31 170
4 85 51 68 7 0 3 0.33 M M 16.3 31 190 M M 8 13 44 280
5 69 46 58 -3 7 0 0.00 M M 7.9 16 150 M M 1 M M
6 85 50 68 7 0 3 0.00 M M 10.0 16 190 M M 1 23 170
7 76 70 73 13 0 8 0.94 M M 6.4 12 150 M M 8 1 M M
8 78 64 71 11 0 6 0.00 M M 6.8 14 150 M M 5 1 M M
9 80 66 73 13 0 8 0.00 M M 9.5 16 170 M M 5 1 23 160
10 79 62 71 12 0 6 T M M 9.2 15 170 M M 7 1 M M
11 69 39 54 -5 11 0 1.37 M M 14.7 24 330 M M 8 13 39 330
12 54 32 43 -15 22 0 0.00 M M 9.8 14 350 M M 0 22 350
13 56 27 42 -16 23 0 0.00 M M 7.0 12 120 M M 0 M M
14 48 43 46 -12 19 0 0.18 M M 9.7 16 340 M M 10 1 M M
15 48 36 42 -15 23 0 0.00 M M 10.3 18 340 M M 6 29 340
16 53 37 45 -12 20 0 0.00 M M 4.6 10 20 M M 4 1 M M
17 62 38 50 -7 15 0 0.00 M M 4.6 9 200 M M 3 M M
18 58 39 49 -7 16 0 T M M 4.7 14 20 M M 9 20 350
19 44 35 40 -16 25 0 0.10 M M 9.4 16 360 M M 10 23 360
20 46 27 37 -19 28 0 0.06 M M 4.3 7 60 M M 6 M M
21 44 40 42 -13 23 0 0.12 M M 2.2 7 150 M M 10 1 M M
22 59 43 51 -4 14 0 T M M 2.4 8 170 M M 10 1 M M
23 63 51 57 3 8 0 0.09 M M 4.2 13 150 M M 10 M M
24 65 56 61 7 4 0 0.68 M M 7.1 12 270 M M 10 1 M M
25 56 53 55 1 10 0 0.05 M M 11.3 18 20 M M 10 18 23 20
26 58 41 50 -3 15 0 1.20 M M 11.6 21 260 M M 6 1 30 240
27 67 37 52 -1 13 0 0.00 M M 4.3 8 300 M M 0 M M
28 72 37 55 2 10 0 0.00 M M 8.1 18 160 M M 2 12 24 160
29 85 50 68 16 0 3 0.00 M M 12.4 22 210 M M 5 1 39 350
30 54 34 44 -8 21 0 0.00 M M 13.8 23 350 M M 0 32 350
================================================================================
SM 1949 1379 327 49 5.12 M 251.2 M 170
================================================================================
AV 65.0 46.0 8.4 FASTST M M 6 MAX(MPH)
MISC ----> 31 190 44 280
================================================================================
NOTES:
# LAST OF SEVERAL OCCURRENCES
COLUMN 17 PEAK WIND IN M.P.H.
PRELIMINARY LOCAL CLIMATOLOGICAL DATA (WS FORM: F-6) , PAGE 2
STATION: TEMPLE
MONTH: NOVEMBER
YEAR: 2022
LATITUDE: 31 8 N
LONGITUDE: 97 25 W
[TEMPERATURE DATA] [PRECIPITATION DATA] SYMBOLS USED IN COLUMN 16
AVERAGE MONTHLY: 55.5 TOTAL FOR MONTH: 5.12 1 = FOG OR MIST
DPTR FM NORMAL: -1.7 DPTR FM NORMAL: 2.44 2 = FOG REDUCING VISIBILITY
HIGHEST: 85 ON 29, 6 GRTST 24HR 1.37 ON 11-11 TO 1/4 MILE OR LESS
LOWEST: 27 ON 20,13 3 = THUNDER
SNOW, ICE PELLETS, HAIL 4 = ICE PELLETS
TOTAL MONTH: M 5 = HAIL
GRTST 24HR M ON M 6 = FREEZING RAIN OR DRIZZLE
GRTST DEPTH: M ON M 7 = DUSTSTORM OR SANDSTORM:
VSBY 1/2 MILE OR LESS
8 = SMOKE OR HAZE
[NO. OF DAYS WITH] [WEATHER - DAYS WITH] 9 = BLOWING SNOW
X = TORNADO
MAX 32 OR BELOW: 0 0.01 INCH OR MORE: 11
MAX 90 OR ABOVE: 0 0.10 INCH OR MORE: 8
MIN 32 OR BELOW: 3 0.50 INCH OR MORE: 4
MIN 0 OR BELOW: 0 1.00 INCH OR MORE: 2
[HDD (BASE 65) ]
TOTAL THIS MO. 327 CLEAR (SCALE 0-3) 8
DPTR FM NORMAL 64 PTCLDY (SCALE 4-7) 13
TOTAL FM JUL 1 375 CLOUDY (SCALE 8-10) 9
DPTR FM NORMAL 36
[CDD (BASE 65) ]
TOTAL THIS MO. 49
DPTR FM NORMAL 20 [PRESSURE DATA]
TOTAL FM JAN 1 3365 HIGHEST SLP M ON M
DPTR FM NORMAL 868 LOWEST SLP M ON M
[REMARKS]
#FINAL-11-22#