000
CXUS54 KFWD 010831
CF6TPL
PRELIMINARY LOCAL CLIMATOLOGICAL DATA (WS FORM: F-6)
STATION: TEMPLE
MONTH: NOVEMBER
YEAR: 2021
LATITUDE: 31 8 N
LONGITUDE: 97 25 W
TEMPERATURE IN F: :PCPN: SNOW: WIND :SUNSHINE: SKY :PK WND
================================================================================
1 2 3 4 5 6A 6B 7 8 9 10 11 12 13 14 15 16 17 18
12Z AVG MX 2MIN
DY MAX MIN AVG DEP HDD CDD WTR SNW DPTH SPD SPD DIR MIN PSBL S-S WX SPD DR
================================================================================
1 79 48 64 2 1 0 0.00 M M 6.4 13 160 M M 0 M M
2 70 57 64 2 1 0 0.00 M M 6.1 10 360 M M 7 1 M M
3 57 47 52 -10 13 0 0.81 M M 11.0 21 70 M M 9 13 29 340
4 59 39 49 -12 16 0 0.00 M M 9.3 15 10 M M 5 22 10
5 63 34 49 -12 16 0 0.00 M M 3.9 6 80 M M 0 M M
6 69 36 53 -8 12 0 0.00 M M 3.5 7 170 M M 0 M M
7 73 42 58 -2 7 0 0.00 M M 6.9 13 140 M M 0 M M
8 75 49 62 2 3 0 0.00 M M 8.0 16 170 M M 3 12 20 180
9 75 53 64 4 1 0 0.00 M M 7.9 13 180 M M 3 12 M M
10 79 58 69 10 0 4 0.00 M M 12.9 24 170 M M 7 1 33 190
11 71 43 57 -2 8 0 M M M 9.4 15 360 M M 0 22 20
12 73 38 56 -2 9 0 0.00 M M 6.5 15 310 M M 0 25 10
13 68 33 51 -7 14 0 0.00 M M 5.6 9 170 M M 0 M M
14 77 43 60 2 5 0 0.00 M M 4.4 8 270 M M 0 8 M M
15 68 50 59 2 6 0 0.00 M M 4.3 10 190 M M 0 12 M M
16 79 61 70 13 0 5 0.00 M M 19.8 27 180 M M 2 35 170
17 82 59 71 14 0 6 0.00 M M 14.7 25 180 M M 2 32 180
18 65 38 52 -4 13 0 0.00 M M 13.5 20 360 M M 4 30 10
19 64 33 49 -7 16 0 0.00 M M 7.0 15 90 M M 0 M M
20 74 44 59 3 6 0 0.00 M M 12.8 23 180 M M 4 12 30 200
21 76 52 64 9 1 0 0.00 M M 10.5 18 330 M M 7 24 320
22 68 38 53 -2 12 0 0.00 M M 7.4 12 350 M M 0 M M
23 70 32 51 -3 14 0 0.00 M M 7.6 15 150 M M 0 21 160
24 77 49 63 9 2 0 0.00 M M 12.5 24 180 M M 5 33 170
25 67 46 57 3 8 0 0.00 M M 14.5 24 340 M M 3 12 36 340
26 54 34 44 -9 21 0 0.00 M M 5.7 9 330 M M 0 M M
27 53 45 49 -4 16 0 0.36 M M 7.4 12 200 M M 8 1 M M
28 68 40 54 1 11 0 0.01 M M 7.0 15 360 M M 3 1 20 350
29 73 34 54 2 11 0 0.00 M M 6.2 10 180 M M 0 M M
30 74 43 59 7 6 0 0.00 M M 8.8 15 170 M M 0 M M
================================================================================
SM 2100 1318 249 15 1.18 M 261.4 M 72
================================================================================
AV 70.0 43.9 8.7 FASTST M M 2 MAX(MPH)
MISC ----> 27 180 36 340
================================================================================
NOTES:
# LAST OF SEVERAL OCCURRENCES
COLUMN 17 PEAK WIND IN M.P.H.
PRELIMINARY LOCAL CLIMATOLOGICAL DATA (WS FORM: F-6) , PAGE 2
STATION: TEMPLE
MONTH: NOVEMBER
YEAR: 2021
LATITUDE: 31 8 N
LONGITUDE: 97 25 W
[TEMPERATURE DATA] [PRECIPITATION DATA] SYMBOLS USED IN COLUMN 16
AVERAGE MONTHLY: 57.0 TOTAL FOR MONTH: 1.18 1 = FOG OR MIST
DPTR FM NORMAL: -0.2 DPTR FM NORMAL: -1.50 2 = FOG REDUCING VISIBILITY
HIGHEST: 82 ON 17 GRTST 24HR 0.81 ON 3- 3 TO 1/4 MILE OR LESS
LOWEST: 32 ON 23 3 = THUNDER
SNOW, ICE PELLETS, HAIL 4 = ICE PELLETS
TOTAL MONTH: M 5 = HAIL
GRTST 24HR M ON M 6 = FREEZING RAIN OR DRIZZLE
GRTST DEPTH: M ON M 7 = DUSTSTORM OR SANDSTORM:
VSBY 1/2 MILE OR LESS
8 = SMOKE OR HAZE
[NO. OF DAYS WITH] [WEATHER - DAYS WITH] 9 = BLOWING SNOW
X = TORNADO
MAX 32 OR BELOW: 0 0.01 INCH OR MORE: 3
MAX 90 OR ABOVE: 0 0.10 INCH OR MORE: 2
MIN 32 OR BELOW: 1 0.50 INCH OR MORE: 1
MIN 0 OR BELOW: 0 1.00 INCH OR MORE: 0
[HDD (BASE 65) ]
TOTAL THIS MO. 249 CLEAR (SCALE 0-3) 20
DPTR FM NORMAL -14 PTCLDY (SCALE 4-7) 9
TOTAL FM JUL 1 280 CLOUDY (SCALE 8-10) 1
DPTR FM NORMAL -59
[CDD (BASE 65) ]
TOTAL THIS MO. 15
DPTR FM NORMAL -14 [PRESSURE DATA]
TOTAL FM JAN 1 2605 HIGHEST SLP M ON M
DPTR FM NORMAL 108 LOWEST SLP M ON M
[REMARKS]
#FINAL-11-21#