000
CXUS56 KSGX 010933
CLMTRM
CLIMATE REPORT
NATIONAL WEATHER SERVICE SAN DIEGO, CA
233 AM PDT THU JUN 01 2023
...................................
...THE THERMAL AIRPORT CA CLIMATE SUMMARY FOR THE MONTH OF MAY 2023...
CLIMATE NORMAL PERIOD: 1991 TO 2020
CLIMATE RECORD PERIOD: 1950 TO 2023
WEATHER OBSERVED NORMAL DEPART LAST YEAR`S
VALUE DATE(S) VALUE FROM VALUE DATE(S)
NORMAL
................................................................
TEMPERATURE (F)
RECORD
HIGH 116 05/28/1983
LOW 41 05/15/1951
HIGHEST 105 05/13 95 10 107 05/15
LOWEST 55 05/04 62 -7 49 05/13
AVG. MAXIMUM 92.8 94.6 -1.8 96.0
AVG. MINIMUM 63.3 62.9 0.4 61.9
MEAN 78.0 78.7 -0.7 79.0
DAYS MAX >= 90 22 24.1 -2.1 26
DAYS MAX <= 32 0 0.0 0.0 0
DAYS MAX >= 45 31 31
DAYS MAX >= 120 0 0
DAYS MIN <= 32 0 0.0 0.0 0
PRECIPITATION (INCHES)
RECORD
MAXIMUM 0.80 1976
MINIMUM 0.00 2021
TOTALS 0.14 0.01 0.13 T
DAILY AVG. 0.00 0.00 -0.00 T
DAYS >= .01 1 0.3 0.7 0
DAYS >= .10 1 0.0 1.0 0
DAYS >= .50 0 0.0 0.0 0
DAYS >= 1.00 0 0.0 0.0 0
DAYS >= %-5.2F 0 0
DAYS >= %-5.2F 0 0
GREATEST
24 HR. TOTAL 0.14 05/20 TO 05/20 T 05/08 TO 05/08
STORM TOTAL 0.14 0.00
(MM/DD(HH)) MM
DEGREE DAYS
HEATING TOTAL 0 2 -2 0
SINCE 7/1 1519 1105 414 MM
COOLING TOTAL 410 428 -18 442
SINCE 1/1 676 718 -42 MM
FREEZE DATES
RECORD
EARLIEST 10/30/1971
LATEST 04/10/1999
EARLIEST 11/21
LATEST 03/12
................................................................
WIND (MPH)
AVERAGE WIND SPEED 10.3
RESULTANT WIND SPEED/DIRECTION 6/330
HIGHEST WIND SPEED/DIRECTION 30/300 DATE 05/09
30/340 05/30
HIGHEST GUST SPEED/DIRECTION 40/340 DATE 05/30
SKY COVER
POSSIBLE SUNSHINE (PERCENT) MM
AVERAGE SKY COVER 0.01
NUMBER OF DAYS FAIR 31
NUMBER OF DAYS PC 0
NUMBER OF DAYS CLOUDY 0
AVERAGE RH (PERCENT) 37
WEATHER CONDITIONS. NUMBER OF DAYS WITH
THUNDERSTORM 1 MIXED PRECIP 0
HEAVY RAIN 1 RAIN 1
LIGHT RAIN 1 FREEZING RAIN 0
LT FREEZING RAIN 0 HAIL 0
HEAVY SNOW 0 SNOW 0
LIGHT SNOW 0 SLEET 0
FOG 1 FOG W/VIS <= 1/4 MILE 0
HAZE 24
- INDICATES NEGATIVE NUMBERS.
R INDICATES RECORD WAS SET OR TIED.
MM INDICATES DATA IS MISSING.
T INDICATES TRACE AMOUNT.
$$