000
CXUS54 KTSA 010850
CF6TUL
PRELIMINARY LOCAL CLIMATOLOGICAL DATA (WS FORM: F-6)
STATION: TULSA OKLAHOMA
MONTH: MAY
YEAR: 2023
LATITUDE: 36 12 N
LONGITUDE: 95 54 W
TEMPERATURE IN F: :PCPN: SNOW: WIND :SUNSHINE: SKY :PK WND
================================================================================
1 2 3 4 5 6A 6B 7 8 9 10 11 12 13 14 15 16 17 18
12Z AVG MX 2MIN
DY MAX MIN AVG DEP HDD CDD WTR SNW DPTH SPD SPD DIR MIN PSBL S-S WX SPD DR
================================================================================
1 71 40 56 -9 9 0 0.00 0.0 0 6.7 20 310 M M 1 30 350
2 75 44 60 -5 5 0 0.00 0.0 0 5.4 17 310 M M 2 24 320
3 78 40 59 -7 6 0 0.00 0.0 0 3.1 9 190 M M 7 12 200
4 63 55 59 -7 6 0 0.44 0.0 0 5.6 20 140 M M 10 13 26 140
5 79 54 67 1 0 2 0.00 0.0 0 9.6 20 140 M M 8 26 160
6 90 68 79 13 0 14 0.00 0.0 0 14.6 26 180 M M 7 1 39 200
7 86 69 78 11 0 13 0.00 0.0 0 15.3 23 170 M M 7 32 180
8 89 66 78 11 0 13 0.00 0.0 0 9.9 21 170 M M 6 27 170
9 88 66 77 10 0 12 0.00 0.0 0 10.7 38 350 M M 7 1378 59 340
10 85 62 74 6 0 9 0.13 0.0 0 6.5 25 110 M M 9 13 32 100
11 80 66 73 5 0 8 0.01 0.0 0 8.9 17 160 M M 10 27 130
12 85 71 78 10 0 13 0.00 0.0 0 13.4 30 300 M M 9 3 49 310
13 85 63 74 5 0 9 1.03 0.0 0 6.0 35 310 M M 9 13 43 310
14 82 66 74 5 0 9 0.04 0.0 0 4.5 9 80 M M 9 3 15 190
15 81 63 72 3 0 7 0.06 0.0 0 8.1 21 310 M M 9 13 26 300
16 70 60 65 -5 0 0 0.00 0.0 0 7.5 14 310 M M 10 1 20 320
17 73 60 67 -3 0 2 0.00 0.0 0 3.2 8 50 M M 8 11 360
18 82 56 69 -1 0 4 0.00 0.0 0 3.2 9 160 M M 6 1 13 190
19 69 54 62 -8 3 0 1.30 0.0 0 8.1 24 360 M M 9 13 35 10
20 73 50 62 -9 3 0 0.00 0.0 0 5.8 16 360 M M 6 1 21 350
21 78 50 64 -7 1 0 0.00 0.0 0 4.4 10 130 M M 7 14 130
22 79 54 67 -5 0 2 0.00 0.0 0 3.6 13 110 M M 5 19 100
23 81 61 71 -1 0 6 T 0.0 0 4.3 13 110 M M 10 18 17 110
24 76 63 70 -2 0 5 0.01 0.0 0 5.0 16 110 M M 8 1 21 130
25 84 59 72 0 0 7 0.00 0.0 0 3.1 18 120 M M 8 123 24 120
26 86 59 73 0 0 8 0.00 0.0 0 4.8 13 50 M M 7 1 18 10
27 84 61 73 0 0 8 0.00 0.0 0 5.3 13 120 M M 6 8 17 100
28 84 60 72 -2 0 7 0.00 0.0 0 5.9 13 130 M M 6 17 140
29 85 62 74 0 0 9 0.07 0.0 0 5.1 17 180 M M 7 3 23 170
30 87 64 76 2 0 11 0.00 0.0 0 6.0 14 160 M M 5 19 160
31 89 70 80 6 0 15 0.00 0.0 0 8.1 17 140 M M 5 25 140
================================================================================
SM 2497 1836 33 193 3.09 0.0 211.7 M 223
================================================================================
AV 80.5 59.2 6.8 FASTST M M 7 MAX(MPH)
MISC ----> 38 350 59 340
================================================================================
NOTES:
# LAST OF SEVERAL OCCURRENCES
COLUMN 17 PEAK WIND IN M.P.H.
PRELIMINARY LOCAL CLIMATOLOGICAL DATA (WS FORM: F-6) , PAGE 2
STATION: TULSA OKLAHOMA
MONTH: MAY
YEAR: 2023
LATITUDE: 36 12 N
LONGITUDE: 95 54 W
[TEMPERATURE DATA] [PRECIPITATION DATA] SYMBOLS USED IN COLUMN 16
AVERAGE MONTHLY: 69.9 TOTAL FOR MONTH: 3.09 1 = FOG OR MIST
DPTR FM NORMAL: 0.3 DPTR FM NORMAL: -2.64 2 = FOG REDUCING VISIBILITY
HIGHEST: 90 ON 6 GRTST 24HR 1.30 ON 19-19 TO 1/4 MILE OR LESS
LOWEST: 40 ON 3, 1 3 = THUNDER
SNOW, ICE PELLETS, HAIL 4 = ICE PELLETS
TOTAL MONTH: 0.0 INCH 5 = HAIL
GRTST 24HR 0.0 6 = FREEZING RAIN OR DRIZZLE
GRTST DEPTH: 0 7 = DUSTSTORM OR SANDSTORM:
VSBY 1/2 MILE OR LESS
8 = SMOKE OR HAZE
[NO. OF DAYS WITH] [WEATHER - DAYS WITH] 9 = BLOWING SNOW
X = TORNADO
MAX 32 OR BELOW: 0 0.01 INCH OR MORE: 9
MAX 90 OR ABOVE: 1 0.10 INCH OR MORE: 4
MIN 32 OR BELOW: 0 0.50 INCH OR MORE: 2
MIN 0 OR BELOW: 0 1.00 INCH OR MORE: 2
[HDD (BASE 65) ]
TOTAL THIS MO. 33 CLEAR (SCALE 0-3) 2
DPTR FM NORMAL -8 PTCLDY (SCALE 4-7) 18
TOTAL FM JUL 1 3328 CLOUDY (SCALE 8-10) 11
DPTR FM NORMAL -120
[CDD (BASE 65) ]
TOTAL THIS MO. 193
DPTR FM NORMAL 10 [PRESSURE DATA]
TOTAL FM JAN 1 247 HIGHEST SLP 30.26 ON 20
DPTR FM NORMAL -6 LOWEST SLP 29.74 ON 12
[REMARKS]
#FINAL-05-23#