000
CXUS54 KMEG 020142
CF6TUP
PRELIMINARY LOCAL CLIMATOLOGICAL DATA (WS FORM: F-6)
STATION: TUPELO
MONTH: OCTOBER
YEAR: 2020
LATITUDE: 34 16 N
LONGITUDE: 88 46 W
TEMPERATURE IN F: :PCPN: SNOW: WIND :SUNSHINE: SKY :PK WND
================================================================================
1 2 3 4 5 6A 6B 7 8 9 10 11 12 13 14 15 16 17 18
12Z AVG MX 2MIN
DY MAX MIN AVG DEP HDD CDD WTR SNW DPTH SPD SPD DIR MIN PSBL S-S WX SPD DR
================================================================================
1 78 52 65 -3 0 0 0.00 0.0 0 6.7 18 30 M M 0 23 50
2 70 46 58 -10 7 0 0.00 0.0 0 6.0 14 20 M M 0 19 350
3 72 44 58 -10 7 0 0.00 0.0 0 3.2 10 130 M M 0 14 50
4 77 50 64 -3 1 0 0.00 0.0 0 6.3 16 360 M M 0 21 360
5 74 46 60 -7 5 0 0.00 0.0 0 5.2 12 40 M M 0 14 10
6 81 49 65 -1 0 0 0.00 0.0 0 1.8 8 10 M M 0 8 10 360
7 84 52 68 2 0 3 0.00 0.0 0 1.6 7 320 M M 0 1 9 290
8 80 55 68 2 0 3 0.01 0.0 0 2.5 8 60 M M 1 10 60
9 73 67 70 5 0 5 0.56 0.0 0 5.6 16 130 M M 6 1 21 140
10 77 70 74 9 0 9 0.58 0.0 0 10.4 25 80 M M 9 1 34 80
11 78 68 73 8 0 8 T 0.0 0 3.6 10 310 M M 10 18 16 300
12 86 62 74 10 0 9 0.00 0.0 0 6.0 16 340 M M 7 12 23 340
13 76 53 65 1 0 0 0.00 0.0 0 5.9 18 30 M M 0 1 24 40
14 83 49 66 2 0 1 0.00 0.0 0 4.6 10 150 M M 0 15 160
15 82 52 67 4 0 2 0.13 0.0 0 8.2 28 10 M M 3 1 34 10
16 66 44 55 -8 10 0 0.05 0.0 0 7.9 18 30 M M 0 22 350
17 70 39 55 -8 10 0 0.00 0.0 0 5.3 14 100 M M 0 18 130
18 80 54 67 5 0 2 0.00 0.0 0 7.1 15 190 M M 3 20 180
19 84 60 72 10 0 7 0.00 0.0 0 7.0 20 170 M M 1 26 170
20 84 62 73 11 0 8 0.00 0.0 0 3.8 15 170 M M 1 1 19 170
21 85 61 73 12 0 8 0.00 0.0 0 3.4 12 180 M M 1 1 15 150
22 85 63 74 13 0 9 0.00 0.0 0 5.8 13 150 M M 3 1 17 130
23 86 67 77 16 0 12 1.70 0.0 0 5.1 16 140 M M 4 13 20 140
24 70 53 62 2 3 0 0.17 0.0 0 11.9 22 360 M M 10 1 26 360
25 65 53 59 -1 6 0 0.00 0.0 0 3.9 9 350 M M 10 1 11 350
26 70 57 64 4 1 0 0.00 0.0 0 7.5 15 10 M M 8 1 17 10
27 66 59 63 3 2 0 0.70 0.0 0 7.4 12 10 M M 10 1 15 10
28 78 64 71 12 0 6 1.88 0.0 0 7.4 17 160 M M 10 1 22 150
29 75 48 62 3 3 0 0.06 0.0 0 9.4 24 250 M M 10 18 33 250
30 60 44 52 -6 13 0 0.00 0.0 0 8.5 18 10 M M 4 23 20
31 69 41 55 -3 10 0 0.00 0.0 0 4.7 13 180 M M 0 17 170
================================================================================
SM 2364 1684 78 92 5.84 0.0 183.7 M 111
================================================================================
AV 76.3 54.3 5.9 FASTST M M 4 MAX(MPH)
MISC ----> # 28 10 # 34 80
================================================================================
NOTES:
# LAST OF SEVERAL OCCURRENCES
COLUMN 17 PEAK WIND IN M.P.H.
PRELIMINARY LOCAL CLIMATOLOGICAL DATA (WS FORM: F-6) , PAGE 2
STATION: TUPELO
MONTH: OCTOBER
YEAR: 2020
LATITUDE: 34 16 N
LONGITUDE: 88 46 W
[TEMPERATURE DATA] [PRECIPITATION DATA] SYMBOLS USED IN COLUMN 16
AVERAGE MONTHLY: 65.3 TOTAL FOR MONTH: 5.84 1 = FOG OR MIST
DPTR FM NORMAL: 2.3 DPTR FM NORMAL: 1.72 2 = FOG REDUCING VISIBILITY
HIGHEST: 86 ON 23,12 GRTST 24HR 1.88 ON 28-28 TO 1/4 MILE OR LESS
LOWEST: 39 ON 17 3 = THUNDER
SNOW, ICE PELLETS, HAIL 4 = ICE PELLETS
TOTAL MONTH: 0.0 INCH 5 = HAIL
GRTST 24HR 0.0 6 = FREEZING RAIN OR DRIZZLE
GRTST DEPTH: 0 7 = DUSTSTORM OR SANDSTORM:
VSBY 1/2 MILE OR LESS
8 = SMOKE OR HAZE
[NO. OF DAYS WITH] [WEATHER - DAYS WITH] 9 = BLOWING SNOW
X = TORNADO
MAX 32 OR BELOW: 0 0.01 INCH OR MORE: 10
MAX 90 OR ABOVE: 0 0.10 INCH OR MORE: 7
MIN 32 OR BELOW: 0 0.50 INCH OR MORE: 5
MIN 0 OR BELOW: 0 1.00 INCH OR MORE: 2
[HDD (BASE 65) ]
TOTAL THIS MO. 78 CLEAR (SCALE 0-3) 18
DPTR FM NORMAL -58 PTCLDY (SCALE 4-7) 5
TOTAL FM JUL 1 82 CLOUDY (SCALE 8-10) 8
DPTR FM NORMAL -66
[CDD (BASE 65) ]
TOTAL THIS MO. 92
DPTR FM NORMAL 17 [PRESSURE DATA]
TOTAL FM JAN 1 2187 HIGHEST SLP 30.33 ON 17
DPTR FM NORMAL 154 LOWEST SLP 29.51 ON 29
[REMARKS]
#FINAL-10-20#