000
CXUS55 KTWC 031725
CF6TUS
PRELIMINARY LOCAL CLIMATOLOGICAL DATA (WS FORM: F-6)
STATION: TUCSON AZ
MONTH: OCTOBER
YEAR: 2021
LATITUDE: 32 7 N
LONGITUDE: 110 56 W
TEMPERATURE IN F: :PCPN: SNOW: WIND :SUNSHINE: SKY :PK WND
================================================================================
1 2 3 4 5 6A 6B 7 8 9 10 11 12 13 14 15 16 17 18
12Z AVG MX 2MIN
DY MAX MIN AVG DEP HDD CDD WTR SNW DPTH SPD SPD DIR MIN PSBL S-S WX SPD DR
================================================================================
1 87 61 74 -4 0 9 0.00 M M 6.5 15 120 M M 2 21 110
2 91 60 76 -2 0 11 0.00 M M 5.6 13 140 M M 1 19 140
3 93 62 78 1 0 13 0.00 M M 5.6 15 100 M M 0 21 120
4 94 66 80 3 0 15 0.00 M M 7.0 20 250 M M 1 28 250
5 92 65 79 3 0 14 0.01 M M 4.9 16 210 M M 4 3 24 200
6 92 63 78 2 0 13 0.00 M M 5.6 14 240 M M 0 21 250
7 93 63 78 2 0 13 0.00 M M 8.0 17 200 M M 0 23 200
8 97 63 80 5 0 15 0.00 M M 7.3 16 300 M M 0 25 300
9 88 62 75 0 0 10 0.00 M M 7.2 17 280 M M 0 25 300
10 82 55 69 -6 0 4 0.00 M M 4.4 14 270 M M 0 19 280
11 84 51 68 -6 0 3 0.00 M M 13.0 28 190 M M 0 40 190
12 71 49 60 -14 5 0 0.00 M M 11.6 25 240 M M 3 8 37 260
13 75 42 59 -15 6 0 0.00 M M 5.4 14 340 M M 0 18 330
14 78 45 62 -11 3 0 0.00 M M 5.7 13 340 M M 0 18 10
15 84 45 65 -8 0 0 0.00 M M 6.3 16 110 M M 0 21 120
16 92 64 78 5 0 13 0.00 M M 12.3 25 120 M M 0 35 130
17 89 62 76 4 0 11 0.00 M M 7.2 18 200 M M 0 27 240
18 85 57 71 -1 0 6 0.00 M M 8.4 22 190 M M 0 28 190
19 82 59 71 -1 0 6 0.00 M M 5.2 14 280 M M 2 21 280
20 87 53 70 -1 0 5 0.00 M M 5.6 13 160 M M 0 24 180
21 92 54 73 2 0 8 0.00 M M 6.4 15 320 M M 0 22 310
22 88 56 72 1 0 7 0.00 M M 7.8 15 140 M M 0 21 170
23 86 55 71 1 0 6 0.00 M M 7.1 17 260 M M 0 25 240
24 89 52 71 1 0 6 0.00 M M 6.1 15 150 M M 0 20 200
25 90 57 74 4 0 9 0.00 M M 8.4 20 220 M M M 25 250
26 72 51 62 -7 3 0 T M M 9.5 21 270 M M M 30 280
27 77 45 61 -8 4 0 0.00 M M 5.7 13 320 M M M 17 320
28 86 44 65 -3 0 0 0.00 M M 5.7 12 360 M M M 16 20
29 93 52 73 5 0 8 0.00 M M 7.2 23 120 M M M 32 120
30 88 55 72 4 0 7 0.00 M M 7.5 14 130 M M M 20 300
31 86 56 71 4 0 6 0.00 M M 7.1 15 260 M M M 24 190
================================================================================
SM 2683 1724 21 218 0.01 M 221.3 M 13
================================================================================
AV 86.5 55.6 7.1 FASTST M M 1 MAX(MPH)
MISC ----> 28 190 40 190
================================================================================
NOTES:
# LAST OF SEVERAL OCCURRENCES
COLUMN 17 PEAK WIND IN M.P.H.
PRELIMINARY LOCAL CLIMATOLOGICAL DATA (WS FORM: F-6) , PAGE 2
STATION: TUCSON AZ
MONTH: OCTOBER
YEAR: 2021
LATITUDE: 32 7 N
LONGITUDE: 110 56 W
[TEMPERATURE DATA] [PRECIPITATION DATA] SYMBOLS USED IN COLUMN 16
AVERAGE MONTHLY: 71.1 TOTAL FOR MONTH: 0.01 1 = FOG OR MIST
DPTR FM NORMAL: -1.5 DPTR FM NORMAL: -0.66 2 = FOG REDUCING VISIBILITY
HIGHEST: 97 ON 8 GRTST 24HR 0.01 ON 5- 5 TO 1/4 MILE OR LESS
LOWEST: 42 ON 13 3 = THUNDER
SNOW, ICE PELLETS, HAIL 4 = ICE PELLETS
TOTAL MONTH: M 5 = HAIL
GRTST 24HR M ON M 6 = FREEZING RAIN OR DRIZZLE
GRTST DEPTH: M ON M 7 = DUSTSTORM OR SANDSTORM:
VSBY 1/2 MILE OR LESS
8 = SMOKE OR HAZE
[NO. OF DAYS WITH] [WEATHER - DAYS WITH] 9 = BLOWING SNOW
X = TORNADO
MAX 32 OR BELOW: 0 0.01 INCH OR MORE: 1
MAX 90 OR ABOVE: 11 0.10 INCH OR MORE: 0
MIN 32 OR BELOW: 0 0.50 INCH OR MORE: 0
MIN 0 OR BELOW: 0 1.00 INCH OR MORE: 0
[HDD (BASE 65) ]
TOTAL THIS MO. 21 CLEAR (SCALE 0-3) 23
DPTR FM NORMAL 3 PTCLDY (SCALE 4-7) 1
TOTAL FM JUL 1 21 CLOUDY (SCALE 8-10) 7
DPTR FM NORMAL 6
[CDD (BASE 65) ]
TOTAL THIS MO. 218
DPTR FM NORMAL -38 [PRESSURE DATA]
TOTAL FM JAN 1 3511 HIGHEST SLP 30.16 ON 27
DPTR FM NORMAL 134 LOWEST SLP 29.52 ON 11
[REMARKS]
#FINAL-10-21#