000
CXUS55 KREV 010918 RRA
CF6TVL
PRELIMINARY LOCAL CLIMATOLOGICAL DATA (WS FORM: F-6)
STATION: SOUTH LAKE TAHOE CA
MONTH: NOVEMBER
YEAR: 2021
LATITUDE: 38 53 N
LONGITUDE: 119 60 W
TEMPERATURE IN F: :PCPN: SNOW: WIND :SUNSHINE: SKY :PK WND
================================================================================
1 2 3 4 5 6A 6B 7 8 9 10 11 12 13 14 15 16 17 18
12Z AVG MX 2MIN
DY MAX MIN AVG DEP HDD CDD WTR SNW DPTH SPD SPD DIR MIN PSBL S-S WX SPD DR
================================================================================
1 53 39 46 5 19 0 T M M 9.0 23 190 M M 7 30 190
2 58 33 46 5 19 0 0.00 M M 4.2 18 190 M M 2 26 190
3 60 30 45 4 20 0 0.00 M M 5.0 18 170 M M 0 26 180
4 58 30 44 4 21 0 0.01 M M 11.8 30 190 M M 1 45 180
5 61 27 44 4 21 0 0.00 M M 11.4 26 180 M M 1 37 200
6 51 39 45 5 20 0 0.03 M M 14.3 26 190 M M 5 1 41 190
7 47 26 37 -3 28 0 0.00 M M 6.1 17 180 M M 5 27 200
8 52 25 39 0 26 0 0.02 M M 7.8 30 190 M M 4 37 180
9 47 33 40 1 25 0 0.70 M M 9.5 29 190 M M 7 1 39 190
10 55 31 43 4 22 0 0.00 M M 1.7 9 20 M M 5 15 190
11 53 29 41 3 24 0 0.00 M M 2.2 9 30 M M 2 12 13 20
12 53 28 41 3 24 0 0.00 M M 2.9 8 190 M M 5 12 11 10
13 56 28 42 4 23 0 0.00 M M 1.9 8 30 M M 4 12 10 20
14 58 27 43 5 22 0 0.00 M M 2.1 8 40 M M 0 1 11 360
15 63 29 46 9 19 0 0.00 M M 5.4 21 180 M M 0 34 180
16 58 29 44 7 21 0 0.00 M M 3.7 17 190 M M 1 26 210
17 51 24 38 1 27 0 0.00 M M 1.6 8 40 M M 0 12 40
18 56 27 42 6 23 0 T M M 9.2 30 180 M M 5 41 190
19 54 29 42 6 23 0 T M M 8.1 22 180 M M 4 33 190
20 48 24 36 0 29 0 0.00 M M 3.7 15 130 M M 0 26 80
21 51 20 36 1 29 0 0.00 M M 2.1 8 20 M M 0 13 10
22 53 17 35 0 30 0 0.00 M M 3.1 9 30 M M 0 11 30
23 51 24 38 3 27 0 0.00 M M 5.9 21 190 M M 0 29 170
24 47 16 32 -2 33 0 0.00 M M 1.3 9 270 M M 0 14 280
25 54 16 35 1 30 0 0.00 M M 2.5 8 30 M M 0 11 20
26 58 26 42 8 23 0 0.00 M M 2.1 9 40 M M 0 13 40
27 56 24 40 6 25 0 0.00 M M 1.5 9 30 M M 0 12 30
28 58 24 41 8 24 0 0.00 M M 3.0 7 20 M M 0 13 30
29 59 24 42 9 23 0 0.00 M M 2.9 10 30 M M 0 13 20
30 56 23 40 7 25 0 0.00 M M 2.7 10 20 M M 0 13 20
================================================================================
SM 1635 801 725 0 0.76 M 148.7 M 58
================================================================================
AV 54.5 26.7 5.0 FASTST M M 2 MAX(MPH)
MISC ----> # 30 190 45 180
================================================================================
NOTES:
# LAST OF SEVERAL OCCURRENCES
COLUMN 17 PEAK WIND IN M.P.H.
PRELIMINARY LOCAL CLIMATOLOGICAL DATA (WS FORM: F-6) , PAGE 2
STATION: SOUTH LAKE TAHOE CA
MONTH: NOVEMBER
YEAR: 2021
LATITUDE: 38 53 N
LONGITUDE: 119 60 W
[TEMPERATURE DATA] [PRECIPITATION DATA] SYMBOLS USED IN COLUMN 16
AVERAGE MONTHLY: 40.6 TOTAL FOR MONTH: 0.76 1 = FOG OR MIST
DPTR FM NORMAL: 3.5 DPTR FM NORMAL: -1.18 2 = FOG REDUCING VISIBILITY
HIGHEST: 63 ON 15 GRTST 24HR 0.72 ON 8- 9 TO 1/4 MILE OR LESS
LOWEST: 16 ON 25,24 3 = THUNDER
SNOW, ICE PELLETS, HAIL 4 = ICE PELLETS
TOTAL MONTH: M 5 = HAIL
GRTST 24HR M ON M 6 = FREEZING RAIN OR DRIZZLE
GRTST DEPTH: M ON M 7 = DUSTSTORM OR SANDSTORM:
VSBY 1/2 MILE OR LESS
8 = SMOKE OR HAZE
[NO. OF DAYS WITH] [WEATHER - DAYS WITH] 9 = BLOWING SNOW
X = TORNADO
MAX 32 OR BELOW: 0 0.01 INCH OR MORE: 4
MAX 90 OR ABOVE: 0 0.10 INCH OR MORE: 1
MIN 32 OR BELOW: 26 0.50 INCH OR MORE: 1
MIN 0 OR BELOW: 0 1.00 INCH OR MORE: 0
[HDD (BASE 65) ]
TOTAL THIS MO. 725 CLEAR (SCALE 0-3) 20
DPTR FM NORMAL -112 PTCLDY (SCALE 4-7) 10
TOTAL FM JUL 1 1808 CLOUDY (SCALE 8-10) 0
DPTR FM NORMAL -226
[CDD (BASE 65) ]
TOTAL THIS MO. 0
DPTR FM NORMAL 0 [PRESSURE DATA]
TOTAL FM JAN 1 142 HIGHEST SLP M ON M
DPTR FM NORMAL 114 LOWEST SLP 29.85 ON 8
[REMARKS]
THE AVERAGE TEMPERATURE FOR NOVEMBER 2021 AT THE SOUTH
LAKE TAHOE AIRPORT WAS 40.6 DEGREES WHICH IS 3.5 DEGREES ABOVE
NORMAL. THE HIGHEST TEMPERATURE FOR NOVEMBER WAS 71 DEGREES WHICH
OCCURRED ON THE 5TH. THE LOWEST TEMPERATURE FOR THE MONTH WAS 16
DEGREES WHICH OCCURRED ON THE 24TH AND 25TH.
FOR NOVEMBER 2021, 0.76 INCHES OF PRECIPITATION WAS RECORDED AT THE
SOUTH LAKE TAHOE AIRPORT. THIS IS 1.18 INCHES BELOW NORMAL FOR THE
MONTH.
THE AVERAGE WIND SPEED FOR NOVEMBER 2021 WAS 5.0 MPH. THE PEAK WIND
GUST FOR THE MONTH WAS 45 MPH FROM THE SOUTH ON THE 4TH.
#FINAL-11-21#